000
CDUS41 KAKQ 070845
CLIRIC


CLIMATE REPORT
NATIONAL WEATHER SERVICE WAKEFIELD, VA
345 AM EST SUN FEB 7 2016


...................................

...THE RICHMOND VA CLIMATE SUMMARY FOR FEBRUARY 6 2016...

CLIMATE NORMAL PERIOD 1981 TO 2010
CLIMATE RECORD PERIOD 1871 TO 2016


WEATHER ITEM   OBSERVED TIME   RECORD YEAR NORMAL DEPARTURE LAST
                VALUE   (LST)  VALUE       VALUE  FROM      YEAR
                                                  NORMAL
..................................................................
TEMPERATURE (F)
 YESTERDAY
  MAXIMUM         45    404 PM  79    2008  49     -4       43
  MINIMUM         24    716 AM   3    1966  29     -5       12
  AVERAGE         35                        39     -4       28

PRECIPITATION (IN)
  YESTERDAY        0.00          2.17 1896   0.10  -0.10     0.00
  MONTH TO DATE    1.31                      0.60   0.71     0.47
  SINCE DEC 1     10.55                      6.90   3.65     7.10
  SINCE JAN 1      4.61                      3.64   0.97     3.96

SNOWFALL (IN)
  YESTERDAY        0.0           4.1  2010   0.2   -0.2
  MONTH TO DATE    T                         0.9   -0.9
  SINCE NOV 1     12.1                       7.1    5.0
  SINCE JUL 1     12.1                       7.1    5.0
  SNOW DEPTH       0

DEGREE DAYS
 HEATING
  YESTERDAY       30                        26      4       37
  MONTH TO DATE  106                       156    -50      174
  SINCE DEC 1   1410                      1741   -331     1671
  SINCE JUL 1   2002                      2417   -415     2341

 COOLING
  YESTERDAY        0                         0      0        0
  MONTH TO DATE    0                         0      0        0
  SINCE DEC 1      8                         1      7        0
  SINCE JAN 1      0                         0      0        0
..................................................................


WIND (MPH)
  HIGHEST WIND SPEED     9   HIGHEST WIND DIRECTION     W (270)
  HIGHEST GUST SPEED    13   HIGHEST GUST DIRECTION     W (260)
  AVERAGE WIND SPEED     1.9


SKY COVER
  POSSIBLE SUNSHINE  MM
  AVERAGE SKY COVER 0.4


WEATHER CONDITIONS
 THE FOLLOWING WEATHER WAS RECORDED YESTERDAY.
  NO SIGNIFICANT WEATHER WAS OBSERVED.


RELATIVE HUMIDITY (PERCENT)
 HIGHEST    85           900 AM
 LOWEST     33           400 PM
 AVERAGE    59

..........................................................


THE RICHMOND VA CLIMATE NORMALS FOR TODAY
                         NORMAL    RECORD    YEAR
 MAXIMUM TEMPERATURE (F)   50        70      2008
 MINIMUM TEMPERATURE (F)   29         5      1936


SUNRISE AND SUNSET
FEBRUARY  7 2016......SUNRISE   708 AM EST   SUNSET   540 PM EST
FEBRUARY  8 2016......SUNRISE   707 AM EST   SUNSET   541 PM EST


-  INDICATES NEGATIVE NUMBERS.
R  INDICATES RECORD WAS SET OR TIED.
MM INDICATES DATA IS MISSING.
T  INDICATES TRACE AMOUNT.




$$
