000
CDUS41 KAKQ 220645
CLIRIC


CLIMATE REPORT
NATIONAL WEATHER SERVICE WAKEFIELD, VA
145 AM EST WED FEB 22 2017


...................................

...THE RICHMOND VA CLIMATE SUMMARY FOR FEBRUARY 21 2017...

CLIMATE NORMAL PERIOD 1981 TO 2010
CLIMATE RECORD PERIOD 1871 TO 2017


WEATHER ITEM   OBSERVED TIME   RECORD YEAR NORMAL DEPARTURE LAST
                VALUE   (LST)  VALUE       VALUE  FROM      YEAR
                                                  NORMAL
..................................................................
TEMPERATURE (F)
 YESTERDAY
  MAXIMUM         59    359 PM  75    1930  53      6       67
  MINIMUM         39    714 AM   4    2015  31      8       43
  AVERAGE         49                        42      7       55

PRECIPITATION (IN)
  YESTERDAY        0.00          1.34 1954   0.10  -0.10     0.22
  MONTH TO DATE    0.52                      2.04  -1.52     2.69
  SINCE DEC 1      7.61                      8.34  -0.73    11.93
  SINCE JAN 1      4.81                      5.08  -0.27     5.99

SNOWFALL (IN)
  YESTERDAY        0.0           2.0  1929   0.1   -0.1
  MONTH TO DATE    0.0                       2.7   -2.7
  SINCE NOV 1      7.1                       8.9   -1.8
  SINCE JUL 1      7.1                       8.9   -1.8
  SNOW DEPTH       0

DEGREE DAYS
 HEATING
  YESTERDAY       16                        23     -7       10
  MONTH TO DATE  372                       521   -149      548
  SINCE DEC 1   1824                      2106   -282     1852
  SINCE JUL 1   2414                      2782   -368     2444

 COOLING
  YESTERDAY        0                         0      0        0
  MONTH TO DATE    0                         0      0        0
  SINCE DEC 1      0                         1     -1        8
  SINCE JAN 1      0                         0      0        0
..................................................................


WIND (MPH)
  HIGHEST WIND SPEED    13   HIGHEST WIND DIRECTION    SE (140)
  HIGHEST GUST SPEED    16   HIGHEST GUST DIRECTION    SE (120)
  AVERAGE WIND SPEED     5.2


SKY COVER
  POSSIBLE SUNSHINE  MM
  AVERAGE SKY COVER 0.7


WEATHER CONDITIONS
 THE FOLLOWING WEATHER WAS RECORDED YESTERDAY.
  NO SIGNIFICANT WEATHER WAS OBSERVED.


RELATIVE HUMIDITY (PERCENT)
 HIGHEST    85           400 AM
 LOWEST     39           200 PM
 AVERAGE    62

..........................................................


THE RICHMOND VA CLIMATE NORMALS FOR TODAY
                         NORMAL    RECORD    YEAR
 MAXIMUM TEMPERATURE (F)   53        73      1985
 MINIMUM TEMPERATURE (F)   32         6      1968


SUNRISE AND SUNSET
FEBRUARY 22 2017......SUNRISE   650 AM EST   SUNSET   556 PM EST
FEBRUARY 23 2017......SUNRISE   648 AM EST   SUNSET   557 PM EST


-  INDICATES NEGATIVE NUMBERS.
R  INDICATES RECORD WAS SET OR TIED.
MM INDICATES DATA IS MISSING.
T  INDICATES TRACE AMOUNT.




$$
