000
CDUS41 KAKQ 020825
CLIRIC


CLIMATE REPORT
NATIONAL WEATHER SERVICE WAKEFIELD, VA
425 AM EDT THU OCT 2 2014


...................................

...THE RICHMOND VA CLIMATE SUMMARY FOR OCTOBER 1 2014...

CLIMATE NORMAL PERIOD 1981 TO 2010
CLIMATE RECORD PERIOD 1871 TO 2014


WEATHER ITEM   OBSERVED TIME   RECORD YEAR NORMAL DEPARTURE LAST
                VALUE   (LST)  VALUE       VALUE  FROM      YEAR
                                                  NORMAL
..................................................................
TEMPERATURE (F)
 YESTERDAY
  MAXIMUM         81    112 PM  94    1954  76      5       84
  MINIMUM         60    600 AM  35    1947  54      6       54
  AVERAGE         71                        65      6       69

PRECIPITATION (IN)
  YESTERDAY        0.03          1.94 1939   0.10  -0.07     0.00
  MONTH TO DATE    0.03                      0.10  -0.07     0.00
  SINCE SEP 1      1.38                      4.23  -2.85     1.39
  SINCE JAN 1     27.05                     34.22  -7.17    40.26

SNOWFALL (IN)
  YESTERDAY        0.0           0.0  2002   0.0    0.0
                                      2001
  MONTH TO DATE    0.0                       0.0    0.0
  SINCE NOV 1     14.5                      10.3    4.2
  SINCE JUL 1      0.0                       0.0    0.0
  SNOW DEPTH       0

DEGREE DAYS
 HEATING
  YESTERDAY        0                         3     -3        0
  MONTH TO DATE    0                         3     -3        0
  SINCE SEP 1      7                        31    -24       13
  SINCE JUL 1      7                        32    -25       13

 COOLING
  YESTERDAY        6                         3      3        4
  MONTH TO DATE    6                         3      3        4
  SINCE SEP 1    250                       200     50      198
  SINCE JAN 1   1630                      1507    123     1603
..................................................................


WIND (MPH)
  HIGHEST WIND SPEED    10   HIGHEST WIND DIRECTION    NE (40)
  HIGHEST GUST SPEED    13   HIGHEST GUST DIRECTION    NE (40)
  AVERAGE WIND SPEED     3.0


SKY COVER
  POSSIBLE SUNSHINE  MM
  AVERAGE SKY COVER 0.7


WEATHER CONDITIONS
 THE FOLLOWING WEATHER WAS RECORDED YESTERDAY.
  FOG
  HAZE


RELATIVE HUMIDITY (PERCENT)
 HIGHEST    97           300 AM
 LOWEST     54           100 PM
 AVERAGE    76

..........................................................


THE RICHMOND VA CLIMATE NORMALS FOR TODAY
                         NORMAL    RECORD    YEAR
 MAXIMUM TEMPERATURE (F)   75        91      1986
 MINIMUM TEMPERATURE (F)   54        33      1947


SUNRISE AND SUNSET
OCTOBER  2 2014.......SUNRISE   706 AM EDT   SUNSET   651 PM EDT
OCTOBER  3 2014.......SUNRISE   707 AM EDT   SUNSET   649 PM EDT


-  INDICATES NEGATIVE NUMBERS.
R  INDICATES RECORD WAS SET OR TIED.
MM INDICATES DATA IS MISSING.
T  INDICATES TRACE AMOUNT.




$$
