000
CDUS41 KAKQ 290827
CLIRIC


CLIMATE REPORT
NATIONAL WEATHER SERVICE WAKEFIELD, VA
427 AM EDT FRI AUG 29 2014


...................................

...THE RICHMOND VA CLIMATE SUMMARY FOR AUGUST 28 2014...

CLIMATE NORMAL PERIOD 1981 TO 2010
CLIMATE RECORD PERIOD 1871 TO 2014


WEATHER ITEM   OBSERVED TIME   RECORD YEAR NORMAL DEPARTURE LAST
                VALUE   (LST)  VALUE       VALUE  FROM      YEAR
                                                  NORMAL
..................................................................
TEMPERATURE (F)
 YESTERDAY
  MAXIMUM         93    308 PM 100    1948  86      7       83
  MINIMUM         70    136 AM  50    1986  66      4       72
  AVERAGE         82                        76      6       78

PRECIPITATION (IN)
  YESTERDAY        0.00          2.34 2008   0.14  -0.14     2.07
  MONTH TO DATE    3.61                      4.26  -0.65     7.61
  SINCE JUN 1      9.63                     12.70  -3.07    19.99
  SINCE JAN 1     25.67                     29.59  -3.92    38.87

SNOWFALL (IN)
  YESTERDAY        0.0           0.0  2002   0.0    0.0
                                      2001
  MONTH TO DATE    0.0                       0.0    0.0
  SINCE NOV 1     14.5                      10.3    4.2
  SINCE JUL 1      0.0                       0.0    0.0
  SNOW DEPTH       0

DEGREE DAYS
 HEATING
  YESTERDAY        0                         0      0        0
  MONTH TO DATE    0                         0      0        0
  SINCE JUN 1      0                         7     -7        0
  SINCE JUL 1      0                         0      0        0

 COOLING
  YESTERDAY       17                        11      6       13
  MONTH TO DATE  315                       355    -40      304
  SINCE JUN 1   1129                      1113     16     1152
  SINCE JAN 1   1337                      1274     63     1365
..................................................................


WIND (MPH)
  HIGHEST WIND SPEED    15   HIGHEST WIND DIRECTION     N (350)
  HIGHEST GUST SPEED    20   HIGHEST GUST DIRECTION     N (340)
  AVERAGE WIND SPEED     7.0


SKY COVER
  POSSIBLE SUNSHINE  MM
  AVERAGE SKY COVER 0.7


WEATHER CONDITIONS
 THE FOLLOWING WEATHER WAS RECORDED YESTERDAY.
  NO SIGNIFICANT WEATHER WAS OBSERVED.


RELATIVE HUMIDITY (PERCENT)
 HIGHEST    74           600 AM
 LOWEST     28           400 PM
 AVERAGE    51

..........................................................


THE RICHMOND VA CLIMATE NORMALS FOR TODAY
                         NORMAL    RECORD    YEAR
 MAXIMUM TEMPERATURE (F)   86       101      1953
 MINIMUM TEMPERATURE (F)   66        47      1986


SUNRISE AND SUNSET
AUGUST 29 2014........SUNRISE   637 AM EDT   SUNSET   743 PM EDT
AUGUST 30 2014........SUNRISE   638 AM EDT   SUNSET   741 PM EDT


-  INDICATES NEGATIVE NUMBERS.
R  INDICATES RECORD WAS SET OR TIED.
MM INDICATES DATA IS MISSING.
T  INDICATES TRACE AMOUNT.




$$
