000
CDUS41 KAKQ 242146
CLIRIC


CLIMATE REPORT
NATIONAL WEATHER SERVICE WAKEFIELD, VA
546 PM EDT THU APR 24 2014


...................................

...THE RICHMOND VA CLIMATE SUMMARY FOR APRIL 24 2014...
VALID TODAY AS OF 0500 PM LOCAL TIME.

CLIMATE NORMAL PERIOD 1981 TO 2010
CLIMATE RECORD PERIOD 1871 TO 2014


WEATHER ITEM   OBSERVED TIME   RECORD YEAR NORMAL DEPARTURE LAST
                VALUE   (LST)  VALUE       VALUE  FROM      YEAR
                                                  NORMAL
..................................................................
TEMPERATURE (F)
 TODAY
  MAXIMUM         69    250 PM  94    1925  73     -4       79
  MINIMUM         41    543 AM  30    1930  49     -8       45
  AVERAGE         55

PRECIPITATION (IN)
  TODAY            0.00          2.15 1987   0.10  -0.10     0.00
  MONTH TO DATE    1.54                      2.62  -1.08     1.87
  SINCE MAR 1      4.78                      6.66  -1.88     7.44
  SINCE JAN 1     11.09                     12.46  -1.37    15.37

SNOWFALL (IN)
  TODAY            0.0
  MONTH TO DATE    0.0
  SINCE NOV 1     14.5
  SINCE JUL 1     14.5
  SNOW DEPTH       0

DEGREE DAYS
 HEATING
  TODAY           10                         6      4        3
  MONTH TO DATE  174                       209    -35      177
  SINCE MAR 1    787                       725     62      841
  SINCE JUL 1   3740                      3661     79     3569

 COOLING
  TODAY            0                         2     -2        0
  MONTH TO DATE   21                        26     -5       65
  SINCE MAR 1     23                        32     -9       65
  SINCE JAN 1     23                        32     -9       66
..................................................................


WIND (MPH)
  RESULTANT WIND SPEED   6   RESULTANT WIND DIRECTION   N (340)
  HIGHEST WIND SPEED    16   HIGHEST WIND DIRECTION     N (350)
  HIGHEST GUST SPEED    25   HIGHEST GUST DIRECTION     N (340)


SKY COVER
  POSSIBLE SUNSHINE  MM
  AVERAGE SKY COVER 0.4


WEATHER CONDITIONS
 THE FOLLOWING WEATHER WAS RECORDED TODAY.
  NO SIGNIFICANT WEATHER WAS OBSERVED.


RELATIVE HUMIDITY (PERCENT)
 HIGHEST    62
 LOWEST     13
 AVERAGE    38

..........................................................


THE RICHMOND VA CLIMATE NORMALS FOR TOMORROW
                         NORMAL    RECORD    YEAR
 MAXIMUM TEMPERATURE (F)   73        96      1925
 MINIMUM TEMPERATURE (F)   49        30      1936
                                             1930


SUNRISE AND SUNSET
APRIL 24 2014.........SUNRISE   623 AM EDT   SUNSET   753 PM EDT
APRIL 25 2014.........SUNRISE   621 AM EDT   SUNSET   754 PM EDT


-  INDICATES NEGATIVE NUMBERS.
R  INDICATES RECORD WAS SET OR TIED.
MM INDICATES DATA IS MISSING.
T  INDICATES TRACE AMOUNT.




$$
