000
CDUS41 KAKQ 180630
CLIRIC


CLIMATE REPORT
NATIONAL WEATHER SERVICE WAKEFIELD, VA
130 AM EST MON DEC 18 2017


...................................

...THE RICHMOND VA CLIMATE SUMMARY FOR DECEMBER 17 2017...

CLIMATE NORMAL PERIOD 1981 TO 2010
CLIMATE RECORD PERIOD 1871 TO 2017


WEATHER ITEM   OBSERVED TIME   RECORD YEAR NORMAL DEPARTURE LAST
                VALUE   (LST)  VALUE       VALUE  FROM      YEAR
                                                  NORMAL
..................................................................
TEMPERATURE (F)
 YESTERDAY
  MAXIMUM         54   1238 PM  75    1924  50      4       54
  MINIMUM         28    552 PM  10    1951  31     -3       26
  AVERAGE         41                        40      1       40

PRECIPITATION (IN)
  YESTERDAY        0.01          1.78 1918   0.10  -0.09      T
  MONTH TO DATE    1.03                      1.85  -0.82     2.12
  SINCE DEC 1      1.03                      1.85  -0.82     2.12
  SINCE JAN 1     37.94                     42.19  -4.25    52.07

SNOWFALL (IN)
  YESTERDAY        0.0           7.5  1932   0.1   -0.1
  MONTH TO DATE    3.1                       1.0    2.1
  SINCE NOV 1      3.1                       1.2    1.9
  SINCE JUL 1      3.1                       1.2    1.9
  SNOW DEPTH       0

DEGREE DAYS
 HEATING
  YESTERDAY       24                        25     -1       25
  MONTH TO DATE  369                       381    -12      420
  SINCE DEC 1    369                       381    -12      420
  SINCE JUL 1    981                      1057    -76     1010

 COOLING
  YESTERDAY        0                         0      0        0
  MONTH TO DATE    0                         0      0        0
  SINCE DEC 1      0                         0      0        0
  SINCE JAN 1   1706                      1548    158     1699
..................................................................


WIND (MPH)
  HIGHEST WIND SPEED     9   HIGHEST WIND DIRECTION     S (180)
  HIGHEST GUST SPEED    12   HIGHEST GUST DIRECTION     S (180)
  AVERAGE WIND SPEED     2.5


SKY COVER
  POSSIBLE SUNSHINE  MM
  AVERAGE SKY COVER 0.6


WEATHER CONDITIONS
 THE FOLLOWING WEATHER WAS RECORDED YESTERDAY.
  LIGHT RAIN
  HAZE


RELATIVE HUMIDITY (PERCENT)
 HIGHEST    82           900 PM
 LOWEST     38           100 PM
 AVERAGE    60

..........................................................


THE RICHMOND VA CLIMATE NORMALS FOR TODAY
                         NORMAL    RECORD    YEAR
 MAXIMUM TEMPERATURE (F)   50        75      2006
                                             1984
 MINIMUM TEMPERATURE (F)   31         3      1973


SUNRISE AND SUNSET
DECEMBER 18 2017......SUNRISE   719 AM EST   SUNSET   453 PM EST
DECEMBER 19 2017......SUNRISE   719 AM EST   SUNSET   454 PM EST


-  INDICATES NEGATIVE NUMBERS.
R  INDICATES RECORD WAS SET OR TIED.
MM INDICATES DATA IS MISSING.
T  INDICATES TRACE AMOUNT.




$$
