000
CDUS41 KAKQ 270832
CLIRIC


CLIMATE REPORT
NATIONAL WEATHER SERVICE WAKEFIELD, VA
330 AM EST TUE JAN 27 2015


...................................

...THE RICHMOND VA CLIMATE SUMMARY FOR JANUARY 26 2015...

CLIMATE NORMAL PERIOD 1981 TO 2010
CLIMATE RECORD PERIOD 1871 TO 2015


WEATHER ITEM   OBSERVED TIME   RECORD YEAR NORMAL DEPARTURE LAST
                VALUE   (LST)  VALUE       VALUE  FROM      YEAR
                                                  NORMAL
..................................................................
TEMPERATURE (F)
 YESTERDAY
  MAXIMUM         51   1238 PM  80    1950  48      3       43
  MINIMUM         31   1159 PM -11    1940  28      3       17
  AVERAGE         41                        38      3       30

PRECIPITATION (IN)
  YESTERDAY        0.03          1.38 2011   0.09  -0.06     0.00
  MONTH TO DATE    3.48                      2.54   0.94     3.04
  SINCE DEC 1      6.62                      5.80   0.82     9.15
  SINCE JAN 1      3.48                      2.54   0.94     3.04

SNOWFALL (IN)
  YESTERDAY        T            13.2  1966   0.1   -0.1
  MONTH TO DATE    0.1                       3.1   -3.0
  SINCE NOV 1      0.1                       5.4   -5.3
  SINCE JUL 1      0.1                       5.4   -5.3
  SNOW DEPTH       0

DEGREE DAYS
 HEATING
  YESTERDAY       24                        27     -3       35
  MONTH TO DATE  695                       702     -7      775
  SINCE DEC 1   1341                      1445   -104     1426
  SINCE JUL 1   2011                      2121   -110     2066

 COOLING
  YESTERDAY        0                         0      0        0
  MONTH TO DATE    0                         0      0        0
  SINCE DEC 1      0                         1     -1        4
  SINCE JAN 1      0                         0      0        0
..................................................................


WIND (MPH)
  HIGHEST WIND SPEED    21   HIGHEST WIND DIRECTION     N (350)
  HIGHEST GUST SPEED    26   HIGHEST GUST DIRECTION     N (350)
  AVERAGE WIND SPEED     9.1


SKY COVER
  POSSIBLE SUNSHINE  MM
  AVERAGE SKY COVER 1.0


WEATHER CONDITIONS
 THE FOLLOWING WEATHER WAS RECORDED YESTERDAY.
  LIGHT RAIN
  LIGHT SNOW
  FOG


RELATIVE HUMIDITY (PERCENT)
 HIGHEST   100           500 PM
 LOWEST     71           200 PM
 AVERAGE    86

..........................................................


THE RICHMOND VA CLIMATE NORMALS FOR TODAY
                         NORMAL    RECORD    YEAR
 MAXIMUM TEMPERATURE (F)   48        74      1974
                                             1944
 MINIMUM TEMPERATURE (F)   29        -6      1940


SUNRISE AND SUNSET
JANUARY 27 2015.......SUNRISE   717 AM EST   SUNSET   528 PM EST
JANUARY 28 2015.......SUNRISE   716 AM EST   SUNSET   529 PM EST


-  INDICATES NEGATIVE NUMBERS.
R  INDICATES RECORD WAS SET OR TIED.
MM INDICATES DATA IS MISSING.
T  INDICATES TRACE AMOUNT.




$$
