000
CDUS41 KAKQ 290545
CLIRIC


CLIMATE REPORT
NATIONAL WEATHER SERVICE WAKEFIELD, VA
145 AM EDT FRI JUL 29 2016


...................................

...THE RICHMOND VA CLIMATE SUMMARY FOR JULY 28 2016...

CLIMATE NORMAL PERIOD 1981 TO 2010
CLIMATE RECORD PERIOD 1871 TO 2016


WEATHER ITEM   OBSERVED TIME   RECORD YEAR NORMAL DEPARTURE LAST
                VALUE   (LST)  VALUE       VALUE  FROM      YEAR
                                                  NORMAL
..................................................................
TEMPERATURE (F)
 YESTERDAY
  MAXIMUM         93    507 PM 102    1952  89      4       87
  MINIMUM         74    549 AM  52    1962  69      5       73
  AVERAGE         84                        79      5       80

PRECIPITATION (IN)
  YESTERDAY        0.53          2.14 1922   0.15   0.38     0.15
  MONTH TO DATE    4.29                      4.04   0.25     5.89
  SINCE JUN 1     12.10                      7.97   4.13    11.80
  SINCE JAN 1     32.73                     24.86   7.87    29.78

SNOWFALL (IN)
  YESTERDAY        0.0           0.0  2002   0.0    0.0
                                      2001
  MONTH TO DATE    0.0                       0.0    0.0
  SINCE NOV 1     15.1                      10.3    4.8
  SINCE JUL 1      0.0                       0.0    0.0
  SNOW DEPTH       0

DEGREE DAYS
 HEATING
  YESTERDAY        0                         0      0        0
  MONTH TO DATE    0                         0      0        0
  SINCE JUN 1      0                         7     -7        6
  SINCE JUL 1      0                         0      0        0

 COOLING
  YESTERDAY       19                        14      5       15
  MONTH TO DATE  423                       401     22      398
  SINCE JUN 1    718                       716      2      799
  SINCE JAN 1    827                       877    -50     1061
..................................................................


WIND (MPH)
  HIGHEST WIND SPEED    30   HIGHEST WIND DIRECTION     W (280)
  HIGHEST GUST SPEED    41   HIGHEST GUST DIRECTION     W (270)
  AVERAGE WIND SPEED     6.2


SKY COVER
  POSSIBLE SUNSHINE  MM
  AVERAGE SKY COVER 0.7


WEATHER CONDITIONS
 THE FOLLOWING WEATHER WAS RECORDED YESTERDAY.
  THUNDERSTORM
  HEAVY RAIN
  LIGHT RAIN
  FOG
  HAZE


RELATIVE HUMIDITY (PERCENT)
 HIGHEST    94          1200 AM
 LOWEST     56           100 PM
 AVERAGE    75

..........................................................


THE RICHMOND VA CLIMATE NORMALS FOR TODAY
                         NORMAL    RECORD    YEAR
 MAXIMUM TEMPERATURE (F)   89       103      2011
 MINIMUM TEMPERATURE (F)   69        56      1946
                                             1920


SUNRISE AND SUNSET
JULY 29 2016..........SUNRISE   611 AM EDT   SUNSET   820 PM EDT
JULY 30 2016..........SUNRISE   612 AM EDT   SUNSET   819 PM EDT


-  INDICATES NEGATIVE NUMBERS.
R  INDICATES RECORD WAS SET OR TIED.
MM INDICATES DATA IS MISSING.
T  INDICATES TRACE AMOUNT.




$$
