000
CDUS41 KAKQ 280545
CLIRIC


CLIMATE REPORT
NATIONAL WEATHER SERVICE WAKEFIELD, VA
145 AM EDT SAT MAY 28 2016


...................................

...THE RICHMOND VA CLIMATE SUMMARY FOR MAY 27 2016...

CLIMATE NORMAL PERIOD 1981 TO 2010
CLIMATE RECORD PERIOD 1871 TO 2016


WEATHER ITEM   OBSERVED TIME   RECORD YEAR NORMAL DEPARTURE LAST
                VALUE   (LST)  VALUE       VALUE  FROM      YEAR
                                                  NORMAL
..................................................................
TEMPERATURE (F)
 YESTERDAY
  MAXIMUM         87    406 PM  97    1941  81      6       91
  MINIMUM         67    540 AM  41    1961  59      8       72
  AVERAGE         77                        70      7       82

PRECIPITATION (IN)
  YESTERDAY        0.00          1.67 1891   0.13  -0.13     0.00
  MONTH TO DATE    8.41                      3.26   5.15     1.61
  SINCE MAR 1     11.60                     10.57   1.03    10.72
  SINCE JAN 1     19.25                     16.37   2.88    17.98

SNOWFALL (IN)
  YESTERDAY        0.0           0.0  2002   0.0    0.0
                                      2001
  MONTH TO DATE    0.0                       0.0    0.0
  SINCE NOV 1     15.1                      10.3    4.8
  SINCE JUL 1     15.1                      10.3    4.8
  SNOW DEPTH       0

DEGREE DAYS
 HEATING
  YESTERDAY        0                         1     -1        0
  MONTH TO DATE  110                        70     40       28
  SINCE MAR 1    737                       826    -89      744
  SINCE JUL 1   3325                      3762   -437     3846

 COOLING
  YESTERDAY       12                         6      6       17
  MONTH TO DATE   46                        92    -46      182
  SINCE MAR 1     76                       134    -58      207
  SINCE JAN 1     76                       134    -58      207
..................................................................


WIND (MPH)
  HIGHEST WIND SPEED    16   HIGHEST WIND DIRECTION     S (170)
  HIGHEST GUST SPEED    19   HIGHEST GUST DIRECTION    SW (210)
  AVERAGE WIND SPEED     9.4


SKY COVER
  POSSIBLE SUNSHINE  MM
  AVERAGE SKY COVER 0.3


WEATHER CONDITIONS
 THE FOLLOWING WEATHER WAS RECORDED YESTERDAY.
  NO SIGNIFICANT WEATHER WAS OBSERVED.


RELATIVE HUMIDITY (PERCENT)
 HIGHEST    87           400 AM
 LOWEST     48           400 PM
 AVERAGE    68

..........................................................


THE RICHMOND VA CLIMATE NORMALS FOR TODAY
                         NORMAL    RECORD    YEAR
 MAXIMUM TEMPERATURE (F)   81       100      1941
 MINIMUM TEMPERATURE (F)   59        38      1961


SUNRISE AND SUNSET
MAY 28 2016...........SUNRISE   551 AM EDT   SUNSET   822 PM EDT
MAY 29 2016...........SUNRISE   551 AM EDT   SUNSET   823 PM EDT


-  INDICATES NEGATIVE NUMBERS.
R  INDICATES RECORD WAS SET OR TIED.
MM INDICATES DATA IS MISSING.
T  INDICATES TRACE AMOUNT.




$$
