000
CDUS45 KGJT 040747
CLIRIL


CLIMATE REPORT
NATIONAL WEATHER SERVICE GRAND JUNCTION CO
130 AM MDT FRI SEP 4 2015


...................................

...THE RIFLE CO CLIMATE SUMMARY FOR SEPTEMBER 3 2015...

CLIMATE NORMAL PERIOD 1981 TO 2010
CLIMATE RECORD PERIOD 9999 TO 9999


WEATHER ITEM   OBSERVED TIME   RECORD YEAR NORMAL DEPARTURE LAST
                VALUE   (LST)  VALUE       VALUE  FROM      YEAR
                                                  NORMAL
..................................................................
TEMPERATURE (F)
 YESTERDAY
  MAXIMUM         75    503 PM  MM      MM  83     -8       89
  MINIMUM         56   1159 PM  MM      MM  49      7       49
  AVERAGE         66                        66      0       69

PRECIPITATION (IN)
  YESTERDAY        0.31         MM      MM   0.05   0.26     0.00
  MONTH TO DATE    0.36                      0.14   0.22     0.00
  SINCE SEP 1      0.36                      0.14   0.22     0.00
  SINCE JAN 1     11.53                      9.11   2.42     8.13

SNOWFALL (IN)
  YESTERDAY       MM            MM      MM  MM     MM       MM
  MONTH TO DATE   MM                        MM     MM       MM
  SINCE SEP 1     MM                        MM     MM       MM
  SINCE JUL 1     MM                        MM     MM       MM
  SNOW DEPTH      MM

DEGREE DAYS
 HEATING
  YESTERDAY        0                         1     -1        0
  MONTH TO DATE    0                         3     -3        1
  SINCE SEP 1      0                         3     -3        1
  SINCE JUL 1      0                        10    -10       18

 COOLING
  YESTERDAY        1                         2     -1        4
  MONTH TO DATE    5                         6     -1        5
  SINCE SEP 1      5                         6     -1        5
  SINCE JAN 1    596                       522     74      534
..................................................................


WIND (MPH)
  HIGHEST WIND SPEED    15   HIGHEST WIND DIRECTION     E (90)
  HIGHEST GUST SPEED    19   HIGHEST GUST DIRECTION     E (90)
  AVERAGE WIND SPEED     3.5


SKY COVER
  POSSIBLE SUNSHINE  MM
  AVERAGE SKY COVER 0.3


WEATHER CONDITIONS
 THE FOLLOWING WEATHER WAS RECORDED YESTERDAY.
  HEAVY RAIN
  RAIN
  LIGHT RAIN
  FOG


RELATIVE HUMIDITY (PERCENT)
 HIGHEST    90           100 PM
 LOWEST     43           500 PM
 AVERAGE    67

..........................................................


THE RIFLE CO CLIMATE NORMALS FOR TODAY
                         NORMAL    RECORD    YEAR
 MAXIMUM TEMPERATURE (F)   83        MM        MM
 MINIMUM TEMPERATURE (F)   48        MM        MM


SUNRISE AND SUNSET
SEPTEMBER  4 2015.....SUNRISE   642 AM MDT   SUNSET   737 PM MDT
SEPTEMBER  5 2015.....SUNRISE   643 AM MDT   SUNSET   736 PM MDT


-  INDICATES NEGATIVE NUMBERS.
R  INDICATES RECORD WAS SET OR TIED.
MM INDICATES DATA IS MISSING.
T  INDICATES TRACE AMOUNT.




$$
