922
CDUS45 KGJT 032327
CLIRIL


CLIMATE REPORT
NATIONAL WEATHER SERVICE GRAND JUNCTION CO
425 PM MST SAT DEC 3 2016


...................................

...THE RIFLE CO CLIMATE SUMMARY FOR DECEMBER 3 2016...
VALID TODAY AS OF 0400 PM LOCAL TIME.

CLIMATE NORMAL PERIOD 1981 TO 2010
CLIMATE RECORD PERIOD 9999 TO 9999


WEATHER ITEM   OBSERVED TIME   RECORD YEAR NORMAL DEPARTURE LAST
                VALUE   (LST)  VALUE       VALUE  FROM      YEAR
                                                  NORMAL
..................................................................
TEMPERATURE (F)
 TODAY
  MAXIMUM         33    355 PM  MM      MM  39     -6       40
  MINIMUM         18    707 AM  MM      MM  18      0        9
  AVERAGE         26                        28     -2       25

PRECIPITATION (IN)
  TODAY            0.00         MM      MM   0.03  -0.03     0.00
  MONTH TO DATE    T                         0.09  -0.09     0.00
  SINCE DEC 1      T                         0.09  -0.09     0.00
  SINCE JAN 1      9.65                     13.55  -3.90    15.00

SNOWFALL (IN)
  TODAY           MM            MM      MM  MM     MM       MM
  MONTH TO DATE   MM                        MM     MM       MM
  SINCE DEC 1     MM                        MM     MM       MM
  SINCE JUL 1     MM                        MM     MM       MM
  SNOW DEPTH      MM

DEGREE DAYS
 HEATING
  TODAY           39                        37      2       40
  MONTH TO DATE  113                       109      4      135
  SINCE DEC 1    113                       109      4      135
  SINCE JUL 1   1247                      1635   -388     1323

 COOLING
  TODAY            0                         0      0        0
  MONTH TO DATE    0                         0      0        0
  SINCE DEC 1      0                         0      0        0
  SINCE JAN 1    675                       541    134      633
..................................................................


WIND (MPH)
  HIGHEST WIND SPEED     8   HIGHEST WIND DIRECTION     W (260)
  HIGHEST GUST SPEED    10   HIGHEST GUST DIRECTION     W (290)
  AVERAGE WIND SPEED     2.6


SKY COVER
  POSSIBLE SUNSHINE  MM
  AVERAGE SKY COVER 0.9


WEATHER CONDITIONS
 THE FOLLOWING WEATHER WAS RECORDED TODAY.
  NO SIGNIFICANT WEATHER WAS OBSERVED.


RELATIVE HUMIDITY (PERCENT)
 HIGHEST    81          1200 AM
 LOWEST     51           400 PM
 AVERAGE    66

..........................................................


THE RIFLE CO CLIMATE NORMALS FOR TOMORROW
                         NORMAL    RECORD    YEAR
 MAXIMUM TEMPERATURE (F)   38        MM        MM
 MINIMUM TEMPERATURE (F)   17        MM        MM


SUNRISE AND SUNSET
DECEMBER  3 2016......SUNRISE   715 AM MST   SUNSET   447 PM MST
DECEMBER  4 2016......SUNRISE   716 AM MST   SUNSET   447 PM MST


-  INDICATES NEGATIVE NUMBERS.
R  INDICATES RECORD WAS SET OR TIED.
MM INDICATES DATA IS MISSING.
T  INDICATES TRACE AMOUNT.




$$
