000
CDUS45 KRIW 310032
CLIRIW


CLIMATE REPORT
NATIONAL WEATHER SERVICE RIVERTON WY
630 PM MDT THU OCT 30 2014


...................................

...THE RIVERTON WY CLIMATE SUMMARY FOR OCTOBER 30 2014...
VALID TODAY AS OF 0500 PM LOCAL TIME.

CLIMATE NORMAL PERIOD 1981 TO 2010
CLIMATE RECORD PERIOD 1995 TO 2014


WEATHER ITEM   OBSERVED TIME   RECORD YEAR NORMAL DEPARTURE LAST
                VALUE   (LST)  VALUE       VALUE  FROM      YEAR
                                                  NORMAL
..................................................................
TEMPERATURE (F)
 TODAY
  MAXIMUM         56        MM  65    2008  51      5       29
  MINIMUM         29        MM   2    2002  27      2       17
  AVERAGE         43                        39      4       23

PRECIPITATION (IN)
  TODAY            0.00          0.21 2007   0.01  -0.01      T
                                      1998
  MONTH TO DATE    0.16                      0.88  -0.72     1.94
  SINCE SEP 1      0.97                      1.78  -0.81     4.95
  SINCE JAN 1      6.34                      8.60  -2.26     9.01

SNOWFALL (IN)
  TODAY            0.0                                        T
  MONTH TO DATE    T                                        17.5
  SINCE SEP 1      0.3                                      24.8
  SINCE JUL 1      0.3                                      24.8
  SNOW DEPTH       0

DEGREE DAYS
 HEATING
  TODAY           22                        26     -4       42
  MONTH TO DATE  435                       589   -154      728
  SINCE SEP 1    607                       815   -208      915
  SINCE JUL 1    657                       853   -196      915

 COOLING
  TODAY            0                         0      0        0
  MONTH TO DATE    0                         0      0        0
  SINCE SEP 1     31                        26      5       68
  SINCE JAN 1    431                       494    -63      798
..................................................................


WIND (MPH)
  HIGHEST WIND SPEED    13   HIGHEST WIND DIRECTION     W (280)
  HIGHEST GUST SPEED    MM   HIGHEST GUST DIRECTION    MM
  AVERAGE WIND SPEED     5.3


SKY COVER
  POSSIBLE SUNSHINE  MM
  AVERAGE SKY COVER 0.0


WEATHER CONDITIONS
 THE FOLLOWING WEATHER WAS RECORDED TODAY.
  NO SIGNIFICANT WEATHER WAS OBSERVED.


RELATIVE HUMIDITY (PERCENT)
 HIGHEST    69           600 AM
 LOWEST     30           400 PM
 AVERAGE    50

..........................................................


THE RIVERTON WY CLIMATE NORMALS FOR TOMORROW
                         NORMAL    RECORD    YEAR
 MAXIMUM TEMPERATURE (F)   50        69      1999
 MINIMUM TEMPERATURE (F)   27         6      2002


SUNRISE AND SUNSET
OCTOBER 30 2014.......SUNRISE   746 AM MDT   SUNSET   608 PM MDT
OCTOBER 31 2014.......SUNRISE   747 AM MDT   SUNSET   607 PM MDT


-  INDICATES NEGATIVE NUMBERS.
R  INDICATES RECORD WAS SET OR TIED.
MM INDICATES DATA IS MISSING.
T  INDICATES TRACE AMOUNT.




$$
