000
CDUS45 KRIW 250042
CLIRIW


CLIMATE REPORT
NATIONAL WEATHER SERVICE RIVERTON WY
540 PM MST SAT FEB 24 2018


...................................

...THE RIVERTON WY CLIMATE SUMMARY FOR FEBRUARY 24 2018...
VALID TODAY AS OF 0500 PM LOCAL TIME.

CLIMATE NORMAL PERIOD 1981 TO 2010
CLIMATE RECORD PERIOD 1995 TO 2018


WEATHER ITEM   OBSERVED TIME   RECORD YEAR NORMAL DEPARTURE LAST
                VALUE   (LST)  VALUE       VALUE  FROM      YEAR
                                                  NORMAL
..................................................................
TEMPERATURE (F)
 TODAY
  MAXIMUM         29        MM  57    2009  39    -10       23
  MINIMUM          2    200 AM -20    2003  16    -14        5
  AVERAGE         16                        28    -12       14

PRECIPITATION (IN)
  TODAY            0.00          0.06 2017   0.01  -0.01     0.06
  MONTH TO DATE    0.78                      0.22   0.56     0.85
  SINCE DEC 1      1.80                      0.78   1.02     2.63
  SINCE JAN 1      1.16                      0.46   0.70     1.86

SNOWFALL (IN)
  TODAY            0.0                                       1.0
  MONTH TO DATE   12.0                                      14.3
  SINCE DEC 1     29.3                                      43.3
  SINCE JUL 1     36.6                                      47.7
  SNOW DEPTH       4

DEGREE DAYS
 HEATING
  TODAY           49                        38     11       51
  MONTH TO DATE 1135                       995    140      924
  SINCE DEC 1   3792                      3794     -2     4077
  SINCE JUL 1   5626                      5710    -84     5673

 COOLING
  TODAY            0                         0      0        0
  MONTH TO DATE    0                         0      0        0
  SINCE DEC 1      0                         0      0        0
  SINCE JAN 1      0                         0      0        0
..................................................................


WIND (MPH)
  HIGHEST WIND SPEED    29   HIGHEST WIND DIRECTION    NW (300)
  HIGHEST GUST SPEED    46   HIGHEST GUST DIRECTION    NW (300)
  AVERAGE WIND SPEED    19.0


SKY COVER
  POSSIBLE SUNSHINE  MM
  AVERAGE SKY COVER 0.2


WEATHER CONDITIONS
 THE FOLLOWING WEATHER WAS RECORDED TODAY.
  NO SIGNIFICANT WEATHER WAS OBSERVED.


RELATIVE HUMIDITY (PERCENT)
 HIGHEST    79           100 AM
 LOWEST     34           100 PM
 AVERAGE    57

..........................................................


THE RIVERTON WY CLIMATE NORMALS FOR TOMORROW
                         NORMAL    RECORD    YEAR
 MAXIMUM TEMPERATURE (F)   40        58      2009
 MINIMUM TEMPERATURE (F)   16       -12      2002


SUNRISE AND SUNSET
FEBRUARY 24 2018......SUNRISE   658 AM MST   SUNSET   557 PM MST
FEBRUARY 25 2018......SUNRISE   656 AM MST   SUNSET   558 PM MST


-  INDICATES NEGATIVE NUMBERS.
R  INDICATES RECORD WAS SET OR TIED.
MM INDICATES DATA IS MISSING.
T  INDICATES TRACE AMOUNT.




$$
