506
CDUS45 KRIW 010758
CLIRIW


CLIMATE REPORT
NATIONAL WEATHER SERVICE RIVERTON WY
145 AM MDT SAT OCT 1 2016


...................................

...THE RIVERTON WY CLIMATE SUMMARY FOR SEPTEMBER 30 2016...

CLIMATE NORMAL PERIOD 1981 TO 2010
CLIMATE RECORD PERIOD 1995 TO 2016


WEATHER ITEM   OBSERVED TIME   RECORD YEAR NORMAL DEPARTURE LAST
                VALUE   (LST)  VALUE       VALUE  FROM      YEAR
                                                  NORMAL
..................................................................
TEMPERATURE (F)
 YESTERDAY
  MAXIMUM         76    311 PM  81    2005  65     11       80
  MINIMUM         47    526 AM  32    2009  38      9       49
  AVERAGE         62                        52     10       65

PRECIPITATION (IN)
  YESTERDAY        0.00          0.35 2009   0.04  -0.04     0.00
  MONTH TO DATE    1.98                      0.90   1.08     0.02
  SINCE SEP 1      1.98                      0.90   1.08     0.02
  SINCE JAN 1     11.70                      7.72   3.98     8.82

SNOWFALL (IN)
  YESTERDAY        0.0                                       0.0
  MONTH TO DATE    0.0                                       0.0
  SINCE SEP 1      0.0                                       0.0
  SINCE JUL 1      0.0                                       0.0
  SNOW DEPTH       0

DEGREE DAYS
 HEATING
  YESTERDAY        3                        13    -10        0
  MONTH TO DATE  208                       226    -18       59
  SINCE SEP 1    208                       226    -18       59
  SINCE JUL 1    259                       264     -5       94

 COOLING
  YESTERDAY        0                         0      0        0
  MONTH TO DATE   35                        26      9       67
  SINCE SEP 1     35                        26      9       67
  SINCE JAN 1    605                       494    111      543
..................................................................


WIND (MPH)
  HIGHEST WIND SPEED    13   HIGHEST WIND DIRECTION     W (270)
  HIGHEST GUST SPEED    17   HIGHEST GUST DIRECTION     W (250)
  AVERAGE WIND SPEED     6.2


SKY COVER
  POSSIBLE SUNSHINE  MM
  AVERAGE SKY COVER 0.0


WEATHER CONDITIONS
 THE FOLLOWING WEATHER WAS RECORDED YESTERDAY.
  NO SIGNIFICANT WEATHER WAS OBSERVED.


RELATIVE HUMIDITY (PERCENT)
 HIGHEST    93           400 AM
 LOWEST     31           200 PM
 AVERAGE    62

..........................................................


THE RIVERTON WY CLIMATE NORMALS FOR TODAY
                         NORMAL    RECORD    YEAR
 MAXIMUM TEMPERATURE (F)   65        84      2005
 MINIMUM TEMPERATURE (F)   38        30      2002


SUNRISE AND SUNSET
OCTOBER  1 2016.......SUNRISE   712 AM MDT   SUNSET   654 PM MDT
OCTOBER  2 2016.......SUNRISE   713 AM MDT   SUNSET   652 PM MDT


-  INDICATES NEGATIVE NUMBERS.
R  INDICATES RECORD WAS SET OR TIED.
MM INDICATES DATA IS MISSING.
T  INDICATES TRACE AMOUNT.




$$
