000
CDUS45 KRIW 020034
CLIRIW


CLIMATE REPORT
NATIONAL WEATHER SERVICE RIVERTON WY
631 PM MDT TUE SEP 1 2015


...................................

...THE RIVERTON WY CLIMATE SUMMARY FOR SEPTEMBER 1 2015...
VALID TODAY AS OF 0500 PM LOCAL TIME.

CLIMATE NORMAL PERIOD 1981 TO 2010
CLIMATE RECORD PERIOD 1995 TO 2015


WEATHER ITEM   OBSERVED TIME   RECORD YEAR NORMAL DEPARTURE LAST
                VALUE   (LST)  VALUE       VALUE  FROM      YEAR
                                                  NORMAL
..................................................................
TEMPERATURE (F)
 TODAY
  MAXIMUM         90        MM  91    2007  80     10       75
  MINIMUM         48        MM  38    2008  50     -2       44
  AVERAGE         69                        65      4       60

PRECIPITATION (IN)
  TODAY            0.00          0.25 2008   0.02  -0.02     0.00
  MONTH TO DATE    0.00                      0.02  -0.02     0.00
  SINCE SEP 1      0.00                      0.02  -0.02     0.00
  SINCE JAN 1      8.80                      6.84   1.96     5.37

SNOWFALL (IN)
  TODAY            0.0                                       0.0
  MONTH TO DATE    0.0                                       0.0
  SINCE SEP 1      0.0                                       0.0
  SINCE JUL 1      0.0                                       0.0
  SNOW DEPTH       0

DEGREE DAYS
 HEATING
  TODAY            0                         3     -3        5
  MONTH TO DATE    0                         3     -3        5
  SINCE SEP 1      0                         3     -3        5
  SINCE JUL 1     35                        41     -6       55

 COOLING
  TODAY            4                         3      1        0
  MONTH TO DATE    4                         3      1        0
  SINCE SEP 1      4                         3      1        0
  SINCE JAN 1    480                       471      9      400
..................................................................


WIND (MPH)
  HIGHEST WIND SPEED    12   HIGHEST WIND DIRECTION    SW (240)
  HIGHEST GUST SPEED    24   HIGHEST GUST DIRECTION    SW (240)
  AVERAGE WIND SPEED     6.4


SKY COVER
  POSSIBLE SUNSHINE  MM
  AVERAGE SKY COVER 0.0


WEATHER CONDITIONS
 THE FOLLOWING WEATHER WAS RECORDED TODAY.
  NO SIGNIFICANT WEATHER WAS OBSERVED.


RELATIVE HUMIDITY (PERCENT)
 HIGHEST    46           600 AM
 LOWEST     12           300 PM
 AVERAGE    29

..........................................................


THE RIVERTON WY CLIMATE NORMALS FOR TOMORROW
                         NORMAL    RECORD    YEAR
 MAXIMUM TEMPERATURE (F)   79        92      2007
 MINIMUM TEMPERATURE (F)   50        33      2008


SUNRISE AND SUNSET
SEPTEMBER  1 2015.....SUNRISE   638 AM MDT   SUNSET   749 PM MDT
SEPTEMBER  2 2015.....SUNRISE   639 AM MDT   SUNSET   747 PM MDT


-  INDICATES NEGATIVE NUMBERS.
R  INDICATES RECORD WAS SET OR TIED.
MM INDICATES DATA IS MISSING.
T  INDICATES TRACE AMOUNT.




$$
