000
CDUS45 KRIW 030105
CLIRIW


CLIMATE REPORT
NATIONAL WEATHER SERVICE RIVERTON WY
702 PM MDT TUE SEP 2 2014


...................................

...THE RIVERTON WY CLIMATE SUMMARY FOR SEPTEMBER 2 2014...
VALID TODAY AS OF 0500 PM LOCAL TIME.

CLIMATE NORMAL PERIOD 1981 TO 2010
CLIMATE RECORD PERIOD 1995 TO 2014


WEATHER ITEM   OBSERVED TIME   RECORD YEAR NORMAL DEPARTURE LAST
                VALUE   (LST)  VALUE       VALUE  FROM      YEAR
                                                  NORMAL
..................................................................
TEMPERATURE (F)
 TODAY
  MAXIMUM         81        MM  92    2007  79      2       90
  MINIMUM         46        MM  33    2008  50     -4       62
  AVERAGE         64                        64      0       76

PRECIPITATION (IN)
  TODAY            0.00          0.43 1999   0.02  -0.02     0.00
  MONTH TO DATE    0.00                      0.04  -0.04     0.00
  SINCE SEP 1      0.00                      0.04  -0.04     0.00
  SINCE JAN 1      5.37                      6.86  -1.49     4.06

SNOWFALL (IN)
  TODAY            0.0                                       0.0
  MONTH TO DATE    0.0                                       0.0
  SINCE SEP 1      0.0                                       0.0
  SINCE JUL 1      0.0                                       0.0
  SNOW DEPTH       0

DEGREE DAYS
 HEATING
  TODAY            1                         3     -2        0
  MONTH TO DATE    6                         6      0        0
  SINCE SEP 1      6                         6      0        0
  SINCE JUL 1     56                        44     12        0

 COOLING
  TODAY            0                         2     -2       11
  MONTH TO DATE    0                         5     -5       17
  SINCE SEP 1      0                         5     -5       17
  SINCE JAN 1    400                       473    -73      747
..................................................................


WIND (MPH)
  HIGHEST WIND SPEED    13   HIGHEST WIND DIRECTION     W (250)
  HIGHEST GUST SPEED    MM   HIGHEST GUST DIRECTION    MM
  AVERAGE WIND SPEED     8.2


SKY COVER
  POSSIBLE SUNSHINE  MM
  AVERAGE SKY COVER 0.0


WEATHER CONDITIONS
 THE FOLLOWING WEATHER WAS RECORDED TODAY.
  NO SIGNIFICANT WEATHER WAS OBSERVED.


RELATIVE HUMIDITY (PERCENT)
 HIGHEST    50           400 AM
 LOWEST     12           300 PM
 AVERAGE    31

..........................................................


THE RIVERTON WY CLIMATE NORMALS FOR TOMORROW
                         NORMAL    RECORD    YEAR
 MAXIMUM TEMPERATURE (F)   79        92      2007
 MINIMUM TEMPERATURE (F)   49        37      2008


SUNRISE AND SUNSET
SEPTEMBER  2 2014.....SUNRISE   639 AM MDT   SUNSET   747 PM MDT
SEPTEMBER  3 2014.....SUNRISE   640 AM MDT   SUNSET   745 PM MDT


-  INDICATES NEGATIVE NUMBERS.
R  INDICATES RECORD WAS SET OR TIED.
MM INDICATES DATA IS MISSING.
T  INDICATES TRACE AMOUNT.




$$
