000
CDUS45 KRIW 060042
CLIRIW


CLIMATE REPORT
NATIONAL WEATHER SERVICE RIVERTON WY
632 PM MDT SUN JUL 5 2015


...................................

...THE RIVERTON WY CLIMATE SUMMARY FOR JULY 5 2015...
VALID TODAY AS OF 0500 PM LOCAL TIME.

CLIMATE NORMAL PERIOD 1981 TO 2010
CLIMATE RECORD PERIOD 1995 TO 2015


WEATHER ITEM   OBSERVED TIME   RECORD YEAR NORMAL DEPARTURE LAST
                VALUE   (LST)  VALUE       VALUE  FROM      YEAR
                                                  NORMAL
..................................................................
TEMPERATURE (F)
 TODAY
  MAXIMUM         76   1200 AM  97    2014  85     -9       97
                                      2001
  MINIMUM         61    500 PM  49    2010  55      6       57
                                      1999
  AVERAGE         69                        70     -1       77

PRECIPITATION (IN)
  TODAY            0.04          0.15 2002   0.04   0.00     0.00
  MONTH TO DATE    0.04                      0.20  -0.16     0.16
  SINCE JUN 1      0.83                      1.48  -0.65     1.28
  SINCE JAN 1      7.68                      5.56   2.12     3.60

SNOWFALL (IN)
  TODAY            0.0                                       0.0
  MONTH TO DATE    0.0                                       0.0
  SINCE JUN 1      T                                         0.0
  SINCE JUL 1      0.0                                       0.0
  SNOW DEPTH       0

DEGREE DAYS
 HEATING
  TODAY            0                         1     -1        0
  MONTH TO DATE    0                         5     -5        4
  SINCE JUN 1     23                       124   -101      130
  SINCE JUL 1      0                         5     -5        4

 COOLING
  TODAY            4                         5     -1       12
  MONTH TO DATE   47                        25     22       30
  SINCE JUN 1    178                        91     87       53
  SINCE JAN 1    178                       100     78       68
..................................................................


WIND (MPH)
  HIGHEST WIND SPEED    15   HIGHEST WIND DIRECTION     N (10)
  HIGHEST GUST SPEED    21   HIGHEST GUST DIRECTION     N (360)
  AVERAGE WIND SPEED     9.3


SKY COVER
  POSSIBLE SUNSHINE  MM
  AVERAGE SKY COVER 0.5


WEATHER CONDITIONS
 THE FOLLOWING WEATHER WAS RECORDED TODAY.
  LIGHT RAIN


RELATIVE HUMIDITY (PERCENT)
 HIGHEST    90           400 PM
 LOWEST     29          1200 AM
 AVERAGE    60

..........................................................


THE RIVERTON WY CLIMATE NORMALS FOR TOMORROW
                         NORMAL    RECORD    YEAR
 MAXIMUM TEMPERATURE (F)   85        96      2007
 MINIMUM TEMPERATURE (F)   55        45      2010
                                             2004


SUNRISE AND SUNSET
JULY  5 2015..........SUNRISE   541 AM MDT   SUNSET   856 PM MDT
JULY  6 2015..........SUNRISE   541 AM MDT   SUNSET   856 PM MDT


-  INDICATES NEGATIVE NUMBERS.
R  INDICATES RECORD WAS SET OR TIED.
MM INDICATES DATA IS MISSING.
T  INDICATES TRACE AMOUNT.




$$
