000
CDUS45 KRIW 230741
CLIRIW


CLIMATE REPORT
NATIONAL WEATHER SERVICE RIVERTON WY
138 AM MDT THU OCT 23 2014


...................................

...THE RIVERTON WY CLIMATE SUMMARY FOR OCTOBER 22 2014...

CLIMATE NORMAL PERIOD 1981 TO 2010
CLIMATE RECORD PERIOD 1995 TO 2014


WEATHER ITEM   OBSERVED TIME   RECORD YEAR NORMAL DEPARTURE LAST
                VALUE   (LST)  VALUE       VALUE  FROM      YEAR
                                                  NORMAL
..................................................................
TEMPERATURE (F)
 YESTERDAY
  MAXIMUM         58    354 PM  73    2003  55      3       63
  MINIMUM         33    433 AM  18    2006  30      3       31
  AVERAGE         46                        43      3       47

PRECIPITATION (IN)
  YESTERDAY        0.00          0.35 2004   0.01  -0.01     0.00
                                      2000
  MONTH TO DATE    0.16                      0.79  -0.63     1.28
  SINCE SEP 1      0.97                      1.69  -0.72     4.29
  SINCE JAN 1      6.34                      8.51  -2.17     8.35

SNOWFALL (IN)
  YESTERDAY        0.0                                       0.0
  MONTH TO DATE    T                                         9.5
  SINCE SEP 1      0.3                                      16.8
  SINCE JUL 1      0.3                                      16.8
  SNOW DEPTH       0

DEGREE DAYS
 HEATING
  YESTERDAY       19                        22     -3       18
  MONTH TO DATE  294                       395   -101      525
  SINCE SEP 1    466                       621   -155      712
  SINCE JUL 1    516                       659   -143      712

 COOLING
  YESTERDAY        0                         0      0        0
  MONTH TO DATE    0                         0      0        0
  SINCE SEP 1     31                        26      5       68
  SINCE JAN 1    431                       494    -63      798
..................................................................


WIND (MPH)
  HIGHEST WIND SPEED    17   HIGHEST WIND DIRECTION     W (280)
  HIGHEST GUST SPEED    21   HIGHEST GUST DIRECTION     W (270)
  AVERAGE WIND SPEED     9.2


SKY COVER
  POSSIBLE SUNSHINE  MM
  AVERAGE SKY COVER 0.0


WEATHER CONDITIONS
 THE FOLLOWING WEATHER WAS RECORDED YESTERDAY.
  NO SIGNIFICANT WEATHER WAS OBSERVED.


RELATIVE HUMIDITY (PERCENT)
 HIGHEST    56           700 AM
 LOWEST     21           400 PM
 AVERAGE    39

..........................................................


THE RIVERTON WY CLIMATE NORMALS FOR TODAY
                         NORMAL    RECORD    YEAR
 MAXIMUM TEMPERATURE (F)   55        73      2003
 MINIMUM TEMPERATURE (F)   30        15      1995


SUNRISE AND SUNSET
OCTOBER 23 2014.......SUNRISE   737 AM MDT   SUNSET   618 PM MDT
OCTOBER 24 2014.......SUNRISE   738 AM MDT   SUNSET   617 PM MDT


-  INDICATES NEGATIVE NUMBERS.
R  INDICATES RECORD WAS SET OR TIED.
MM INDICATES DATA IS MISSING.
T  INDICATES TRACE AMOUNT.




$$
