000
CDUS45 KRIW 260743
CLIRIW


CLIMATE REPORT
NATIONAL WEATHER SERVICE RIVERTON WY
1228 AM MST THU FEB 26 2015


...................................

...THE RIVERTON WY CLIMATE SUMMARY FOR FEBRUARY 25 2015...

CLIMATE NORMAL PERIOD 1981 TO 2010
CLIMATE RECORD PERIOD 1995 TO 2015


WEATHER ITEM   OBSERVED TIME   RECORD YEAR NORMAL DEPARTURE LAST
                VALUE   (LST)  VALUE       VALUE  FROM      YEAR
                                                  NORMAL
..................................................................
TEMPERATURE (F)
 YESTERDAY
  MAXIMUM         38    117 AM  58    2009  40     -2       17
  MINIMUM         18   1120 PM -12    2002  16      2        1
  AVERAGE         28                        28      0        9

PRECIPITATION (IN)
  YESTERDAY        0.10          0.33 2000   0.01   0.09     0.05
  MONTH TO DATE    1.02                      0.23   0.79     0.22
  SINCE DEC 1      1.70                      0.79   0.91     1.18
  SINCE JAN 1      1.05                      0.47   0.58     0.90

SNOWFALL (IN)
  YESTERDAY        2.5                                       2.0
  MONTH TO DATE   15.0                                       5.0
  SINCE DEC 1     22.3                                      22.9
  SINCE JUL 1     27.8                                      49.2
  SNOW DEPTH       2

DEGREE DAYS
 HEATING
  YESTERDAY       37                        37      0       56
  MONTH TO DATE  838                      1032   -194     1129
  SINCE DEC 1   3453                      3831   -378     3844
  SINCE JUL 1   5230                      5747   -517     5742

 COOLING
  YESTERDAY        0                         0      0        0
  MONTH TO DATE    0                         0      0        0
  SINCE DEC 1      0                         0      0        0
  SINCE JAN 1      0                         0      0        0
..................................................................


WIND (MPH)
  HIGHEST WIND SPEED    29   HIGHEST WIND DIRECTION     N (10)
  HIGHEST GUST SPEED    39   HIGHEST GUST DIRECTION     N (10)
  AVERAGE WIND SPEED    13.7


SKY COVER
  POSSIBLE SUNSHINE  MM
  AVERAGE SKY COVER 0.8


WEATHER CONDITIONS
 THE FOLLOWING WEATHER WAS RECORDED YESTERDAY.
  HEAVY SNOW
  SNOW
  LIGHT SNOW
  FOG
  FOG W/VISIBILITY <= 1/4 MILE


RELATIVE HUMIDITY (PERCENT)
 HIGHEST    92           700 AM
 LOWEST     47           300 AM
 AVERAGE    70

..........................................................


THE RIVERTON WY CLIMATE NORMALS FOR TODAY
                         NORMAL    RECORD    YEAR
 MAXIMUM TEMPERATURE (F)   40        52      2005
 MINIMUM TEMPERATURE (F)   17       -12      2002


SUNRISE AND SUNSET
FEBRUARY 26 2015......SUNRISE   655 AM MST   SUNSET   559 PM MST
FEBRUARY 27 2015......SUNRISE   653 AM MST   SUNSET   600 PM MST


-  INDICATES NEGATIVE NUMBERS.
R  INDICATES RECORD WAS SET OR TIED.
MM INDICATES DATA IS MISSING.
T  INDICATES TRACE AMOUNT.




$$
