000
CDUS45 KRIW 040732
CLIRIW


CLIMATE REPORT
NATIONAL WEATHER SERVICE RIVERTON WY
1230 AM MST SUN DEC 4 2016


...................................

...THE RIVERTON WY CLIMATE SUMMARY FOR DECEMBER 3 2016...

CLIMATE NORMAL PERIOD 1981 TO 2010
CLIMATE RECORD PERIOD 1995 TO 2016


WEATHER ITEM   OBSERVED TIME   RECORD YEAR NORMAL DEPARTURE LAST
                VALUE   (LST)  VALUE       VALUE  FROM      YEAR
                                                  NORMAL
..................................................................
TEMPERATURE (F)
 YESTERDAY
  MAXIMUM         39    112 PM  57    1998  34      5       22
  MINIMUM         19    455 AM  -1    2009  10      9        3
  AVERAGE         29                        22      7       13

PRECIPITATION (IN)
  YESTERDAY        0.00          T    2011   0.01  -0.01     0.00
                                      2009
                                      2008
  MONTH TO DATE    T                         0.03  -0.03     0.00
  SINCE DEC 1      T                         0.03  -0.03     0.00
  SINCE JAN 1     13.64                      9.14   4.50    10.15

SNOWFALL (IN)
  YESTERDAY        0.0                                       0.0
  MONTH TO DATE    T                                         0.0
  SINCE DEC 1      T                                         0.0
  SINCE JUL 1      4.4                                      18.1
  SNOW DEPTH       0

DEGREE DAYS
 HEATING
  YESTERDAY       36                        43     -7       52
  MONTH TO DATE  117                       128    -11      169
  SINCE DEC 1    117                       128    -11      169
  SINCE JUL 1   1713                      2044   -331     1708

 COOLING
  YESTERDAY        0                         0      0        0
  MONTH TO DATE    0                         0      0        0
  SINCE DEC 1      0                         0      0        0
  SINCE JAN 1    605                       494    111      546
..................................................................


WIND (MPH)
  HIGHEST WIND SPEED    40   HIGHEST WIND DIRECTION    NW (300)
  HIGHEST GUST SPEED    49   HIGHEST GUST DIRECTION    NW (300)
  AVERAGE WIND SPEED    18.7


SKY COVER
  POSSIBLE SUNSHINE  MM
  AVERAGE SKY COVER 0.1


WEATHER CONDITIONS
 THE FOLLOWING WEATHER WAS RECORDED YESTERDAY.
  NO SIGNIFICANT WEATHER WAS OBSERVED.


RELATIVE HUMIDITY (PERCENT)
 HIGHEST    62          1200 AM
 LOWEST     29           200 PM
 AVERAGE    46

..........................................................


THE RIVERTON WY CLIMATE NORMALS FOR TODAY
                         NORMAL    RECORD    YEAR
 MAXIMUM TEMPERATURE (F)   33        57      2007
 MINIMUM TEMPERATURE (F)   10        -8      2009


SUNRISE AND SUNSET
DECEMBER  4 2016......SUNRISE   729 AM MST   SUNSET   439 PM MST
DECEMBER  5 2016......SUNRISE   730 AM MST   SUNSET   439 PM MST


-  INDICATES NEGATIVE NUMBERS.
R  INDICATES RECORD WAS SET OR TIED.
MM INDICATES DATA IS MISSING.
T  INDICATES TRACE AMOUNT.




$$
