000
CDUS45 KRIW 290755
CLIRIW


CLIMATE REPORT
NATIONAL WEATHER SERVICE RIVERTON WY
136 AM MDT WED MAR 29 2017


...................................

...THE RIVERTON WY CLIMATE SUMMARY FOR MARCH 28 2017...

CLIMATE NORMAL PERIOD 1981 TO 2010
CLIMATE RECORD PERIOD 1995 TO 2017


WEATHER ITEM   OBSERVED TIME   RECORD YEAR NORMAL DEPARTURE LAST
                VALUE   (LST)  VALUE       VALUE  FROM      YEAR
                                                  NORMAL
..................................................................
TEMPERATURE (F)
 YESTERDAY
  MAXIMUM         50    233 PM  74    2015  52     -2       55
  MINIMUM         33   1151 PM  12    2008  27      6       28
  AVERAGE         42                        39      3       42

PRECIPITATION (IN)
  YESTERDAY        0.03          0.15 2007   0.02   0.01     0.03
  MONTH TO DATE    0.97                      0.46   0.51     0.94
  SINCE MAR 1      0.97                      0.46   0.51     0.94
  SINCE JAN 1      2.83                      0.97   1.86     1.62

SNOWFALL (IN)
  YESTERDAY        0.0                                       0.2
  MONTH TO DATE    T                                         5.1
  SINCE MAR 1      T                                         5.1
  SINCE JUL 1     47.7                                      33.3
  SNOW DEPTH       0

DEGREE DAYS
 HEATING
  YESTERDAY       23                        26     -3       23
  MONTH TO DATE  639                       842   -203      716
  SINCE MAR 1    639                       842   -203      716
  SINCE JUL 1   6513                      6696   -183     6037

 COOLING
  YESTERDAY        0                         0      0        0
  MONTH TO DATE    0                         0      0        0
  SINCE MAR 1      0                         0      0        0
  SINCE JAN 1      0                         0      0        0
..................................................................


WIND (MPH)
  HIGHEST WIND SPEED    26   HIGHEST WIND DIRECTION     N (360)
  HIGHEST GUST SPEED    36   HIGHEST GUST DIRECTION     N (360)
  AVERAGE WIND SPEED    12.8


SKY COVER
  POSSIBLE SUNSHINE  MM
  AVERAGE SKY COVER 0.6


WEATHER CONDITIONS
 THE FOLLOWING WEATHER WAS RECORDED YESTERDAY.
  RAIN
  LIGHT RAIN
  FOG


RELATIVE HUMIDITY (PERCENT)
 HIGHEST    89           700 AM
 LOWEST     49           400 PM
 AVERAGE    69

..........................................................


THE RIVERTON WY CLIMATE NORMALS FOR TODAY
                         NORMAL    RECORD    YEAR
 MAXIMUM TEMPERATURE (F)   52        67      2015
 MINIMUM TEMPERATURE (F)   27        14      2003


SUNRISE AND SUNSET
MARCH 29 2017.........SUNRISE   701 AM MDT   SUNSET   737 PM MDT
MARCH 30 2017.........SUNRISE   659 AM MDT   SUNSET   738 PM MDT


-  INDICATES NEGATIVE NUMBERS.
R  INDICATES RECORD WAS SET OR TIED.
MM INDICATES DATA IS MISSING.
T  INDICATES TRACE AMOUNT.




$$
