000
CDUS45 KRIW 240740
CLIRKS


CLIMATE REPORT
NATIONAL WEATHER SERVICE RIVERTON WY
130 AM MDT SUN JUL 24 2016


...................................

...THE ROCK SPRINGS WY CLIMATE SUMMARY FOR JULY 23 2016...

CLIMATE NORMAL PERIOD 1981 TO 2010
CLIMATE RECORD PERIOD 1948 TO 2016


WEATHER ITEM   OBSERVED TIME   RECORD YEAR NORMAL DEPARTURE LAST
                VALUE   (LST)  VALUE       VALUE  FROM      YEAR
                                                  NORMAL
..................................................................
TEMPERATURE (F)
 YESTERDAY
  MAXIMUM         88    403 PM  96    2003  85      3       80
  MINIMUM         57    525 AM  45    1993  55      2       51
  AVERAGE         73                        70      3       66

PRECIPITATION (IN)
  YESTERDAY        0.00          0.25 1979   0.02  -0.02      T
  MONTH TO DATE    0.22                      0.46  -0.24     2.12
  SINCE JUN 1      0.43                      1.25  -0.82     3.23
  SINCE JAN 1      4.89                      4.98  -0.09     7.31

DEGREE DAYS
 HEATING
  YESTERDAY        0                         0      0        0
  MONTH TO DATE   13                        19     -6       16
  SINCE JUN 1     52                       186   -134       65
  SINCE JUL 1     13                        19     -6       16

 COOLING
  YESTERDAY        8                         5      3        1
  MONTH TO DATE  106                       100      6       56
  SINCE JUN 1    187                       135     52      144
  SINCE JAN 1    187                       136     51      144
..................................................................


WIND (MPH)
  HIGHEST WIND SPEED    25   HIGHEST WIND DIRECTION     W (250)
  HIGHEST GUST SPEED    33   HIGHEST GUST DIRECTION     W (270)
  AVERAGE WIND SPEED    12.2


SKY COVER
  POSSIBLE SUNSHINE  MM
  AVERAGE SKY COVER 0.0


WEATHER CONDITIONS
 THE FOLLOWING WEATHER WAS RECORDED YESTERDAY.
  NO SIGNIFICANT WEATHER WAS OBSERVED.


RELATIVE HUMIDITY (PERCENT)
 HIGHEST    42           500 AM
 LOWEST      6           300 PM
 AVERAGE    24

..........................................................


THE ROCK SPRINGS WY CLIMATE NORMALS FOR TODAY
                         NORMAL    RECORD    YEAR
 MAXIMUM TEMPERATURE (F)   85        94      2003
 MINIMUM TEMPERATURE (F)   55        40      2004


SUNRISE AND SUNSET
JULY 24 2016..........SUNRISE   604 AM MDT   SUNSET   841 PM MDT
JULY 25 2016..........SUNRISE   605 AM MDT   SUNSET   840 PM MDT


-  INDICATES NEGATIVE NUMBERS.
R  INDICATES RECORD WAS SET OR TIED.
MM INDICATES DATA IS MISSING.
T  INDICATES TRACE AMOUNT.




$$
