000
CDUS45 KRIW 110732
CLIRKS


CLIMATE REPORT
NATIONAL WEATHER SERVICE RIVERTON WY
132 AM MDT FRI JUL 11 2014


...................................

...THE ROCK SPRINGS WY CLIMATE SUMMARY FOR JULY 10 2014...

CLIMATE NORMAL PERIOD 1981 TO 2010
CLIMATE RECORD PERIOD 1948 TO 2014


WEATHER ITEM   OBSERVED TIME   RECORD YEAR NORMAL DEPARTURE LAST
                VALUE   (LST)  VALUE       VALUE  FROM      YEAR
                                                  NORMAL
..................................................................
TEMPERATURE (F)
 YESTERDAY
  MAXIMUM         85    221 PM  95    1976  83      2       92
  MINIMUM         62   1159 PM  42    1951  54      8       59
  AVERAGE         74                        68      6       76

PRECIPITATION (IN)
  YESTERDAY        0.06          0.50 1987   0.02   0.04     0.00
  MONTH TO DATE    0.06                      0.19  -0.13     0.18
  SINCE JUN 1      0.35                      0.98  -0.63     0.18
  SINCE JAN 1      1.66                      4.71  -3.05     1.67

DEGREE DAYS
 HEATING
  YESTERDAY        0                         1     -1        0
  MONTH TO DATE    3                        13    -10        0
  SINCE JUN 1    150                       180    -30       62
  SINCE JUL 1      3                        13    -10        0

 COOLING
  YESTERDAY        9                         4      5       11
  MONTH TO DATE   72                        36     36       73
  SINCE JUN 1     89                        71     18      166
  SINCE JAN 1     96                        72     24      167
..................................................................


WIND (MPH)
  HIGHEST WIND SPEED    30   HIGHEST WIND DIRECTION    SW (210)
  HIGHEST GUST SPEED    37   HIGHEST GUST DIRECTION     S (200)
  AVERAGE WIND SPEED    11.7


SKY COVER
  POSSIBLE SUNSHINE  MM
  AVERAGE SKY COVER 0.6


WEATHER CONDITIONS
 THE FOLLOWING WEATHER WAS RECORDED YESTERDAY.
  THUNDERSTORM
  LIGHT RAIN


RELATIVE HUMIDITY (PERCENT)
 HIGHEST    73           600 PM
 LOWEST     26           200 PM
 AVERAGE    50

..........................................................


THE ROCK SPRINGS WY CLIMATE NORMALS FOR TODAY
                         NORMAL    RECORD    YEAR
 MAXIMUM TEMPERATURE (F)   84        95      1954
 MINIMUM TEMPERATURE (F)   54        40      1951


SUNRISE AND SUNSET
JULY 11 2014..........SUNRISE   552 AM MDT   SUNSET   851 PM MDT
JULY 12 2014..........SUNRISE   553 AM MDT   SUNSET   851 PM MDT


-  INDICATES NEGATIVE NUMBERS.
R  INDICATES RECORD WAS SET OR TIED.
MM INDICATES DATA IS MISSING.
T  INDICATES TRACE AMOUNT.




$$
