000
CDUS45 KRIW 210739
CLIRKS


CLIMATE REPORT
NATIONAL WEATHER SERVICE RIVERTON WY
132 AM MDT TUE OCT 21 2014


...................................

...THE ROCK SPRINGS WY CLIMATE SUMMARY FOR OCTOBER 20 2014...

CLIMATE NORMAL PERIOD 1981 TO 2010
CLIMATE RECORD PERIOD 1948 TO 2014


WEATHER ITEM   OBSERVED TIME   RECORD YEAR NORMAL DEPARTURE LAST
                VALUE   (LST)  VALUE       VALUE  FROM      YEAR
                                                  NORMAL
..................................................................
TEMPERATURE (F)
 YESTERDAY
  MAXIMUM         68    335 PM  76    1974  55     13       49
  MINIMUM         37    701 AM  13    1984  31      6       32
  AVERAGE         53                        43     10       41

PRECIPITATION (IN)
  YESTERDAY        0.00          0.28 1963   0.03  -0.03     0.00
  MONTH TO DATE    0.20                      0.58  -0.38     0.81
  SINCE SEP 1      1.40                      1.50  -0.10     2.18
  SINCE JAN 1      3.88                      7.28  -3.40     4.38

DEGREE DAYS
 HEATING
  YESTERDAY       12                        22    -10       24
  MONTH TO DATE  299                       371    -72      459
  SINCE SEP 1    484                       635   -151      688
  SINCE JUL 1    575                       699   -124      689

 COOLING
  YESTERDAY        0                         0      0        0
  MONTH TO DATE    0                         0      0        0
  SINCE SEP 1      8                         9     -1       44
  SINCE JAN 1    307                       286     21      517
..................................................................


WIND (MPH)
  HIGHEST WIND SPEED    15   HIGHEST WIND DIRECTION    SW (220)
  HIGHEST GUST SPEED    22   HIGHEST GUST DIRECTION     S (170)
  AVERAGE WIND SPEED     5.9


SKY COVER
  POSSIBLE SUNSHINE  MM
  AVERAGE SKY COVER 0.1


WEATHER CONDITIONS
 THE FOLLOWING WEATHER WAS RECORDED YESTERDAY.
  NO SIGNIFICANT WEATHER WAS OBSERVED.


RELATIVE HUMIDITY (PERCENT)
 HIGHEST    70           500 AM
 LOWEST     22           300 PM
 AVERAGE    46

..........................................................


THE ROCK SPRINGS WY CLIMATE NORMALS FOR TODAY
                         NORMAL    RECORD    YEAR
 MAXIMUM TEMPERATURE (F)   54        77      2003
 MINIMUM TEMPERATURE (F)   31        13      1984


SUNRISE AND SUNSET
OCTOBER 21 2014.......SUNRISE   735 AM MDT   SUNSET   626 PM MDT
OCTOBER 22 2014.......SUNRISE   736 AM MDT   SUNSET   624 PM MDT


-  INDICATES NEGATIVE NUMBERS.
R  INDICATES RECORD WAS SET OR TIED.
MM INDICATES DATA IS MISSING.
T  INDICATES TRACE AMOUNT.




$$
