000
CDUS45 KRIW 040738
CLIRKS


CLIMATE REPORT
NATIONAL WEATHER SERVICE RIVERTON WY
129 AM MDT WED MAY 4 2016


...................................

...THE ROCK SPRINGS WY CLIMATE SUMMARY FOR MAY 3 2016...

CLIMATE NORMAL PERIOD 1981 TO 2010
CLIMATE RECORD PERIOD 1948 TO 2016


WEATHER ITEM   OBSERVED TIME   RECORD YEAR NORMAL DEPARTURE LAST
                VALUE   (LST)  VALUE       VALUE  FROM      YEAR
                                                  NORMAL
..................................................................
TEMPERATURE (F)
 YESTERDAY
  MAXIMUM         66    343 PM  79    2000  59      7       66
  MINIMUM         30    501 AM  20    1964  34     -4       42
  AVERAGE         48                        47      1       54

PRECIPITATION (IN)
  YESTERDAY        0.00          0.47 1950   0.04  -0.04      T
  MONTH TO DATE    0.00                      0.12  -0.12     0.02
  SINCE MAR 1      2.04                      1.71   0.33     0.91
  SINCE JAN 1      2.26                      2.64  -0.38     1.00

DEGREE DAYS
 HEATING
  YESTERDAY       17                        18     -1       11
  MONTH TO DATE   68                        56     12       30
  SINCE MAR 1   1626                      1736   -110     1475
  SINCE JUL 1   7143                      7588   -445     6588

 COOLING
  YESTERDAY        0                         0      0        0
  MONTH TO DATE    0                         0      0        0
  SINCE MAR 1      0                         0      0        0
  SINCE JAN 1      0                         0      0        0
..................................................................


WIND (MPH)
  HIGHEST WIND SPEED     9   HIGHEST WIND DIRECTION     S (160)
  HIGHEST GUST SPEED    13   HIGHEST GUST DIRECTION     N (360)
  AVERAGE WIND SPEED     3.6


SKY COVER
  POSSIBLE SUNSHINE  MM
  AVERAGE SKY COVER 0.0


WEATHER CONDITIONS
 THE FOLLOWING WEATHER WAS RECORDED YESTERDAY.
  NO SIGNIFICANT WEATHER WAS OBSERVED.


RELATIVE HUMIDITY (PERCENT)
 HIGHEST    64           700 AM
 LOWEST     18           500 PM
 AVERAGE    41

..........................................................


THE ROCK SPRINGS WY CLIMATE NORMALS FOR TODAY
                         NORMAL    RECORD    YEAR
 MAXIMUM TEMPERATURE (F)   60        79      2004
                                             1966
 MINIMUM TEMPERATURE (F)   34        18      1950


SUNRISE AND SUNSET
MAY  4 2016...........SUNRISE   609 AM MDT   SUNSET   818 PM MDT
MAY  5 2016...........SUNRISE   607 AM MDT   SUNSET   819 PM MDT


-  INDICATES NEGATIVE NUMBERS.
R  INDICATES RECORD WAS SET OR TIED.
MM INDICATES DATA IS MISSING.
T  INDICATES TRACE AMOUNT.




$$
