000
CDUS45 KRIW 240748
CLIRKS


CLIMATE REPORT
NATIONAL WEATHER SERVICE RIVERTON WY
129 AM MDT FRI MAR 24 2017


...................................

...THE ROCK SPRINGS WY CLIMATE SUMMARY FOR MARCH 23 2017...

CLIMATE NORMAL PERIOD 1981 TO 2010
CLIMATE RECORD PERIOD 1948 TO 2017


WEATHER ITEM   OBSERVED TIME   RECORD YEAR NORMAL DEPARTURE LAST
                VALUE   (LST)  VALUE       VALUE  FROM      YEAR
                                                  NORMAL
..................................................................
TEMPERATURE (F)
 YESTERDAY
  MAXIMUM         47    202 PM  68    2004  47      0       36
  MINIMUM         35    506 AM   1    1964  25     10       26
  AVERAGE         41                        36      5       31

PRECIPITATION (IN)
  YESTERDAY        0.22          0.31 2009   0.03   0.19     0.04
  MONTH TO DATE    0.43                      0.48  -0.05     0.28
  SINCE MAR 1      0.43                      0.48  -0.05     0.28
  SINCE JAN 1      1.33                      1.41  -0.08     0.50

DEGREE DAYS
 HEATING
  YESTERDAY       24                        29     -5       34
  MONTH TO DATE  588                       752   -164      647
  SINCE MAR 1    588                       752   -164      647
  SINCE JUL 1   6326                      6604   -278     6164

 COOLING
  YESTERDAY        0                         0      0        0
  MONTH TO DATE    0                         0      0        0
  SINCE MAR 1      0                         0      0        0
  SINCE JAN 1      0                         0      0        0
..................................................................


WIND (MPH)
  HIGHEST WIND SPEED    20   HIGHEST WIND DIRECTION    SW (230)
  HIGHEST GUST SPEED    26   HIGHEST GUST DIRECTION    NE (30)
  AVERAGE WIND SPEED    10.4


SKY COVER
  POSSIBLE SUNSHINE  MM
  AVERAGE SKY COVER 0.9


WEATHER CONDITIONS
 THE FOLLOWING WEATHER WAS RECORDED YESTERDAY.
  THUNDERSTORM
  RAIN
  LIGHT RAIN
  LIGHT SNOW
  FOG


RELATIVE HUMIDITY (PERCENT)
 HIGHEST    92          1200 AM
 LOWEST     65          1200 PM
 AVERAGE    79

..........................................................


THE ROCK SPRINGS WY CLIMATE NORMALS FOR TODAY
                         NORMAL    RECORD    YEAR
 MAXIMUM TEMPERATURE (F)   47        67      1956
 MINIMUM TEMPERATURE (F)   25        -3      1964


SUNRISE AND SUNSET
MARCH 24 2017.........SUNRISE   712 AM MDT   SUNSET   733 PM MDT
MARCH 25 2017.........SUNRISE   711 AM MDT   SUNSET   734 PM MDT


-  INDICATES NEGATIVE NUMBERS.
R  INDICATES RECORD WAS SET OR TIED.
MM INDICATES DATA IS MISSING.
T  INDICATES TRACE AMOUNT.




$$
