000
CDUS45 KRIW 240753
CLIRKS


CLIMATE REPORT
NATIONAL WEATHER SERVICE RIVERTON WY
153 AM MDT SUN SEP 24 2017


...................................

...THE ROCK SPRINGS WY CLIMATE SUMMARY FOR SEPTEMBER 23 2017...

CLIMATE NORMAL PERIOD 1981 TO 2010
CLIMATE RECORD PERIOD 1948 TO 2017


WEATHER ITEM   OBSERVED TIME   RECORD YEAR NORMAL DEPARTURE LAST
                VALUE   (LST)  VALUE       VALUE  FROM      YEAR
                                                  NORMAL
..................................................................
TEMPERATURE (F)
 YESTERDAY
  MAXIMUM         46    436 PM  83    1966  67    -21       52
  MINIMUM         35    449 AM  19    2000  40     -5       38
  AVERAGE         41                        53    -12       45

PRECIPITATION (IN)
  YESTERDAY        T             0.53 2000   0.03  -0.03     0.10
  MONTH TO DATE    0.62                      0.69  -0.07     1.55
  SINCE SEP 1      0.62                      0.69  -0.07     1.55
  SINCE JAN 1      5.00                      6.47  -1.47     6.72

DEGREE DAYS
 HEATING
  YESTERDAY       24                        12     12       20
  MONTH TO DATE  164                       170     -6      159
  SINCE SEP 1    164                       170     -6      159
  SINCE JUL 1    181                       234    -53      218

 COOLING
  YESTERDAY        0                         0      0        0
  MONTH TO DATE   26                         7     19       12
  SINCE SEP 1     26                         7     19       12
  SINCE JAN 1    394                       284    110      354
..................................................................


WIND (MPH)
  HIGHEST WIND SPEED    25   HIGHEST WIND DIRECTION    NE (60)
  HIGHEST GUST SPEED    32   HIGHEST GUST DIRECTION     E (70)
  AVERAGE WIND SPEED    11.4


SKY COVER
  POSSIBLE SUNSHINE  MM
  AVERAGE SKY COVER 1.0


WEATHER CONDITIONS
 THE FOLLOWING WEATHER WAS RECORDED YESTERDAY.
  LIGHT RAIN


RELATIVE HUMIDITY (PERCENT)
 HIGHEST    93          1100 AM
 LOWEST     82           600 PM
 AVERAGE    88

..........................................................


THE ROCK SPRINGS WY CLIMATE NORMALS FOR TODAY
                         NORMAL    RECORD    YEAR
 MAXIMUM TEMPERATURE (F)   66        82      2001
 MINIMUM TEMPERATURE (F)   39        21      2000


SUNRISE AND SUNSET
SEPTEMBER 24 2017.....SUNRISE   706 AM MDT   SUNSET   709 PM MDT
SEPTEMBER 25 2017.....SUNRISE   707 AM MDT   SUNSET   708 PM MDT


-  INDICATES NEGATIVE NUMBERS.
R  INDICATES RECORD WAS SET OR TIED.
MM INDICATES DATA IS MISSING.
T  INDICATES TRACE AMOUNT.




$$
