000
CDUS45 KRIW 240728
CLIRKS


CLIMATE REPORT
NATIONAL WEATHER SERVICE RIVERTON WY
127 AM MDT THU JUL 24 2014


...................................

...THE ROCK SPRINGS WY CLIMATE SUMMARY FOR JULY 23 2014...

CLIMATE NORMAL PERIOD 1981 TO 2010
CLIMATE RECORD PERIOD 1948 TO 2014


WEATHER ITEM   OBSERVED TIME   RECORD YEAR NORMAL DEPARTURE LAST
                VALUE   (LST)  VALUE       VALUE  FROM      YEAR
                                                  NORMAL
..................................................................
TEMPERATURE (F)
 YESTERDAY
  MAXIMUM         94    133 PM  96    2003  85      9       92
  MINIMUM         58    551 AM  45    1993  55      3       58
  AVERAGE         76                        70      6       75

PRECIPITATION (IN)
  YESTERDAY        0.00          0.25 1979   0.02  -0.02     0.00
  MONTH TO DATE    0.12                      0.46  -0.34     0.20
  SINCE JUN 1      0.41                      1.25  -0.84     0.20
  SINCE JAN 1      1.72                      4.98  -3.26     1.69

DEGREE DAYS
 HEATING
  YESTERDAY        0                         0      0        0
  MONTH TO DATE    3                        19    -16        0
  SINCE JUN 1    150                       186    -36       62
  SINCE JUL 1      3                        19    -16        0

 COOLING
  YESTERDAY       11                         5      6       10
  MONTH TO DATE  160                       100     60      188
  SINCE JUN 1    177                       135     42      281
  SINCE JAN 1    184                       136     48      282
..................................................................


WIND (MPH)
  HIGHEST WIND SPEED    31   HIGHEST WIND DIRECTION    SW (230)
  HIGHEST GUST SPEED    44   HIGHEST GUST DIRECTION    SW (230)
  AVERAGE WIND SPEED     7.8


SKY COVER
  POSSIBLE SUNSHINE  MM
  AVERAGE SKY COVER 0.0


WEATHER CONDITIONS
 THE FOLLOWING WEATHER WAS RECORDED YESTERDAY.
  NO SIGNIFICANT WEATHER WAS OBSERVED.


RELATIVE HUMIDITY (PERCENT)
 HIGHEST    24           600 AM
 LOWEST      8          1200 PM
 AVERAGE    16

..........................................................


THE ROCK SPRINGS WY CLIMATE NORMALS FOR TODAY
                         NORMAL    RECORD    YEAR
 MAXIMUM TEMPERATURE (F)   85        94      2003
 MINIMUM TEMPERATURE (F)   55        40      2004


SUNRISE AND SUNSET
JULY 24 2014..........SUNRISE   603 AM MDT   SUNSET   842 PM MDT
JULY 25 2014..........SUNRISE   604 AM MDT   SUNSET   841 PM MDT


-  INDICATES NEGATIVE NUMBERS.
R  INDICATES RECORD WAS SET OR TIED.
MM INDICATES DATA IS MISSING.
T  INDICATES TRACE AMOUNT.




$$
