000
CDUS45 KRIW 180736
CLIRKS


CLIMATE REPORT
NATIONAL WEATHER SERVICE RIVERTON WY
133 AM MDT THU SEP 18 2014


...................................

...THE ROCK SPRINGS WY CLIMATE SUMMARY FOR SEPTEMBER 17 2014...

CLIMATE NORMAL PERIOD 1981 TO 2010
CLIMATE RECORD PERIOD 1948 TO 2014


WEATHER ITEM   OBSERVED TIME   RECORD YEAR NORMAL DEPARTURE LAST
                VALUE   (LST)  VALUE       VALUE  FROM      YEAR
                                                  NORMAL
..................................................................
TEMPERATURE (F)
 YESTERDAY
  MAXIMUM         81    422 PM  83    2010  70     11       72
  MINIMUM         49    634 AM  10    1965  42      7       53
  AVERAGE         65                        56      9       63

PRECIPITATION (IN)
  YESTERDAY        0.00          1.29 1965   0.03  -0.03     0.00
  MONTH TO DATE    0.02                      0.50  -0.48     0.63
  SINCE SEP 1      0.02                      0.50  -0.48     0.63
  SINCE JAN 1      2.50                      6.28  -3.78     2.83

DEGREE DAYS
 HEATING
  YESTERDAY        0                         9     -9        2
  MONTH TO DATE  102                       106     -4       51
  SINCE SEP 1    102                       106     -4       51
  SINCE JUL 1    193                       170     23       52

 COOLING
  YESTERDAY        0                         0      0        0
  MONTH TO DATE    4                         7     -3       44
  SINCE SEP 1      4                         7     -3       44
  SINCE JAN 1    303                       284     19      517
..................................................................


WIND (MPH)
  HIGHEST WIND SPEED    23   HIGHEST WIND DIRECTION     N (360)
  HIGHEST GUST SPEED    29   HIGHEST GUST DIRECTION     N (360)
  AVERAGE WIND SPEED     5.8


SKY COVER
  POSSIBLE SUNSHINE  MM
  AVERAGE SKY COVER 0.1


WEATHER CONDITIONS
 THE FOLLOWING WEATHER WAS RECORDED YESTERDAY.
  NO SIGNIFICANT WEATHER WAS OBSERVED.


RELATIVE HUMIDITY (PERCENT)
 HIGHEST    54           500 AM
 LOWEST     18           400 PM
 AVERAGE    36

..........................................................


THE ROCK SPRINGS WY CLIMATE NORMALS FOR TODAY
                         NORMAL    RECORD    YEAR
 MAXIMUM TEMPERATURE (F)   69        82      2010
                                             1952
 MINIMUM TEMPERATURE (F)   42         5      1965


SUNRISE AND SUNSET
SEPTEMBER 18 2014.....SUNRISE   700 AM MDT   SUNSET   720 PM MDT
SEPTEMBER 19 2014.....SUNRISE   701 AM MDT   SUNSET   719 PM MDT


-  INDICATES NEGATIVE NUMBERS.
R  INDICATES RECORD WAS SET OR TIED.
MM INDICATES DATA IS MISSING.
T  INDICATES TRACE AMOUNT.




$$
