000
CDUS42 KFFC 300819
CLIRMG


CLIMATE REPORT
NATIONAL WEATHER SERVICE PEACHTREE CITY GA
418 AM EDT SUN APR 30 2017


...................................

...THE ROME  CLIMATE SUMMARY FOR APRIL 29 2017...

CLIMATE NORMAL PERIOD 1981 TO 2010
CLIMATE RECORD PERIOD 9999 TO 9999


WEATHER ITEM   OBSERVED TIME   RECORD YEAR NORMAL DEPARTURE LAST
                VALUE   (LST)  VALUE       VALUE  FROM      YEAR
                                                  NORMAL
..................................................................
TEMPERATURE (F)
 YESTERDAY
  MAXIMUM         90    411 PM  MM      MM  76     14       86
  MINIMUM         65    629 AM  MM      MM  50     15       53
  AVERAGE         78                        63     15       70

PRECIPITATION (IN)
  YESTERDAY        0.01         MM      MM   0.15  -0.14      T
  MONTH TO DATE    5.98                      3.89   2.09     1.90
  SINCE MAR 1     10.29                      8.84   1.45     6.76
  SINCE JAN 1     21.55                     18.53   3.02    15.77

SNOWFALL (IN)
  YESTERDAY        0.0          MM      MM  MM     MM       MM
  MONTH TO DATE    0.0                      MM     MM        0.0
  SINCE MAR 1      0.0                      MM     MM        0.0
  SINCE JUL 1      T                        MM     MM         T
  SNOW DEPTH       0

DEGREE DAYS
 HEATING
  YESTERDAY        0                         3     -3        0
  MONTH TO DATE   59                       184   -125      139
  SINCE MAR 1    374                       589   -215      396
  SINCE JUL 1   2083                      3211  -1128     2454

 COOLING
  YESTERDAY       13                         2     11        5
  MONTH TO DATE  104                        27     77       38
  SINCE MAR 1    131                        31    100       50
  SINCE JAN 1    131                        31    100       50
..................................................................


WIND (MPH)
  RESULTANT WIND SPEED   6   RESULTANT WIND DIRECTION   S (170)
  HIGHEST WIND SPEED    20   HIGHEST WIND DIRECTION    SE (150)
  HIGHEST GUST SPEED    26   HIGHEST GUST DIRECTION     S (170)
  AVERAGE WIND SPEED     6.1


SKY COVER
  AVERAGE SKY COVER 0.1


WEATHER CONDITIONS
 THE FOLLOWING WEATHER WAS RECORDED YESTERDAY.
  THUNDERSTORM
  LIGHT RAIN
  FOG
  HAZE


RELATIVE HUMIDITY (PERCENT)
 HIGHEST    90          1000 PM
 LOWEST     44           200 PM
 AVERAGE    67

..........................................................


THE ROME  CLIMATE NORMALS FOR TODAY
                         NORMAL    RECORD    YEAR
 MAXIMUM TEMPERATURE (F)   76        MM        MM
 MINIMUM TEMPERATURE (F)   51        MM        MM


SUNRISE AND SUNSET
APRIL 30 2017.........SUNRISE   652 AM EDT   SUNSET   824 PM EDT
MAY  1 2017...........SUNRISE   651 AM EDT   SUNSET   825 PM EDT


-  INDICATES NEGATIVE NUMBERS.
R  INDICATES RECORD WAS SET OR TIED.
MM INDICATES DATA IS MISSING.
T  INDICATES TRACE AMOUNT.




$$
