000
CDUS42 KFFC 040823
CLIRMG


CLIMATE REPORT
NATIONAL WEATHER SERVICE PEACHTREE CITY GA
422 AM EDT SAT JUL 4 2015


...................................

...THE ROME  CLIMATE SUMMARY FOR JULY 3 2015...

CLIMATE NORMAL PERIOD 1981 TO 2010
CLIMATE RECORD PERIOD 9999 TO 9999


WEATHER ITEM   OBSERVED TIME   RECORD YEAR NORMAL DEPARTURE LAST
                VALUE   (LST)  VALUE       VALUE  FROM      YEAR
                                                  NORMAL
..................................................................
TEMPERATURE (F)
 YESTERDAY
  MAXIMUM         78    511 PM  MM      MM  90    -12       86
  MINIMUM         70   1044 AM  MM      MM  68      2       69
  AVERAGE         74                        79     -5       78

PRECIPITATION (IN)
  YESTERDAY        0.61         MM      MM   0.17   0.44     0.00
  MONTH TO DATE    0.89                      0.56   0.33     0.00
  SINCE JUN 1      3.69                      4.66  -0.97     4.96
  SINCE JAN 1     23.33                     27.53  -4.20    29.45

DEGREE DAYS
 COOLING
  YESTERDAY        9                        14     -5       13
  MONTH TO DATE   20                        42    -22       43
  SINCE JUN 1    438                       372     66      412
  SINCE JAN 1    695                       540    155      613
..................................................................


WIND (MPH)
  RESULTANT WIND SPEED   5   RESULTANT WIND DIRECTION  SW (230)
  HIGHEST WIND SPEED    15   HIGHEST WIND DIRECTION    SW (230)
  HIGHEST GUST SPEED    23   HIGHEST GUST DIRECTION    SW (240)
  AVERAGE WIND SPEED     6.0


SKY COVER
  AVERAGE SKY COVER 0.5


WEATHER CONDITIONS
 THE FOLLOWING WEATHER WAS RECORDED YESTERDAY.
  THUNDERSTORM
  HEAVY RAIN
  RAIN
  LIGHT RAIN
  FOG


RELATIVE HUMIDITY (PERCENT)
 HIGHEST    93           400 AM
 LOWEST     74           500 PM
 AVERAGE    84

..........................................................


THE ROME  CLIMATE NORMALS FOR TODAY
                         NORMAL    RECORD    YEAR
 MAXIMUM TEMPERATURE (F)   90        MM        MM
 MINIMUM TEMPERATURE (F)   68        MM        MM


SUNRISE AND SUNSET
JULY  4 2015..........SUNRISE   633 AM EDT   SUNSET   857 PM EDT
JULY  5 2015..........SUNRISE   634 AM EDT   SUNSET   856 PM EDT


-  INDICATES NEGATIVE NUMBERS.
R  INDICATES RECORD WAS SET OR TIED.
MM INDICATES DATA IS MISSING.
T  INDICATES TRACE AMOUNT.




$$
