000
CDUS42 KFFC 290818
CLIRMG


CLIMATE REPORT
NATIONAL WEATHER SERVICE PEACHTREE CITY GA
417 AM EDT WED JUL 29 2015


...................................

...THE ROME  CLIMATE SUMMARY FOR JULY 28 2015...

CLIMATE NORMAL PERIOD 1981 TO 2010
CLIMATE RECORD PERIOD 9999 TO 9999


WEATHER ITEM   OBSERVED TIME   RECORD YEAR NORMAL DEPARTURE LAST
                VALUE   (LST)  VALUE       VALUE  FROM      YEAR
                                                  NORMAL
..................................................................
TEMPERATURE (F)
 YESTERDAY
  MAXIMUM         95    139 PM  MM      MM  90      5       89
  MINIMUM         72    623 AM  MM      MM  69      3       67
  AVERAGE         84                        80      4       78

PRECIPITATION (IN)
  YESTERDAY        0.73         MM      MM   0.09   0.64      T
  MONTH TO DATE    3.12                      4.03  -0.91     1.46
  SINCE JUN 1      5.92                      8.13  -2.21     6.42
  SINCE JAN 1     25.56                     31.00  -5.44    30.91

DEGREE DAYS
 COOLING
  YESTERDAY       19                        15      4       13
  MONTH TO DATE  436                       406     30      349
  SINCE JUN 1    854                       736    118      718
  SINCE JAN 1   1111                       904    207      919
..................................................................


WIND (MPH)
  RESULTANT WIND SPEED   0   RESULTANT WIND DIRECTION  NW (310)
  HIGHEST WIND SPEED    25   HIGHEST WIND DIRECTION     N (10)
  HIGHEST GUST SPEED    30   HIGHEST GUST DIRECTION    NE (50)
  AVERAGE WIND SPEED     3.5


SKY COVER
  AVERAGE SKY COVER 0.1


WEATHER CONDITIONS
 THE FOLLOWING WEATHER WAS RECORDED YESTERDAY.
  THUNDERSTORM
  HEAVY RAIN
  RAIN
  LIGHT RAIN
  FOG


RELATIVE HUMIDITY (PERCENT)
 HIGHEST    94          1200 AM
 LOWEST     49           100 PM
 AVERAGE    72

..........................................................


THE ROME  CLIMATE NORMALS FOR TODAY
                         NORMAL    RECORD    YEAR
 MAXIMUM TEMPERATURE (F)   90        MM        MM
 MINIMUM TEMPERATURE (F)   69        MM        MM


SUNRISE AND SUNSET
JULY 29 2015..........SUNRISE   649 AM EDT   SUNSET   845 PM EDT
JULY 30 2015..........SUNRISE   650 AM EDT   SUNSET   844 PM EDT


-  INDICATES NEGATIVE NUMBERS.
R  INDICATES RECORD WAS SET OR TIED.
MM INDICATES DATA IS MISSING.
T  INDICATES TRACE AMOUNT.




$$
