000
CDUS41 KRNK 290615
CLIRNK


CLIMATE REPORT
NATIONAL WEATHER SERVICE BLACKSBURG VA
215 AM EDT THU SEP 29 2016


...................................

...THE BLACKSBURG VA CLIMATE SUMMARY FOR SEPTEMBER 28 2016...

CLIMATE NORMAL PERIOD 1981 TO 2010
CLIMATE RECORD PERIOD 1952 TO 2016


WEATHER ITEM   OBSERVED RECORD YEAR NORMAL DEPARTURE LAST
                VALUE   VALUE       VALUE  FROM      YEAR
                                           NORMAL
...........................................................
TEMPERATURE (F)
 YESTERDAY
  MAXIMUM         71     85    1998  71      0       69
  MINIMUM         48     34    1991  46      2       62
  AVERAGE         60                 58      2       66

PRECIPITATION (IN)
  YESTERDAY        1.02   4.26 2004   0.10   0.92     0.10
  MONTH TO DATE    3.79               2.89   0.90     4.22
  SINCE SEP 1      3.79               2.89   0.90     4.22
  SINCE JAN 1     32.46              32.08   0.38    31.58

SNOWFALL (IN)
  YESTERDAY        0.0                                0.0
  MONTH TO DATE    0.0                                0.0
  SINCE SEP 1      0.0                                0.0
  SINCE JUL 1      0.0                                 T
  SNOW DEPTH       0

DEGREE DAYS
 HEATING
  YESTERDAY        5                  7     -2        0
  MONTH TO DATE    5                 96    -91       60
  SINCE SEP 1      5                 96    -91       60
  SINCE JUL 1      5                114   -109       61

 COOLING
  YESTERDAY        0                  1     -1        1
  MONTH TO DATE  132                 57     75       82
  SINCE SEP 1    132                 57     75       82
  SINCE JAN 1    909                569    340      809
...........................................................


WIND (MPH)
  HIGHEST WIND SPEED    20   HIGHEST WIND DIRECTION     W (280)
  HIGHEST GUST SPEED    31   HIGHEST GUST DIRECTION     W (280)
  AVERAGE WIND SPEED     2.8


SKY COVER
  AVERAGE SKY COVER 0.6


WEATHER CONDITIONS
 THE FOLLOWING WEATHER WAS RECORDED YESTERDAY.
  THUNDERSTORM
  HEAVY RAIN
  RAIN
  LIGHT RAIN
  FOG


RELATIVE HUMIDITY (PERCENT)
 HIGHEST   100          1200 AM
 LOWEST     66          1100 AM
 AVERAGE    83

..........................................................


THE BLACKSBURG VA CLIMATE NORMALS FOR TODAY
                         NORMAL    RECORD    YEAR
 MAXIMUM TEMPERATURE (F)   70        91      1953
 MINIMUM TEMPERATURE (F)   45        32      1970


SUNRISE AND SUNSET
SEPTEMBER 29 2016.....SUNRISE   716 AM EDT   SUNSET   707 PM EDT
SEPTEMBER 30 2016.....SUNRISE   717 AM EDT   SUNSET   706 PM EDT


-  INDICATES NEGATIVE NUMBERS.
R  INDICATES RECORD WAS SET OR TIED.
MM INDICATES DATA IS MISSING.
T  INDICATES TRACE AMOUNT.




$$
