000
CDUS41 KRNK 310635
CLIRNK


CLIMATE REPORT
NATIONAL WEATHER SERVICE BLACKSBURG VA
234 AM EDT FRI JUL 31 2015


...................................

...THE BLACKSBURG VA CLIMATE SUMMARY FOR JULY 30 2015...

CLIMATE NORMAL PERIOD 1981 TO 2010
CLIMATE RECORD PERIOD 1952 TO 2015


WEATHER ITEM   OBSERVED RECORD YEAR NORMAL DEPARTURE LAST
                VALUE   VALUE       VALUE  FROM      YEAR
                                           NORMAL
...........................................................
TEMPERATURE (F)
 YESTERDAY
  MAXIMUM         88     94    1953  82      6       77
  MINIMUM         62     49    2014  60      2       49
  AVERAGE         75                 71      4       63

PRECIPITATION (IN)
  YESTERDAY        T      3.00 1966   0.13  -0.13     0.00
  MONTH TO DATE    4.26               4.12   0.14     1.92
  SINCE JUN 1      7.74               8.12  -0.38     4.99
  SINCE JAN 1     23.27              25.46  -2.19    19.82

SNOWFALL (IN)
  YESTERDAY        0.0                                0.0
  MONTH TO DATE    T                                  0.0
  SINCE JUN 1      T                                   T
  SINCE JUL 1      T                                  0.0
  SNOW DEPTH       0

DEGREE DAYS
 HEATING
  YESTERDAY        0                  0      0        2
  MONTH TO DATE    0                  0      0        8
  SINCE JUN 1     11                 38    -27       11
  SINCE JUL 1      0                  0      0        8

 COOLING
  YESTERDAY       10                  6      4        0
  MONTH TO DATE  241                186     55      179
  SINCE JUN 1    453                305    148      345
  SINCE JAN 1    529                334    195      403
...........................................................


WIND (MPH)
  HIGHEST WIND SPEED    13   HIGHEST WIND DIRECTION    NW (330)
  HIGHEST GUST SPEED    18   HIGHEST GUST DIRECTION    NW (330)
  AVERAGE WIND SPEED     3.9


SKY COVER
  AVERAGE SKY COVER 0.4


WEATHER CONDITIONS
 THE FOLLOWING WEATHER WAS RECORDED YESTERDAY.
  LIGHT RAIN
  FOG


RELATIVE HUMIDITY (PERCENT)
 HIGHEST   100          1200 AM
 LOWEST     61           200 PM
 AVERAGE    81

..........................................................


THE BLACKSBURG VA CLIMATE NORMALS FOR TODAY
                         NORMAL    RECORD    YEAR
 MAXIMUM TEMPERATURE (F)   82        95      1953
 MINIMUM TEMPERATURE (F)   60        44      1997


SUNRISE AND SUNSET
JULY 31 2015..........SUNRISE   625 AM EDT   SUNSET   830 PM EDT
AUGUST  1 2015........SUNRISE   626 AM EDT   SUNSET   829 PM EDT


-  INDICATES NEGATIVE NUMBERS.
R  INDICATES RECORD WAS SET OR TIED.
MM INDICATES DATA IS MISSING.
T  INDICATES TRACE AMOUNT.




$$
