404
CDUS41 KRNK 242218
CLIRNK


CLIMATE REPORT
NATIONAL WEATHER SERVICE BLACKSBURG VA
517 PM EST SAT FEB 24 2018


...................................

...THE BLACKSBURG VA CLIMATE SUMMARY FOR FEBRUARY 24 2018...
VALID TODAY AS OF 0500 PM LOCAL TIME.

CLIMATE NORMAL PERIOD 1981 TO 2010
CLIMATE RECORD PERIOD 1952 TO 2018


WEATHER ITEM   OBSERVED RECORD YEAR NORMAL DEPARTURE LAST
                VALUE   VALUE       VALUE  FROM      YEAR
                                           NORMAL
...........................................................
TEMPERATURE (F)
 TODAY
  MAXIMUM         69     73    1975  47     22       71
  MINIMUM         47      6    1978  25     22       41
  AVERAGE         58                 36     22       56

PRECIPITATION (IN)
  TODAY            0.06   1.35 1984   0.10  -0.04     0.00
  MONTH TO DATE    4.45               2.42   2.03     0.80
  SINCE DEC 1      6.69               8.45  -1.76     8.39
  SINCE JAN 1      6.05               5.50   0.55     5.30

SNOWFALL (IN)
  TODAY            0.0                                0.0
  MONTH TO DATE    1.4                                 T
  SINCE DEC 1      7.4                                6.6
  SINCE JUL 1      7.4                                6.6
  SNOW DEPTH       0

DEGREE DAYS
 HEATING
  TODAY            7                 29    -22        9
  MONTH TO DATE  536                747   -211      517
  SINCE DEC 1   2594               2754   -160     2225
  SINCE JUL 1   3584               3934   -350     2998

 COOLING
  TODAY            0                  0      0        0
  MONTH TO DATE    1                  0      1        0
  SINCE DEC 1      1                  0      1        0
  SINCE JAN 1      1                  0      1        0
...........................................................


WIND (MPH)
  HIGHEST WIND SPEED     8   HIGHEST WIND DIRECTION    NW (320)
  HIGHEST GUST SPEED    MM   HIGHEST GUST DIRECTION    MM
  AVERAGE WIND SPEED     1.9


SKY COVER
  AVERAGE SKY COVER 0.6


WEATHER CONDITIONS
 THE FOLLOWING WEATHER WAS RECORDED TODAY.
  LIGHT RAIN
  FOG


RELATIVE HUMIDITY (PERCENT)
 HIGHEST   100           200 AM
 LOWEST     68           300 PM
 AVERAGE    84

..........................................................


THE BLACKSBURG VA CLIMATE NORMALS FOR TOMORROW
                         NORMAL    RECORD    YEAR
 MAXIMUM TEMPERATURE (F)   47        71      1985
 MINIMUM TEMPERATURE (F)   25        -2      1967


SUNRISE AND SUNSET
FEBRUARY 24 2018......SUNRISE   659 AM EST   SUNSET   611 PM EST
FEBRUARY 25 2018......SUNRISE   658 AM EST   SUNSET   612 PM EST


-  INDICATES NEGATIVE NUMBERS.
R  INDICATES RECORD WAS SET OR TIED.
MM INDICATES DATA IS MISSING.
T  INDICATES TRACE AMOUNT.

REMARKS:
DUE TO MISSING TEMPERATURES FROM SEPTEMBER 8-10...THE
HEATING DEGREE DAY AND DEPARTURE FROM NORMAL WILL BE CALCULATED
WITHOUT DATA FROM THESE DATES.

$$
