000
CDUS41 KRNK 281018
CLIRNK


CLIMATE REPORT
NATIONAL WEATHER SERVICE BLACKSBURG VA
516 AM EST TUE FEB 28 2017


...................................

...THE BLACKSBURG VA CLIMATE SUMMARY FOR FEBRUARY 27 2017...

CLIMATE NORMAL PERIOD 1981 TO 2010
CLIMATE RECORD PERIOD 1952 TO 2017


WEATHER ITEM   OBSERVED RECORD YEAR NORMAL DEPARTURE LAST
                VALUE   VALUE       VALUE  FROM      YEAR
                                           NORMAL
...........................................................
TEMPERATURE (F)
 YESTERDAY
  MAXIMUM         53     75    1977  48      5       46
  MINIMUM         25      2    1963  26     -1       27
  AVERAGE         39                 37      2       37

PRECIPITATION (IN)
  YESTERDAY        0.00   1.17 1955   0.09  -0.09     0.00
  MONTH TO DATE    0.89               2.71  -1.82     4.70
  SINCE DEC 1      8.48               8.74  -0.26    12.16
  SINCE JAN 1      5.39               5.79  -0.40     7.14

SNOWFALL (IN)
  YESTERDAY        0.0                                0.0
  MONTH TO DATE    T                                  9.8
  SINCE DEC 1      6.6                               24.0
  SINCE JUL 1      6.6                               24.0
  SNOW DEPTH       0

DEGREE DAYS
 HEATING
  YESTERDAY       26                 28     -2       28
  MONTH TO DATE  592                832   -240      851
  SINCE DEC 1   2300               2839   -539     2510
  SINCE JUL 1   3073               4019   -946     3398

 COOLING
  YESTERDAY        0                  0      0        0
  MONTH TO DATE    0                  0      0        0
  SINCE DEC 1      0                  0      0        0
  SINCE JAN 1      0                  0      0        0
...........................................................


WIND (MPH)
  HIGHEST WIND SPEED    13   HIGHEST WIND DIRECTION    SW (210)
  HIGHEST GUST SPEED    18   HIGHEST GUST DIRECTION     S (200)
  AVERAGE WIND SPEED     2.5


SKY COVER
  AVERAGE SKY COVER 0.7


WEATHER CONDITIONS
 THE FOLLOWING WEATHER WAS RECORDED YESTERDAY.
  NO SIGNIFICANT WEATHER WAS OBSERVED.


RELATIVE HUMIDITY (PERCENT)
 HIGHEST    69          1200 AM
 LOWEST     27           200 PM
 AVERAGE    48

..........................................................


THE BLACKSBURG VA CLIMATE NORMALS FOR TODAY
                         NORMAL    RECORD    YEAR
 MAXIMUM TEMPERATURE (F)   48        73      1996
 MINIMUM TEMPERATURE (F)   26         5      1963


SUNRISE AND SUNSET
FEBRUARY 28 2017......SUNRISE   654 AM EST   SUNSET   615 PM EST
MARCH  1 2017.........SUNRISE   652 AM EST   SUNSET   616 PM EST


-  INDICATES NEGATIVE NUMBERS.
R  INDICATES RECORD WAS SET OR TIED.
MM INDICATES DATA IS MISSING.
T  INDICATES TRACE AMOUNT.

$$

RAB
