000
CDUS41 KRNK 280537
CLIRNK


CLIMATE REPORT
NATIONAL WEATHER SERVICE BLACKSBURG VA
135 AM EDT WED JUN 28 2017


...................................

...THE BLACKSBURG VA CLIMATE SUMMARY FOR JUNE 27 2017...

CLIMATE NORMAL PERIOD 1981 TO 2010
CLIMATE RECORD PERIOD 1952 TO 2017


WEATHER ITEM   OBSERVED RECORD YEAR NORMAL DEPARTURE LAST
                VALUE   VALUE       VALUE  FROM      YEAR
                                           NORMAL
...........................................................
TEMPERATURE (F)
 YESTERDAY
  MAXIMUM         73     94    1988  81     -8       83
  MINIMUM         49     43    1985  59    -10       60
  AVERAGE         61                 70     -9       72

PRECIPITATION (IN)
  YESTERDAY        0.00   2.13 2006   0.12  -0.12     0.13
  MONTH TO DATE    2.88               3.63  -0.75     3.27
  SINCE JUN 1      2.88               3.63  -0.75     3.27
  SINCE JAN 1     24.12              20.97   3.15    19.29

SNOWFALL (IN)
  YESTERDAY        0.0                                0.0
  MONTH TO DATE    0.0                                0.0
  SINCE JUN 1      0.0                                0.0
  SINCE JUL 1      7.7                               25.6
  SNOW DEPTH       0

DEGREE DAYS
 HEATING
  YESTERDAY        4                  0      4        0
  MONTH TO DATE   31                 37     -6       12
  SINCE JUN 1     31                 37     -6       12
  SINCE JUL 1   4197               5445  -1248     4466

 COOLING
  YESTERDAY        0                  6     -6        7
  MONTH TO DATE   87                100    -13      139
  SINCE JUN 1     87                100    -13      139
  SINCE JAN 1    141                129     12      185
...........................................................


WIND (MPH)
  HIGHEST WIND SPEED    12   HIGHEST WIND DIRECTION    NW (320)
  HIGHEST GUST SPEED    18   HIGHEST GUST DIRECTION     W (290)
  AVERAGE WIND SPEED     4.1


SKY COVER
  AVERAGE SKY COVER 0.2


WEATHER CONDITIONS
 THE FOLLOWING WEATHER WAS RECORDED YESTERDAY.
  NO SIGNIFICANT WEATHER WAS OBSERVED.


RELATIVE HUMIDITY (PERCENT)
 HIGHEST    86           200 AM
 LOWEST     36           500 PM
 AVERAGE    61

..........................................................


THE BLACKSBURG VA CLIMATE NORMALS FOR TODAY
                         NORMAL    RECORD    YEAR
 MAXIMUM TEMPERATURE (F)   82        91      1954
 MINIMUM TEMPERATURE (F)   59        40      1970


SUNRISE AND SUNSET
JUNE 28 2017..........SUNRISE   604 AM EDT   SUNSET   846 PM EDT
JUNE 29 2017..........SUNRISE   604 AM EDT   SUNSET   846 PM EDT


-  INDICATES NEGATIVE NUMBERS.
R  INDICATES RECORD WAS SET OR TIED.
MM INDICATES DATA IS MISSING.
T  INDICATES TRACE AMOUNT.




$$
