000
CDUS46 KSGX 271421
CLIRNM


CLIMATE REPORT
NATIONAL WEATHER SERVICE SAN DIEGO, CA
721 AM PDT THU AUG 27 2015


...................................

...THE RAMONA AIRPORT CA CLIMATE SUMMARY FOR AUGUST 26 2015...

CLIMATE NORMAL PERIOD 1981 TO 2010
CLIMATE RECORD PERIOD 1974 TO 2015


WEATHER ITEM   OBSERVED TIME   RECORD YEAR NORMAL DEPARTURE LAST
                VALUE   (LST)  VALUE       VALUE  FROM      YEAR
                                                  NORMAL
..................................................................
TEMPERATURE (F)
 YESTERDAY
  MAXIMUM         96    201 PM 104    1985  91      5       91
  MINIMUM         64    533 AM  44    1978  57      7       55
  AVERAGE         80                        74      6       73

PRECIPITATION (IN)
  YESTERDAY        0.00          0.05 2007   0.01  -0.01     0.00
  MONTH TO DATE    T                         0.12  -0.12     0.25
  SINCE OCT 1     12.02                     15.72  -3.70     8.17
  SINCE JAN 1      7.42                     11.58  -4.16     5.50

DEGREE DAYS
 HEATING
  YESTERDAY        0                         0      0        0
  MONTH TO DATE    0                         0      0        0
  SINCE JUN 1      8                        29    -21        7
  SINCE JUL 1      0                         2     -2        0

 COOLING
  YESTERDAY       15                         9      6        8
  MONTH TO DATE  263                       233     30      220
  SINCE JUN 1    676                       541    135      599
  SINCE JAN 1    711                       568    143      682
..................................................................


WIND (MPH)
  RESULTANT WIND SPEED   5   RESULTANT WIND DIRECTION   W (280)
  HIGHEST WIND SPEED    15   HIGHEST WIND DIRECTION     W (260)
  HIGHEST GUST SPEED    19   HIGHEST GUST DIRECTION     W (270)
  AVERAGE WIND SPEED     4.8


SKY COVER
  POSSIBLE SUNSHINE  MM
  AVERAGE SKY COVER 0.1


WEATHER CONDITIONS
 THE FOLLOWING WEATHER WAS RECORDED YESTERDAY.
  NO SIGNIFICANT WEATHER WAS OBSERVED.


RELATIVE HUMIDITY (PERCENT)
 HIGHEST    84           500 AM
 LOWEST     30           300 PM
 AVERAGE    57

..........................................................


THE RAMONA AIRPORT CA CLIMATE NORMALS FOR TODAY
                         NORMAL    RECORD    YEAR
 MAXIMUM TEMPERATURE (F)   91       105      2009
 MINIMUM TEMPERATURE (F)   57        43      1978


SUNRISE AND SUNSET
AUGUST 27 2015........SUNRISE   619 AM PDT   SUNSET   719 PM PDT
AUGUST 28 2015........SUNRISE   619 AM PDT   SUNSET   718 PM PDT


-  INDICATES NEGATIVE NUMBERS.
R  INDICATES RECORD WAS SET OR TIED.
MM INDICATES DATA IS MISSING.
T  INDICATES TRACE AMOUNT.




$$
