000
CDUS46 KSGX 212325
CLIRNM


CLIMATE REPORT
NATIONAL WEATHER SERVICE SAN DIEGO, CA
425 PM PDT THU SEP 21 2017


...................................

...THE RAMONA AIRPORT CA CLIMATE SUMMARY FOR SEPTEMBER 21 2017...
VALID TODAY AS OF 0400 PM LOCAL TIME.

CLIMATE NORMAL PERIOD 1981 TO 2010
CLIMATE RECORD PERIOD 1974 TO 2017


WEATHER ITEM   OBSERVED TIME   RECORD YEAR NORMAL DEPARTURE LAST
                VALUE   (LST)  VALUE       VALUE  FROM      YEAR
                                                  NORMAL
..................................................................
TEMPERATURE (F)
 TODAY
  MAXIMUM         69    223 PM 101    1975  86    -17       78
  MINIMUM         60    100 AM  40    2007  53      7       65
  AVERAGE         65                        69     -4       72

PRECIPITATION (IN)
  TODAY            T             0.23 2016   0.01  -0.01     0.23
  MONTH TO DATE    0.05                      0.22  -0.17     0.50
  SINCE OCT 1     22.96                     15.97   6.99    13.69
  SINCE JAN 1     15.94                     11.83   4.11    10.16

DEGREE DAYS
 HEATING
  TODAY            0                         1     -1        0
  MONTH TO DATE    0                         2     -2        8
  SINCE SEP 1      0                         2     -2        8
  SINCE JUL 1      0                         5     -5        8

 COOLING
  TODAY            0                         5     -5        7
  MONTH TO DATE  186                       143     43       93
  SINCE SEP 1    186                       143     43       93
  SINCE JAN 1   1121                       756    365      889
..................................................................


WIND (MPH)
  RESULTANT WIND SPEED   6   RESULTANT WIND DIRECTION  SW (210)
  HIGHEST WIND SPEED    18   HIGHEST WIND DIRECTION     W (270)
  HIGHEST GUST SPEED    22   HIGHEST GUST DIRECTION     W (270)
  AVERAGE WIND SPEED     6.7


SKY COVER
  POSSIBLE SUNSHINE  MM
  AVERAGE SKY COVER 1.0


WEATHER CONDITIONS
 THE FOLLOWING WEATHER WAS RECORDED TODAY.
  LIGHT RAIN


RELATIVE HUMIDITY (PERCENT)
 HIGHEST    90           200 AM
 LOWEST     66          1200 PM
 AVERAGE    78

..........................................................


THE RAMONA AIRPORT CA CLIMATE NORMALS FOR TOMORROW
                         NORMAL    RECORD    YEAR
 MAXIMUM TEMPERATURE (F)   85       104      2009
 MINIMUM TEMPERATURE (F)   53        43      1988
                                             1986
                                             1977


SUNRISE AND SUNSET
SEPTEMBER 21 2017.....SUNRISE   635 AM PDT   SUNSET   645 PM PDT
SEPTEMBER 22 2017.....SUNRISE   636 AM PDT   SUNSET   644 PM PDT


-  INDICATES NEGATIVE NUMBERS.
R  INDICATES RECORD WAS SET OR TIED.
MM INDICATES DATA IS MISSING.
T  INDICATES TRACE AMOUNT.




$$
