547
CDUS46 KSGX 280025
CLIRNM


CLIMATE REPORT
NATIONAL WEATHER SERVICE SAN DIEGO, CA
525 PM PDT FRI MAY 27 2016


...................................

...THE RAMONA AIRPORT CA CLIMATE SUMMARY FOR MAY 27 2016...
VALID TODAY AS OF 0500 PM LOCAL TIME.

CLIMATE NORMAL PERIOD 1981 TO 2010
CLIMATE RECORD PERIOD 1974 TO 2016


WEATHER ITEM   OBSERVED TIME   RECORD YEAR NORMAL DEPARTURE LAST
                VALUE   (LST)  VALUE       VALUE  FROM      YEAR
                                                  NORMAL
..................................................................
TEMPERATURE (F)
 TODAY
  MAXIMUM         77    229 PM  93    2000  77      0       72
  MINIMUM         55   1217 AM  40    2012  49      6       52
  AVERAGE         66                        63      3       62

PRECIPITATION (IN)
  TODAY            0.00          0.39 1981   0.01  -0.01     0.00
  MONTH TO DATE    0.25                      0.30  -0.05     1.48
  SINCE OCT 1     13.19                     15.35  -2.16     9.41
  SINCE JAN 1      9.66                     11.21  -1.55     4.81

DEGREE DAYS
 HEATING
  TODAY            0                         3     -3        3
  MONTH TO DATE  133                       122     11      149
  SINCE MAR 1    643                       773   -130      537
  SINCE JUL 1   2146                      2514   -368     1721

 COOLING
  TODAY            1                         1      0        0
  MONTH TO DATE    7                        15     -8        6
  SINCE MAR 1      8                        19    -11       25
  SINCE JAN 1     13                        20     -7       27
..................................................................


WIND (MPH)
  RESULTANT WIND SPEED   2   RESULTANT WIND DIRECTION  NW (320)
  HIGHEST WIND SPEED    15   HIGHEST WIND DIRECTION     W (280)
  HIGHEST GUST SPEED    19   HIGHEST GUST DIRECTION     W (270)
  AVERAGE WIND SPEED     4.5


SKY COVER
  POSSIBLE SUNSHINE  MM
  AVERAGE SKY COVER 0.6


WEATHER CONDITIONS
 THE FOLLOWING WEATHER WAS RECORDED TODAY.
  NO SIGNIFICANT WEATHER WAS OBSERVED.


RELATIVE HUMIDITY (PERCENT)
 HIGHEST    86           200 AM
 LOWEST     47           200 PM
 AVERAGE    67

..........................................................


THE RAMONA AIRPORT CA CLIMATE NORMALS FOR TOMORROW
                         NORMAL    RECORD    YEAR
 MAXIMUM TEMPERATURE (F)   78        99      1978
 MINIMUM TEMPERATURE (F)   49        41      2012


SUNRISE AND SUNSET
MAY 27 2016...........SUNRISE   541 AM PDT   SUNSET   749 PM PDT
MAY 28 2016...........SUNRISE   541 AM PDT   SUNSET   749 PM PDT


-  INDICATES NEGATIVE NUMBERS.
R  INDICATES RECORD WAS SET OR TIED.
MM INDICATES DATA IS MISSING.
T  INDICATES TRACE AMOUNT.




$$
