000
CDUS45 KREV 220037
CLIRNO


CLIMATE REPORT
NATIONAL WEATHER SERVICE RENO NV
536 PM PDT TUE OCT 21 2014


...................................

...THE RENO TAHOE AIRPORT NV CLIMATE SUMMARY FOR OCTOBER 21 2014...
VALID TODAY AS OF 0500 PM LOCAL TIME.

CLIMATE NORMAL PERIOD 1981 TO 2010
CLIMATE RECORD PERIOD 1888 TO 2014


WEATHER ITEM   OBSERVED TIME   RECORD YEAR NORMAL DEPARTURE LAST
                VALUE   (LST)  VALUE       VALUE  FROM      YEAR
                                                  NORMAL
..................................................................
TEMPERATURE (F)
 TODAY
  MAXIMUM         63    348 PM  84    2003  67     -4       75
  MINIMUM         37    626 AM  18    1996  37      0       35
  AVERAGE         50                        52     -2       55

PRECIPITATION (IN)
  TODAY            0.00          0.24 1941   0.02  -0.02     0.00
  MONTH TO DATE    T                         0.34  -0.34     0.01
  SINCE OCT 1      T                         0.34  -0.34     0.01
  SINCE JAN 1      3.57                      5.38  -1.81     3.07

SNOWFALL (IN)
  TODAY            0.0           T    1961   0.0    0.0      0.0
                                      1953
  MONTH TO DATE    0.0                       0.1   -0.1      0.0
  SINCE SEP 1      0.0                       0.2   -0.2      0.0
  SINCE JUL 1      0.0                       0.2   -0.2       T
  SNOW DEPTH       0

DEGREE DAYS
 HEATING
  TODAY           15                        13      2       10
  MONTH TO DATE   96                       197   -101      266
  SINCE SEP 1    145                       277   -132      351
  SINCE JUL 1    149                       287   -138      351

 COOLING
  TODAY            0                         0      0        0
  MONTH TO DATE    5                         4      1        0
  SINCE SEP 1    175                        92     83      141
  SINCE JAN 1   1211                       838    373     1174
..................................................................


WIND (MPH)
  RESULTANT WIND SPEED   1   RESULTANT WIND DIRECTION  NW (320)
  HIGHEST WIND SPEED    15   HIGHEST WIND DIRECTION    NW (300)
  HIGHEST GUST SPEED    20   HIGHEST GUST DIRECTION     W (290)
  AVERAGE WIND SPEED     4.6



WEATHER CONDITIONS
 THE FOLLOWING WEATHER WAS RECORDED TODAY.
  NO SIGNIFICANT WEATHER WAS OBSERVED.


RELATIVE HUMIDITY (PERCENT)
 HIGHEST    64           700 AM
 LOWEST     16           200 PM
 AVERAGE    40

..........................................................


THE RENO TAHOE AIRPORT NV CLIMATE NORMALS FOR TOMORROW
                         NORMAL    RECORD    YEAR
 MAXIMUM TEMPERATURE (F)   67        83      2003
 MINIMUM TEMPERATURE (F)   37        14      1961


SUNRISE AND SUNSET
OCTOBER 21 2014.......SUNRISE   715 AM PDT   SUNSET   611 PM PDT
OCTOBER 22 2014.......SUNRISE   716 AM PDT   SUNSET   610 PM PDT


-  INDICATES NEGATIVE NUMBERS.
R  INDICATES RECORD WAS SET OR TIED.
MM INDICATES DATA IS MISSING.
T  INDICATES TRACE AMOUNT.




$$
