000
CDUS45 KREV 190840
CLIRNO


CLIMATE REPORT
NATIONAL WEATHER SERVICE RENO NV
1240 AM PST SUN FEB 19 2017


...................................

...THE RENO TAHOE AIRPORT NV CLIMATE SUMMARY FOR FEBRUARY 18 2017...

CLIMATE NORMAL PERIOD 1981 TO 2010
CLIMATE RECORD PERIOD 1888 TO 2017


WEATHER ITEM   OBSERVED TIME   RECORD YEAR NORMAL DEPARTURE LAST
                VALUE   (LST)  VALUE       VALUE  FROM      YEAR
                                                  NORMAL
..................................................................
TEMPERATURE (F)
 YESTERDAY
  MAXIMUM         53    327 PM  70    2015  52      1       49
  MINIMUM         33    727 AM   1    1917  29      4       33
  AVERAGE         43                        41      2       41

PRECIPITATION (IN)
  YESTERDAY        0.01          0.83 1986   0.04  -0.03     0.30
  MONTH TO DATE    1.16                      0.62   0.54     0.42
  SINCE OCT 1     10.52                      4.01   6.51     6.07
  SINCE JAN 1      6.73                      1.65   5.08     2.12

SNOWFALL (IN)
  YESTERDAY        0.0           6.9  2011   0.2   -0.2      1.2
  MONTH TO DATE    T                         3.1   -3.1      1.2
  SINCE DEC 1     19.7                      13.6    6.1     19.0
  SINCE JUL 1     20.3                      17.1    3.2     24.1
  SNOW DEPTH       0

DEGREE DAYS
 HEATING
  YESTERDAY       22                        24     -2       24
  MONTH TO DATE  365                       470   -105      424
  SINCE DEC 1   2205                      2304    -99     2159
  SINCE JUL 1   3083                      3407   -324     3152

 COOLING
  YESTERDAY        0                         0      0        0
  MONTH TO DATE    0                         0      0        0
  SINCE DEC 1      0                         0      0        0
  SINCE JAN 1      0                         0      0        0
..................................................................


WIND (MPH)
  RESULTANT WIND SPEED   0   RESULTANT WIND DIRECTION  SW (220)
  HIGHEST WIND SPEED    13   HIGHEST WIND DIRECTION     W (290)
  HIGHEST GUST SPEED    16   HIGHEST GUST DIRECTION     W (290)
  AVERAGE WIND SPEED     3.5



WEATHER CONDITIONS
 THE FOLLOWING WEATHER WAS RECORDED YESTERDAY.
  FOG


RELATIVE HUMIDITY (PERCENT)
 HIGHEST    92          1200 AM
 LOWEST     44           300 PM
 AVERAGE    68

..........................................................


THE RENO TAHOE AIRPORT NV CLIMATE NORMALS FOR TODAY
                         NORMAL    RECORD    YEAR
 MAXIMUM TEMPERATURE (F)   52        72      1965
 MINIMUM TEMPERATURE (F)   30        -7      1990


SUNRISE AND SUNSET
FEBRUARY 19 2017......SUNRISE   646 AM PST   SUNSET   541 PM PST
FEBRUARY 20 2017......SUNRISE   644 AM PST   SUNSET   542 PM PST


-  INDICATES NEGATIVE NUMBERS.
R  INDICATES RECORD WAS SET OR TIED.
MM INDICATES DATA IS MISSING.
T  INDICATES TRACE AMOUNT.




$$
