000
CDUS45 KREV 300842
CLIRNO


CLIMATE REPORT
NATIONAL WEATHER SERVICE RENO NV
141 AM PDT SAT APR 30 2016


...................................

...THE RENO TAHOE AIRPORT NV CLIMATE SUMMARY FOR APRIL 29 2016...

CLIMATE NORMAL PERIOD 1981 TO 2010
CLIMATE RECORD PERIOD 1888 TO 2016


WEATHER ITEM   OBSERVED TIME   RECORD YEAR NORMAL DEPARTURE LAST
                VALUE   (LST)  VALUE       VALUE  FROM      YEAR
                                                  NORMAL
..................................................................
TEMPERATURE (F)
 YESTERDAY
  MAXIMUM         69    104 PM  86    1981  68      1       81
  MINIMUM         40    509 AM  21    1975  41     -1       49
  AVERAGE         55                        54      1       65

PRECIPITATION (IN)
  YESTERDAY        0.16          0.52 2002   0.01   0.15     0.00
  MONTH TO DATE    0.96                      0.45   0.51     0.35
  SINCE OCT 1      8.00                      5.62   2.38     3.27
  SINCE JAN 1      4.05                      3.26   0.79     1.85

SNOWFALL (IN)
  YESTERDAY        0.0           T    2011   0.0    0.0      0.0
                                      2010
                                      1983
  MONTH TO DATE    T                         0.5   -0.5       T
  SINCE MAR 1      6.8                       2.5    4.3       T
  SINCE JUL 1     30.9                      21.5    9.4      2.7
  SNOW DEPTH       0

DEGREE DAYS
 HEATING
  YESTERDAY       10                        11     -1        0
  MONTH TO DATE  284                       416   -132      370
  SINCE MAR 1    795                      1014   -219      764
  SINCE JUL 1   4132                      4652   -520     3629

 COOLING
  YESTERDAY        0                         0      0        0
  MONTH TO DATE    0                         0      0        0
  SINCE MAR 1      0                         0      0        0
  SINCE JAN 1      0                         0      0        0
..................................................................


WIND (MPH)
  RESULTANT WIND SPEED   7   RESULTANT WIND DIRECTION   W (290)
  HIGHEST WIND SPEED    30   HIGHEST WIND DIRECTION     N (340)
  HIGHEST GUST SPEED    39   HIGHEST GUST DIRECTION     N (340)
  AVERAGE WIND SPEED    10.4



WEATHER CONDITIONS
 THE FOLLOWING WEATHER WAS RECORDED YESTERDAY.
  THUNDERSTORM
  RAIN
  LIGHT RAIN
  HAIL
  FOG
  HAZE


RELATIVE HUMIDITY (PERCENT)
 HIGHEST    76           700 PM
 LOWEST     18          1200 PM
 AVERAGE    47

..........................................................


THE RENO TAHOE AIRPORT NV CLIMATE NORMALS FOR TODAY
                         NORMAL    RECORD    YEAR
 MAXIMUM TEMPERATURE (F)   68        89      1981
 MINIMUM TEMPERATURE (F)   41        20      1962


SUNRISE AND SUNSET
APRIL 30 2016.........SUNRISE   601 AM PDT   SUNSET   752 PM PDT
MAY  1 2016...........SUNRISE   559 AM PDT   SUNSET   753 PM PDT


-  INDICATES NEGATIVE NUMBERS.
R  INDICATES RECORD WAS SET OR TIED.
MM INDICATES DATA IS MISSING.
T  INDICATES TRACE AMOUNT.




$$
