000
CDUS45 KREV 280836
CLIRNO


CLIMATE REPORT
NATIONAL WEATHER SERVICE RENO NV
135 AM PDT MON JUL 28 2014


...................................

...THE RENO TAHOE AIRPORT NV CLIMATE SUMMARY FOR JULY 27 2014...

CLIMATE NORMAL PERIOD 1981 TO 2010
CLIMATE RECORD PERIOD 1888 TO 2014


WEATHER ITEM   OBSERVED TIME   RECORD YEAR NORMAL DEPARTURE LAST
                VALUE   (LST)  VALUE       VALUE  FROM      YEAR
                                                  NORMAL
..................................................................
TEMPERATURE (F)
 YESTERDAY
  MAXIMUM         99    303 PM 103    1980  94      5       95
                                      1945
  MINIMUM         64    525 AM  39    1965  59      5       66
  AVERAGE         82                        76      6       81

PRECIPITATION (IN)
  YESTERDAY        0.00          0.11 1941   0.00   0.00     0.05
  MONTH TO DATE    0.20                      0.15   0.05     0.49
  SINCE OCT 1      3.16                      6.79  -3.63     5.00
  SINCE JAN 1      2.20                      4.43  -2.23     1.96

SNOWFALL (IN)
  YESTERDAY        0.0           0.0    MM   0.0    0.0      0.0
  MONTH TO DATE    0.0                       0.0    0.0      0.0
  SINCE JUN 1      0.0                       T      0.0      0.0
  SINCE JUL 1      0.0                       0.0    0.0      0.0
  SNOW DEPTH       0

DEGREE DAYS
 HEATING
  YESTERDAY        0                         0      0        0
  MONTH TO DATE    0                         0      0        0
  SINCE JUN 1     10                        56    -46       16
  SINCE JUL 1      0                         0      0        0

 COOLING
  YESTERDAY       17                        11      6       16
  MONTH TO DATE  429                       270    159      426
  SINCE JUN 1    641                       406    235      653
  SINCE JAN 1    688                       443    245      689
..................................................................


WIND (MPH)
  RESULTANT WIND SPEED   2   RESULTANT WIND DIRECTION  NW (300)
  HIGHEST WIND SPEED    20   HIGHEST WIND DIRECTION    NW (300)
  HIGHEST GUST SPEED    26   HIGHEST GUST DIRECTION     W (260)
  AVERAGE WIND SPEED     5.4



WEATHER CONDITIONS
 THE FOLLOWING WEATHER WAS RECORDED YESTERDAY.
  NO SIGNIFICANT WEATHER WAS OBSERVED.


RELATIVE HUMIDITY (PERCENT)
 HIGHEST    37           300 AM
 LOWEST      8           200 PM
 AVERAGE    23

..........................................................


THE RENO TAHOE AIRPORT NV CLIMATE NORMALS FOR TODAY
                         NORMAL    RECORD    YEAR
 MAXIMUM TEMPERATURE (F)   94       102      1971
 MINIMUM TEMPERATURE (F)   59        38      1965


SUNRISE AND SUNSET
JULY 28 2014..........SUNRISE   555 AM PDT   SUNSET   816 PM PDT
JULY 29 2014..........SUNRISE   556 AM PDT   SUNSET   815 PM PDT


-  INDICATES NEGATIVE NUMBERS.
R  INDICATES RECORD WAS SET OR TIED.
MM INDICATES DATA IS MISSING.
T  INDICATES TRACE AMOUNT.




$$
