000
CDUS45 KREV 300847
CLIRNO


CLIMATE REPORT
NATIONAL WEATHER SERVICE RENO NV
147 AM PDT THU OCT 30 2014


...................................

...THE RENO TAHOE AIRPORT NV CLIMATE SUMMARY FOR OCTOBER 29 2014...

CLIMATE NORMAL PERIOD 1981 TO 2010
CLIMATE RECORD PERIOD 1888 TO 2014


WEATHER ITEM   OBSERVED TIME   RECORD YEAR NORMAL DEPARTURE LAST
                VALUE   (LST)  VALUE       VALUE  FROM      YEAR
                                                  NORMAL
..................................................................
TEMPERATURE (F)
 YESTERDAY
  MAXIMUM         73    338 PM  79    1937  63     10       39
  MINIMUM         39    638 AM   8    1971  35      4       36
  AVERAGE         56                        49      7       38

PRECIPITATION (IN)
  YESTERDAY        0.00          0.49 1945   0.02  -0.02     0.02
  MONTH TO DATE    T                         0.47  -0.47     0.06
  SINCE OCT 1      T                         0.47  -0.47     0.06
  SINCE JAN 1      3.57                      5.51  -1.94     3.12

SNOWFALL (IN)
  YESTERDAY        0.0           T    1991   0.1   -0.1      0.0
                                      1981
                                      1972
  MONTH TO DATE    0.0                       0.3   -0.3      0.0
  SINCE SEP 1      0.0                       0.4   -0.4      0.0
  SINCE JUL 1      0.0                       0.4   -0.4       T
  SNOW DEPTH       0

DEGREE DAYS
 HEATING
  YESTERDAY        9                        16     -7       27
  MONTH TO DATE  181                       314   -133      374
  SINCE SEP 1    230                       394   -164      459
  SINCE JUL 1    234                       404   -170      459

 COOLING
  YESTERDAY        0                         0      0        0
  MONTH TO DATE    5                         4      1        0
  SINCE SEP 1    175                        92     83      141
  SINCE JAN 1   1211                       838    373     1174
..................................................................


WIND (MPH)
  RESULTANT WIND SPEED   1   RESULTANT WIND DIRECTION   E (110)
  HIGHEST WIND SPEED    12   HIGHEST WIND DIRECTION     E (100)
  HIGHEST GUST SPEED    15   HIGHEST GUST DIRECTION     E (100)
  AVERAGE WIND SPEED     2.1



WEATHER CONDITIONS
 THE FOLLOWING WEATHER WAS RECORDED YESTERDAY.
  NO SIGNIFICANT WEATHER WAS OBSERVED.


RELATIVE HUMIDITY (PERCENT)
 HIGHEST    79           500 AM
 LOWEST     23           300 PM
 AVERAGE    51

..........................................................


THE RENO TAHOE AIRPORT NV CLIMATE NORMALS FOR TODAY
                         NORMAL    RECORD    YEAR
 MAXIMUM TEMPERATURE (F)   63        78      1965
 MINIMUM TEMPERATURE (F)   35        13      1972


SUNRISE AND SUNSET
OCTOBER 30 2014.......SUNRISE   725 AM PDT   SUNSET   600 PM PDT
OCTOBER 31 2014.......SUNRISE   726 AM PDT   SUNSET   559 PM PDT


-  INDICATES NEGATIVE NUMBERS.
R  INDICATES RECORD WAS SET OR TIED.
MM INDICATES DATA IS MISSING.
T  INDICATES TRACE AMOUNT.




$$
