000
CDUS45 KREV 030036
CLIRNO


CLIMATE REPORT
NATIONAL WEATHER SERVICE RENO NV
436 PM PST MON MAR 2 2015


...................................

...THE RENO TAHOE AIRPORT NV CLIMATE SUMMARY FOR MARCH 2 2015...
VALID TODAY AS OF 0400 PM LOCAL TIME.

CLIMATE NORMAL PERIOD 1981 TO 2010
CLIMATE RECORD PERIOD 1888 TO 2015


WEATHER ITEM   OBSERVED TIME   RECORD YEAR NORMAL DEPARTURE LAST
                VALUE   (LST)  VALUE       VALUE  FROM      YEAR
                                                  NORMAL
..................................................................
TEMPERATURE (F)
 TODAY
  MAXIMUM         50    355 PM  76    1921  55     -5       55
  MINIMUM         24    530 AM  11    1971  32     -8       33
  AVERAGE         37                        43     -6       44

PRECIPITATION (IN)
  TODAY            0.00          0.93 2009   0.04  -0.04     0.00
  MONTH TO DATE    T                         0.08  -0.08      T
  SINCE OCT 1      2.91                      4.49  -1.58     2.03
  SINCE JAN 1      1.49                      2.13  -0.64     1.07

SNOWFALL (IN)
  TODAY            0.0           4.6  1974   0.2   -0.2      0.0
  MONTH TO DATE    0.0                       0.3   -0.3      0.0
  SINCE MAR 1      0.0                       0.3   -0.3      0.0
  SINCE JUL 1      2.7                      19.3  -16.6      6.2
  SNOW DEPTH       0

DEGREE DAYS
 HEATING
  TODAY           28                        22      6       21
  MONTH TO DATE   54                        44     10       41
  SINCE MAR 1     54                        44     10       41
  SINCE JUL 1   2919                      3682   -763     3625

 COOLING
  TODAY            0                         0      0        0
  MONTH TO DATE    0                         0      0        0
  SINCE MAR 1      0                         0      0        0
  SINCE JAN 1      0                         0      0        0
..................................................................


WIND (MPH)
  RESULTANT WIND SPEED   2   RESULTANT WIND DIRECTION  NW (300)
  HIGHEST WIND SPEED    18   HIGHEST WIND DIRECTION    NW (330)
  HIGHEST GUST SPEED    23   HIGHEST GUST DIRECTION    NW (310)
  AVERAGE WIND SPEED     2.9



WEATHER CONDITIONS
 THE FOLLOWING WEATHER WAS RECORDED TODAY.
  NO SIGNIFICANT WEATHER WAS OBSERVED.


RELATIVE HUMIDITY (PERCENT)
 HIGHEST    92           300 AM
 LOWEST     34           300 PM
 AVERAGE    63

..........................................................


THE RENO TAHOE AIRPORT NV CLIMATE NORMALS FOR TOMORROW
                         NORMAL    RECORD    YEAR
 MAXIMUM TEMPERATURE (F)   55        71      1931
                                             1910
 MINIMUM TEMPERATURE (F)   32         5      1951


SUNRISE AND SUNSET
MARCH  2 2015.........SUNRISE   631 AM PST   SUNSET   552 PM PST
MARCH  3 2015.........SUNRISE   629 AM PST   SUNSET   553 PM PST


-  INDICATES NEGATIVE NUMBERS.
R  INDICATES RECORD WAS SET OR TIED.
MM INDICATES DATA IS MISSING.
T  INDICATES TRACE AMOUNT.




$$
