000
CDUS45 KREV 110839
CLIRNO


CLIMATE REPORT
NATIONAL WEATHER SERVICE RENO NV
138 AM PDT FRI JUL 11 2014


...................................

...THE RENO TAHOE AIRPORT NV CLIMATE SUMMARY FOR JULY 10 2014...

CLIMATE NORMAL PERIOD 1981 TO 2010
CLIMATE RECORD PERIOD 1888 TO 2014


WEATHER ITEM   OBSERVED TIME   RECORD YEAR NORMAL DEPARTURE LAST
                VALUE   (LST)  VALUE       VALUE  FROM      YEAR
                                                  NORMAL
..................................................................
TEMPERATURE (F)
 YESTERDAY
  MAXIMUM         97    220 PM 108    2002  92      5       95
  MINIMUM         65    500 AM  33    1965  57      8       60
  AVERAGE         81                        74      7       78

PRECIPITATION (IN)
  YESTERDAY        T             0.12 1896   0.01  -0.01     0.00
  MONTH TO DATE    0.05                      0.06  -0.01     0.21
  SINCE OCT 1      3.01                      6.70  -3.69     4.72
  SINCE JAN 1      2.05                      4.34  -2.29     1.68

SNOWFALL (IN)
  YESTERDAY        0.0           0.0    MM   0.0    0.0      0.0
  MONTH TO DATE    0.0                       0.0    0.0      0.0
  SINCE JUN 1      0.0                       T      0.0      0.0
  SINCE JUL 1      0.0                       0.0    0.0      0.0
  SNOW DEPTH       0

DEGREE DAYS
 HEATING
  YESTERDAY        0                         0      0        0
  MONTH TO DATE    0                         0      0        0
  SINCE JUN 1     10                        56    -46       16
  SINCE JUL 1      0                         0      0        0

 COOLING
  YESTERDAY       16                        10      6       13
  MONTH TO DATE  162                        87     75      167
  SINCE JUN 1    374                       223    151      394
  SINCE JAN 1    421                       260    161      430
..................................................................


WIND (MPH)
  RESULTANT WIND SPEED   4   RESULTANT WIND DIRECTION  SW (210)
  HIGHEST WIND SPEED    35   HIGHEST WIND DIRECTION     S (200)
  HIGHEST GUST SPEED    40   HIGHEST GUST DIRECTION     S (190)
  AVERAGE WIND SPEED     7.0



WEATHER CONDITIONS
 THE FOLLOWING WEATHER WAS RECORDED YESTERDAY.
  LIGHT RAIN


RELATIVE HUMIDITY (PERCENT)
 HIGHEST    48           500 AM
 LOWEST     13           200 PM
 AVERAGE    31

..........................................................


THE RENO TAHOE AIRPORT NV CLIMATE NORMALS FOR TODAY
                         NORMAL    RECORD    YEAR
 MAXIMUM TEMPERATURE (F)   92       108      2002
 MINIMUM TEMPERATURE (F)   58        33      1974
                                             1960


SUNRISE AND SUNSET
JULY 11 2014..........SUNRISE   542 AM PDT   SUNSET   827 PM PDT
JULY 12 2014..........SUNRISE   542 AM PDT   SUNSET   827 PM PDT


-  INDICATES NEGATIVE NUMBERS.
R  INDICATES RECORD WAS SET OR TIED.
MM INDICATES DATA IS MISSING.
T  INDICATES TRACE AMOUNT.




$$
