000
CDUS45 KREV 010836
CLIRNO


CLIMATE REPORT
NATIONAL WEATHER SERVICE RENO NV
135 AM PDT MON SEP 1 2014


...................................

...THE RENO TAHOE AIRPORT NV CLIMATE SUMMARY FOR AUGUST 31 2014...

CLIMATE NORMAL PERIOD 1981 TO 2010
CLIMATE RECORD PERIOD 1888 TO 2014


WEATHER ITEM   OBSERVED TIME   RECORD YEAR NORMAL DEPARTURE LAST
                VALUE   (LST)  VALUE       VALUE  FROM      YEAR
                                                  NORMAL
..................................................................
TEMPERATURE (F)
 YESTERDAY
  MAXIMUM         91    401 PM 100    1976  87      4       95
  MINIMUM         54    539 AM  31    1966  53      1       59
  AVERAGE         73                        70      3       77

PRECIPITATION (IN)
  YESTERDAY        0.00          0.23 1907   0.01  -0.01     0.00
  MONTH TO DATE    1.08                      0.23   0.85     1.08
  SINCE OCT 1      4.24                      7.05  -2.81     6.08
  SINCE JAN 1      3.28                      4.69  -1.41     3.04

SNOWFALL (IN)
  YESTERDAY        0.0           0.0    MM   0.0    0.0      0.0
  MONTH TO DATE    0.0                       0.0    0.0       T
  SINCE JUN 1      0.0                       T      0.0       T
  SINCE JUL 1      0.0                       0.0    0.0       T
  SNOW DEPTH       0

DEGREE DAYS
 HEATING
  YESTERDAY        0                         1     -1        0
  MONTH TO DATE    4                         2      2        0
  SINCE JUN 1     14                        66    -52       16
  SINCE JUL 1      4                        10     -6        0

 COOLING
  YESTERDAY        8                         5      3       12
  MONTH TO DATE  287                       259     28      294
  SINCE JUN 1    989                       709    280      997
  SINCE JAN 1   1036                       746    290     1033
..................................................................


WIND (MPH)
  RESULTANT WIND SPEED   3   RESULTANT WIND DIRECTION  NW (310)
  HIGHEST WIND SPEED    20   HIGHEST WIND DIRECTION    NW (310)
  HIGHEST GUST SPEED    25   HIGHEST GUST DIRECTION    NW (320)
  AVERAGE WIND SPEED     6.9



WEATHER CONDITIONS
 THE FOLLOWING WEATHER WAS RECORDED YESTERDAY.
  NO SIGNIFICANT WEATHER WAS OBSERVED.


RELATIVE HUMIDITY (PERCENT)
 HIGHEST    51           600 AM
 LOWEST     12           400 PM
 AVERAGE    32

..........................................................


THE RENO TAHOE AIRPORT NV CLIMATE NORMALS FOR TODAY
                         NORMAL    RECORD    YEAR
 MAXIMUM TEMPERATURE (F)   87        99      1950
 MINIMUM TEMPERATURE (F)   53        32      1966
                                             1964
                                             1960


SUNRISE AND SUNSET
SEPTEMBER  1 2014.....SUNRISE   627 AM PDT   SUNSET   730 PM PDT
SEPTEMBER  2 2014.....SUNRISE   628 AM PDT   SUNSET   728 PM PDT


-  INDICATES NEGATIVE NUMBERS.
R  INDICATES RECORD WAS SET OR TIED.
MM INDICATES DATA IS MISSING.
T  INDICATES TRACE AMOUNT.




$$
