000
CDUS45 KREV 280839
CLIRNO


CLIMATE REPORT
NATIONAL WEATHER SERVICE RENO NV
139 AM PDT SUN AUG 28 2016


...................................

...THE RENO TAHOE AIRPORT NV CLIMATE SUMMARY FOR AUGUST 27 2016...

CLIMATE NORMAL PERIOD 1981 TO 2010
CLIMATE RECORD PERIOD 1888 TO 2016


WEATHER ITEM   OBSERVED TIME   RECORD YEAR NORMAL DEPARTURE LAST
                VALUE   (LST)  VALUE       VALUE  FROM      YEAR
                                                  NORMAL
..................................................................
TEMPERATURE (F)
 YESTERDAY
  MAXIMUM         92    313 PM 100    1924  88      4       94
  MINIMUM         54    455 AM  34    1966  54      0       61
                                      1963
                                      1960
  AVERAGE         73                        71      2       78

PRECIPITATION (IN)
  YESTERDAY        0.00          0.58 1913   0.01  -0.01     0.00
  MONTH TO DATE    0.04                      0.21  -0.17     0.11
  SINCE OCT 1      9.20                      7.03   2.17     5.83
  SINCE JAN 1      5.25                      4.67   0.58     4.41

SNOWFALL (IN)
  YESTERDAY        0.0           0.0    MM   0.0    0.0      0.0
  MONTH TO DATE    0.0                       0.0    0.0      0.0
  SINCE JUN 1      0.0                       T      0.0      0.0
  SINCE JUL 1      0.0                       0.0    0.0      0.0
  SNOW DEPTH       0

DEGREE DAYS
 HEATING
  YESTERDAY        0                         0      0        0
  MONTH TO DATE    0                         0      0        0
  SINCE JUN 1     15                        61    -46        8
  SINCE JUL 1      0                         5     -5        1

 COOLING
  YESTERDAY        8                         6      2       13
  MONTH TO DATE  299                       235     64      316
  SINCE JUN 1    922                       685    237      925
  SINCE JAN 1    950                       722    228      959
..................................................................


WIND (MPH)
  RESULTANT WIND SPEED   3   RESULTANT WIND DIRECTION   W (270)
  HIGHEST WIND SPEED    17   HIGHEST WIND DIRECTION     W (260)
  HIGHEST GUST SPEED    24   HIGHEST GUST DIRECTION     W (270)
  AVERAGE WIND SPEED     5.8



WEATHER CONDITIONS
 THE FOLLOWING WEATHER WAS RECORDED YESTERDAY.
  NO SIGNIFICANT WEATHER WAS OBSERVED.


RELATIVE HUMIDITY (PERCENT)
 HIGHEST    46           500 AM
 LOWEST      8           200 PM
 AVERAGE    27

..........................................................


THE RENO TAHOE AIRPORT NV CLIMATE NORMALS FOR TODAY
                         NORMAL    RECORD    YEAR
 MAXIMUM TEMPERATURE (F)   88        99      2001
 MINIMUM TEMPERATURE (F)   53        28      1962


SUNRISE AND SUNSET
AUGUST 28 2016........SUNRISE   624 AM PDT   SUNSET   735 PM PDT
AUGUST 29 2016........SUNRISE   625 AM PDT   SUNSET   734 PM PDT


-  INDICATES NEGATIVE NUMBERS.
R  INDICATES RECORD WAS SET OR TIED.
MM INDICATES DATA IS MISSING.
T  INDICATES TRACE AMOUNT.




$$
