000
CDUS45 KREV 260840
CLIRNO


CLIMATE REPORT
NATIONAL WEATHER SERVICE RENO NV
140 AM PDT TUE MAY 26 2015


...................................

...THE RENO TAHOE AIRPORT NV CLIMATE SUMMARY FOR MAY 25 2015...

CLIMATE NORMAL PERIOD 1981 TO 2010
CLIMATE RECORD PERIOD 1888 TO 2015


WEATHER ITEM   OBSERVED TIME   RECORD YEAR NORMAL DEPARTURE LAST
                VALUE   (LST)  VALUE       VALUE  FROM      YEAR
                                                  NORMAL
..................................................................
TEMPERATURE (F)
 YESTERDAY
  MAXIMUM         72   1047 AM  92    2001  76     -4       91
                                      1943
  MINIMUM         50   1151 PM  26    1978  48      2       55
  AVERAGE         61                        62     -1       73

PRECIPITATION (IN)
  YESTERDAY        0.06          0.54 1931   0.02   0.04     0.00
  MONTH TO DATE    1.01                      0.39   0.62     0.54
  SINCE OCT 1      4.28                      6.03  -1.75     2.96
  SINCE JAN 1      2.86                      3.67  -0.81     2.00

SNOWFALL (IN)
  YESTERDAY        0.0           0.2  2012   0.0    0.0      0.0
  MONTH TO DATE    T                         0.3   -0.3       T
  SINCE MAR 1      T                         2.8   -2.8       T
  SINCE JUL 1      2.7                      21.8  -19.1      6.2
  SNOW DEPTH       0

DEGREE DAYS
 HEATING
  YESTERDAY        4                         5     -1        0
  MONTH TO DATE  183                       181      2      131
  SINCE MAR 1    951                      1205   -254      955
  SINCE JUL 1   3816                      4843  -1027     4539

 COOLING
  YESTERDAY        0                         2     -2        8
  MONTH TO DATE    3                        22    -19       35
  SINCE MAR 1      3                        23    -20       35
  SINCE JAN 1      3                        23    -20       35
..................................................................


WIND (MPH)
  RESULTANT WIND SPEED   1   RESULTANT WIND DIRECTION   N (20)
  HIGHEST WIND SPEED    25   HIGHEST WIND DIRECTION     N (20)
  HIGHEST GUST SPEED    33   HIGHEST GUST DIRECTION     N (20)
  AVERAGE WIND SPEED     5.1



WEATHER CONDITIONS
 THE FOLLOWING WEATHER WAS RECORDED YESTERDAY.
  THUNDERSTORM
  LIGHT RAIN


RELATIVE HUMIDITY (PERCENT)
 HIGHEST    93           900 PM
 LOWEST     35          1100 AM
 AVERAGE    64

..........................................................


THE RENO TAHOE AIRPORT NV CLIMATE NORMALS FOR TODAY
                         NORMAL    RECORD    YEAR
 MAXIMUM TEMPERATURE (F)   77        91      1983
                                             1974
                                             1966
 MINIMUM TEMPERATURE (F)   48        25      1899


SUNRISE AND SUNSET
MAY 26 2015...........SUNRISE   537 AM PDT   SUNSET   816 PM PDT
MAY 27 2015...........SUNRISE   536 AM PDT   SUNSET   817 PM PDT


-  INDICATES NEGATIVE NUMBERS.
R  INDICATES RECORD WAS SET OR TIED.
MM INDICATES DATA IS MISSING.
T  INDICATES TRACE AMOUNT.




$$
