000
CDUS45 KREV 250837
CLIRNO


CLIMATE REPORT
NATIONAL WEATHER SERVICE RENO NV
136 AM PDT SAT MAR 25 2017


...................................

...THE RENO-TAHOE INTL AIRPORT NV CLIMATE SUMMARY FOR MARCH 24 2017...

CLIMATE NORMAL PERIOD 1981 TO 2010
CLIMATE RECORD PERIOD 1888 TO 2017


WEATHER ITEM   OBSERVED TIME   RECORD YEAR NORMAL DEPARTURE LAST
                VALUE   (LST)  VALUE       VALUE  FROM      YEAR
                                                  NORMAL
..................................................................
TEMPERATURE (F)
 YESTERDAY
  MAXIMUM         57   1020 AM  75    2007  59     -2       68
                                      1960
  MINIMUM         40    431 AM  12    1902  35      5       33
  AVERAGE         49                        47      2       51

PRECIPITATION (IN)
  YESTERDAY        T             0.85 1998   0.02  -0.02     0.00
  MONTH TO DATE    0.66                      0.64   0.02     0.29
  SINCE OCT 1     13.44                      5.05   8.39     6.36
  SINCE JAN 1      9.65                      2.69   6.96     2.41

SNOWFALL (IN)
  YESTERDAY        0.0           3.1  1965   0.0    0.0      0.0
  MONTH TO DATE    2.9                       1.7    1.2       T
  SINCE MAR 1      2.9                       1.7    1.2       T
  SINCE JUL 1     27.0                      20.7    6.3     24.1
  SNOW DEPTH       0

DEGREE DAYS
 HEATING
  YESTERDAY       16                        18     -2       14
  MONTH TO DATE  375                       474    -99      381
  SINCE MAR 1    375                       474    -99      381
  SINCE JUL 1   3748                      4112   -364     3718

 COOLING
  YESTERDAY        0                         0      0        0
  MONTH TO DATE    0                         0      0        0
  SINCE MAR 1      0                         0      0        0
  SINCE JAN 1      0                         0      0        0
..................................................................


WIND (MPH)
  RESULTANT WIND SPEED   2   RESULTANT WIND DIRECTION  SW (230)
  HIGHEST WIND SPEED    26   HIGHEST WIND DIRECTION     S (200)
  HIGHEST GUST SPEED    33   HIGHEST GUST DIRECTION     S (180)
  AVERAGE WIND SPEED     8.5



WEATHER CONDITIONS
 THE FOLLOWING WEATHER WAS RECORDED YESTERDAY.
  LIGHT RAIN


RELATIVE HUMIDITY (PERCENT)
 HIGHEST    65          1000 PM
 LOWEST     44           900 AM
 AVERAGE    55

..........................................................


THE RENO-TAHOE INTL AIRPORT NV CLIMATE NORMALS FOR TODAY
                         NORMAL    RECORD    YEAR
 MAXIMUM TEMPERATURE (F)   60        78      1960
 MINIMUM TEMPERATURE (F)   35        12      1902


SUNRISE AND SUNSET
MARCH 25 2017.........SUNRISE   654 AM PDT   SUNSET   717 PM PDT
MARCH 26 2017.........SUNRISE   652 AM PDT   SUNSET   718 PM PDT


-  INDICATES NEGATIVE NUMBERS.
R  INDICATES RECORD WAS SET OR TIED.
MM INDICATES DATA IS MISSING.
T  INDICATES TRACE AMOUNT.




$$
