000
CDUS45 KREV 260036
CLIRNO


CLIMATE REPORT
NATIONAL WEATHER SERVICE RENO NV
536 PM PDT SUN SEP 25 2016


...................................

...THE RENO TAHOE AIRPORT NV CLIMATE SUMMARY FOR SEPTEMBER 25 2016...
VALID TODAY AS OF 0500 PM LOCAL TIME.

CLIMATE NORMAL PERIOD 1981 TO 2010
CLIMATE RECORD PERIOD 1888 TO 2016


WEATHER ITEM   OBSERVED TIME   RECORD YEAR NORMAL DEPARTURE LAST
                VALUE   (LST)  VALUE       VALUE  FROM      YEAR
                                                  NORMAL
..................................................................
TEMPERATURE (F)
 TODAY
  MAXIMUM         82    251 PM  94    1964  79      3       93
  MINIMUM         46    631 AM  25    1972  46      0       53
  AVERAGE         64                        62      2       73

PRECIPITATION (IN)
  TODAY            0.00          0.33 1939   0.02  -0.02     0.00
  MONTH TO DATE    T                         0.27  -0.27      T
  SINCE OCT 1      9.20                      7.32   1.88     5.83
  SINCE JAN 1      5.25                      4.96   0.29     4.41

SNOWFALL (IN)
  TODAY            0.0           0.0    MM   0.0    0.0      0.0
  MONTH TO DATE    0.0                       0.0    0.0      0.0
  SINCE SEP 1      0.0                       0.0    0.0      0.0
  SINCE JUL 1      0.0                       0.0    0.0      0.0
  SNOW DEPTH       0

DEGREE DAYS
 HEATING
  TODAY            1                         4     -3        0
  MONTH TO DATE   43                        55    -12       21
  SINCE SEP 1     43                        55    -12       21
  SINCE JUL 1     43                        65    -22       22

 COOLING
  TODAY            0                         1     -1        8
  MONTH TO DATE   76                        82     -6      135
  SINCE SEP 1     76                        82     -6      135
  SINCE JAN 1   1069                       828    241     1129
..................................................................


WIND (MPH)
  RESULTANT WIND SPEED   2   RESULTANT WIND DIRECTION   E (90)
  HIGHEST WIND SPEED    13   HIGHEST WIND DIRECTION     E (90)
  HIGHEST GUST SPEED    17   HIGHEST GUST DIRECTION     E (80)
  AVERAGE WIND SPEED     3.2



WEATHER CONDITIONS
 THE FOLLOWING WEATHER WAS RECORDED TODAY.
  NO SIGNIFICANT WEATHER WAS OBSERVED.


RELATIVE HUMIDITY (PERCENT)
 HIGHEST    53           500 AM
 LOWEST     10           200 PM
 AVERAGE    32

..........................................................


THE RENO TAHOE AIRPORT NV CLIMATE NORMALS FOR TOMORROW
                         NORMAL    RECORD    YEAR
 MAXIMUM TEMPERATURE (F)   78        93      2009
 MINIMUM TEMPERATURE (F)   45        23      1970


SUNRISE AND SUNSET
SEPTEMBER 25 2016.....SUNRISE   650 AM PDT   SUNSET   650 PM PDT
SEPTEMBER 26 2016.....SUNRISE   651 AM PDT   SUNSET   649 PM PDT


-  INDICATES NEGATIVE NUMBERS.
R  INDICATES RECORD WAS SET OR TIED.
MM INDICATES DATA IS MISSING.
T  INDICATES TRACE AMOUNT.




$$
