000
CDUS41 KRNK 102127
CLIROA


CLIMATE REPORT
NATIONAL WEATHER SERVICE BLACKSBURG VA
524 PM EDT THU JUL 10 2014


...................................

...THE ROANOKE VA CLIMATE SUMMARY FOR JULY 10 2014...
VALID TODAY AS OF 0500 PM LOCAL TIME.

CLIMATE NORMAL PERIOD 1981 TO 2010
CLIMATE RECORD PERIOD 1912 TO 2014


WEATHER ITEM   OBSERVED TIME   RECORD YEAR NORMAL DEPARTURE LAST
                VALUE   (LST)  VALUE       VALUE  FROM      YEAR
                                                  NORMAL
..................................................................
TEMPERATURE (F)
 TODAY
  MAXIMUM         84    300 PM 105    1936  87     -3       90
  MINIMUM         68    320 AM  50    1961  66      2       71
  AVERAGE         76                        77     -1       81

PRECIPITATION (IN)
  TODAY            0.01          3.88 2013   0.13  -0.12     3.88
  MONTH TO DATE    1.12                      1.27  -0.15    10.32
  SINCE JUN 1      4.17                      5.10  -0.93    16.81
  SINCE JAN 1     19.77                     21.80  -2.03    37.35

SNOWFALL (IN)
  TODAY            0.0
  MONTH TO DATE    0.0
  SINCE JUN 1      0.0
  SINCE JUL 1      0.0
  SNOW DEPTH       0

DEGREE DAYS
 HEATING
  TODAY            0                         0      0        0
  MONTH TO DATE    0                         0      0        0
  SINCE JUN 1      0                        11    -11        1
  SINCE JUL 1      0                         0      0        0

 COOLING
  TODAY           11                        12     -1       16
  MONTH TO DATE  115                       115      0      120
  SINCE JUN 1    412                       361     51      386
  SINCE JAN 1    561                       477     84      536
..................................................................


WIND (MPH)
  HIGHEST WIND SPEED     9   HIGHEST WIND DIRECTION     E (100)
  HIGHEST GUST SPEED    MM   HIGHEST GUST DIRECTION    MM
  AVERAGE WIND SPEED     2.4


SKY COVER
  POSSIBLE SUNSHINE  MM
  AVERAGE SKY COVER 0.8


WEATHER CONDITIONS
 THE FOLLOWING WEATHER WAS RECORDED TODAY.
  LIGHT RAIN


RELATIVE HUMIDITY (PERCENT)
 HIGHEST    93          1200 AM
 LOWEST     47           300 PM
 AVERAGE    70

..........................................................


THE ROANOKE VA CLIMATE NORMALS FOR TOMORROW
                         NORMAL    RECORD    YEAR
 MAXIMUM TEMPERATURE (F)   87       100      1930
 MINIMUM TEMPERATURE (F)   66        52      1963
                                             1961


SUNRISE AND SUNSET
JULY 10 2014..........SUNRISE   608 AM EDT   SUNSET   842 PM EDT
JULY 11 2014..........SUNRISE   609 AM EDT   SUNSET   842 PM EDT


-  INDICATES NEGATIVE NUMBERS.
R  INDICATES RECORD WAS SET OR TIED.
MM INDICATES DATA IS MISSING.
T  INDICATES TRACE AMOUNT.



$$
