000
CDUS41 KRNK 200910
CLIROA


CLIMATE REPORT
NATIONAL WEATHER SERVICE BLACKSBURG VA
507 AM EDT SAT SEP 20 2014


...................................

...THE ROANOKE VA CLIMATE SUMMARY FOR SEPTEMBER 19 2014...

CLIMATE NORMAL PERIOD 1981 TO 2010
CLIMATE RECORD PERIOD 1912 TO 2014


WEATHER ITEM   OBSERVED TIME   RECORD YEAR NORMAL DEPARTURE LAST
                VALUE   (LST)  VALUE       VALUE  FROM      YEAR
                                                  NORMAL
..................................................................
TEMPERATURE (F)
 YESTERDAY
  MAXIMUM         65    613 AM  95    1978  77    -12       74
  MINIMUM         60    240 PM  38    1984  56      4       61
  AVERAGE         63                        67     -4       68

PRECIPITATION (IN)
  YESTERDAY        0.13          3.42 1928   0.13   0.00     0.00
  MONTH TO DATE    1.14                      2.60  -1.46      T
  SINCE SEP 1      1.14                      2.60  -1.46      T
  SINCE JAN 1     29.72                     30.73  -1.01    42.31

SNOWFALL (IN)
  YESTERDAY        0.0
  MONTH TO DATE    0.0
  SINCE SEP 1      0.0
  SINCE JUL 1      0.0
  SNOW DEPTH       0

DEGREE DAYS
 HEATING
  YESTERDAY        2                         2      0        0
  MONTH TO DATE    3                        13    -10       15
  SINCE SEP 1      3                        13    -10       15
  SINCE JUL 1      3                        14    -11       16

 COOLING
  YESTERDAY        0                         4     -4        3
  MONTH TO DATE  120                       112      8      123
  SINCE SEP 1    120                       112      8      123
  SINCE JAN 1   1090                      1159    -69     1183
..................................................................


WIND (MPH)
  HIGHEST WIND SPEED    15   HIGHEST WIND DIRECTION     E (100)
  HIGHEST GUST SPEED    18   HIGHEST GUST DIRECTION    SE (120)
  AVERAGE WIND SPEED     3.8


SKY COVER
  POSSIBLE SUNSHINE  MM
  AVERAGE SKY COVER 1.0


WEATHER CONDITIONS
 THE FOLLOWING WEATHER WAS RECORDED YESTERDAY.
  LIGHT RAIN
  FOG


RELATIVE HUMIDITY (PERCENT)
 HIGHEST    93           100 AM
 LOWEST     73           800 AM
 AVERAGE    83

..........................................................


THE ROANOKE VA CLIMATE NORMALS FOR TODAY
                         NORMAL    RECORD    YEAR
 MAXIMUM TEMPERATURE (F)   77        90      2010
                                             1955
                                             1933
 MINIMUM TEMPERATURE (F)   56        36      1929
                                             1916


SUNRISE AND SUNSET
SEPTEMBER 20 2014.....SUNRISE   706 AM EDT   SUNSET   720 PM EDT
SEPTEMBER 21 2014.....SUNRISE   707 AM EDT   SUNSET   718 PM EDT


-  INDICATES NEGATIVE NUMBERS.
R  INDICATES RECORD WAS SET OR TIED.
MM INDICATES DATA IS MISSING.
T  INDICATES TRACE AMOUNT.




$$
