000
CDUS41 KRNK 222215
CLIROA


CLIMATE REPORT
NATIONAL WEATHER SERVICE BLACKSBURG VA
509 PM EST MON DEC 22 2014


...................................

...THE ROANOKE VA CLIMATE SUMMARY FOR DECEMBER 22 2014...
VALID TODAY AS OF 0500 PM LOCAL TIME.

CLIMATE NORMAL PERIOD 1981 TO 2010
CLIMATE RECORD PERIOD 1912 TO 2014


WEATHER ITEM   OBSERVED TIME   RECORD YEAR NORMAL DEPARTURE LAST
                VALUE   (LST)  VALUE       VALUE  FROM      YEAR
                                                  NORMAL
..................................................................
TEMPERATURE (F)
 TODAY
  MAXIMUM         39   1229 AM  71    1923  46     -7       68
  MINIMUM         34   1046 AM   0    1989  29      5       57
  AVERAGE         37                        38     -1       63

PRECIPITATION (IN)
  TODAY            0.08          1.28 1918   0.08   0.00     0.43
  MONTH TO DATE    1.18                      2.15  -0.97     2.69
  SINCE DEC 1      1.18                      2.15  -0.97     2.69
  SINCE JAN 1     38.07                     40.46  -2.39    51.41

SNOWFALL (IN)
  TODAY            0.0
  MONTH TO DATE    T
  SINCE DEC 1      T
  SINCE JUL 1      0.5
  SNOW DEPTH       0

DEGREE DAYS
 HEATING
  TODAY           28                        27      1        2
  MONTH TO DATE  497                       554    -57      451
  SINCE DEC 1    497                       554    -57      451
  SINCE JUL 1   1375                      1358     17     1323

 COOLING
  TODAY            0                         0      0        0
  MONTH TO DATE    0                         0      0        0
  SINCE DEC 1      0                         0      0        0
  SINCE JAN 1   1128                      1208    -80     1227
..................................................................


WIND (MPH)
  HIGHEST WIND SPEED    10   HIGHEST WIND DIRECTION     E (100)
  HIGHEST GUST SPEED    13   HIGHEST GUST DIRECTION     E (100)
  AVERAGE WIND SPEED     4.7


SKY COVER
  POSSIBLE SUNSHINE  MM
  AVERAGE SKY COVER 1.0


WEATHER CONDITIONS
 THE FOLLOWING WEATHER WAS RECORDED TODAY.
  LIGHT RAIN
  FOG


RELATIVE HUMIDITY (PERCENT)
 HIGHEST   100           400 PM
 LOWEST     64          1200 AM
 AVERAGE    82

..........................................................


THE ROANOKE VA CLIMATE NORMALS FOR TOMORROW
                         NORMAL    RECORD    YEAR
 MAXIMUM TEMPERATURE (F)   46        73      1933
 MINIMUM TEMPERATURE (F)   29        -2      1989


SUNRISE AND SUNSET
DECEMBER 22 2014......SUNRISE   731 AM EST   SUNSET   506 PM EST
DECEMBER 23 2014......SUNRISE   731 AM EST   SUNSET   507 PM EST


-  INDICATES NEGATIVE NUMBERS.
R  INDICATES RECORD WAS SET OR TIED.
MM INDICATES DATA IS MISSING.
T  INDICATES TRACE AMOUNT.


$$
