000
CDUS41 KRNK 290916
CLIROA


CLIMATE REPORT
NATIONAL WEATHER SERVICE BLACKSBURG VA
512 AM EDT FRI AUG 29 2014


...................................

...THE ROANOKE VA CLIMATE SUMMARY FOR AUGUST 28 2014...

CLIMATE NORMAL PERIOD 1981 TO 2010
CLIMATE RECORD PERIOD 1912 TO 2014


WEATHER ITEM   OBSERVED TIME   RECORD YEAR NORMAL DEPARTURE LAST
                VALUE   (LST)  VALUE       VALUE  FROM      YEAR
                                                  NORMAL
..................................................................
TEMPERATURE (F)
 YESTERDAY
  MAXIMUM         89    251 PM  98    1948  84      5       MM
  MINIMUM         70    623 AM  49    1986  63      7       MM
                                      1968
                                      1945
  AVERAGE         80                        74      6       MM

PRECIPITATION (IN)
  YESTERDAY        0.00          1.60 1949   0.12  -0.12     0.09
  MONTH TO DATE    6.53                      3.20   3.33     2.05
  SINCE JUN 1     12.98                     11.07   1.91    21.27
  SINCE JAN 1     28.58                     27.77   0.81    41.81

SNOWFALL (IN)
  YESTERDAY        0.0
  MONTH TO DATE    0.0
  SINCE JUN 1      0.0
  SINCE JUL 1      0.0
  SNOW DEPTH       0

DEGREE DAYS
 HEATING
  YESTERDAY        0                         0      0       MM
  MONTH TO DATE    0                         0      0        1
  SINCE JUN 1      0                        11    -11        2
  SINCE JUL 1      0                         0      0        1

 COOLING
  YESTERDAY       15                         9      6       MM
  MONTH TO DATE  186                       296   -110      222
  SINCE JUN 1    787                       903   -116      870
  SINCE JAN 1    936                      1019    -83     1020
..................................................................


WIND (MPH)
  HIGHEST WIND SPEED    14   HIGHEST WIND DIRECTION    NW (300)
  HIGHEST GUST SPEED    17   HIGHEST GUST DIRECTION     W (290)
  AVERAGE WIND SPEED     6.7


SKY COVER
  POSSIBLE SUNSHINE  MM
  AVERAGE SKY COVER 0.4


WEATHER CONDITIONS
 THE FOLLOWING WEATHER WAS RECORDED YESTERDAY.
  NO SIGNIFICANT WEATHER WAS OBSERVED.


RELATIVE HUMIDITY (PERCENT)
 HIGHEST    84           700 AM
 LOWEST     46           200 PM
 AVERAGE    65

..........................................................


THE ROANOKE VA CLIMATE NORMALS FOR TODAY
                         NORMAL    RECORD    YEAR
 MAXIMUM TEMPERATURE (F)   84       100      1953
                                             1932
 MINIMUM TEMPERATURE (F)   63        42      1986


SUNRISE AND SUNSET
AUGUST 29 2014........SUNRISE   648 AM EDT   SUNSET   753 PM EDT
AUGUST 30 2014........SUNRISE   649 AM EDT   SUNSET   752 PM EDT


-  INDICATES NEGATIVE NUMBERS.
R  INDICATES RECORD WAS SET OR TIED.
MM INDICATES DATA IS MISSING.
T  INDICATES TRACE AMOUNT.



$$
