000
CDUS41 KRNK 040948
CLIROA


CLIMATE REPORT
NATIONAL WEATHER SERVICE BLACKSBURG VA
443 AM EST WED MAR 4 2015


...................................

...THE ROANOKE VA CLIMATE SUMMARY FOR MARCH 3 2015...

CLIMATE NORMAL PERIOD 1981 TO 2010
CLIMATE RECORD PERIOD 1912 TO 2015


WEATHER ITEM   OBSERVED TIME   RECORD YEAR NORMAL DEPARTURE LAST
                VALUE   (LST)  VALUE       VALUE  FROM      YEAR
                                                  NORMAL
..................................................................
TEMPERATURE (F)
 YESTERDAY
  MAXIMUM         39    355 PM  84    1976  54    -15       53
  MINIMUM         33   1012 AM  10    1980  33      0       18
  AVERAGE         36                        43     -7       36

PRECIPITATION (IN)
  YESTERDAY        0.03          1.78 1991   0.10  -0.07     0.89
  MONTH TO DATE    0.03                      0.29  -0.26     1.10
  SINCE MAR 1      0.03                      0.29  -0.26     1.10
  SINCE JAN 1      3.95                      6.10  -2.15     7.38

SNOWFALL (IN)
  YESTERDAY        0.0
  MONTH TO DATE    0.0
  SINCE MAR 1      0.0
  SINCE JUL 1     19.8
  SNOW DEPTH       0

DEGREE DAYS
 HEATING
  YESTERDAY       29                        22      7       29
  MONTH TO DATE   85                        66     19       71
  SINCE MAR 1     85                        66     19       71
  SINCE JUL 1   3514                      3271    243     3473

 COOLING
  YESTERDAY        0                         0      0        0
  MONTH TO DATE    0                         0      0        0
  SINCE MAR 1      0                         0      0        0
  SINCE JAN 1      0                         0      0        0
..................................................................


WIND (MPH)
  HIGHEST WIND SPEED    13   HIGHEST WIND DIRECTION    SE (140)
  HIGHEST GUST SPEED    15   HIGHEST GUST DIRECTION    SE (140)
  AVERAGE WIND SPEED     5.0


SKY COVER
  POSSIBLE SUNSHINE  MM
  AVERAGE SKY COVER 0.9


WEATHER CONDITIONS
 THE FOLLOWING WEATHER WAS RECORDED YESTERDAY.
  LIGHT RAIN
  FOG


RELATIVE HUMIDITY (PERCENT)
 HIGHEST    92          1100 PM
 LOWEST     44          1200 AM
 AVERAGE    68

..........................................................


THE ROANOKE VA CLIMATE NORMALS FOR TODAY
                         NORMAL    RECORD    YEAR
 MAXIMUM TEMPERATURE (F)   54        81      1976
                                             1974
 MINIMUM TEMPERATURE (F)   33        10      1943


SUNRISE AND SUNSET
MARCH  4 2015.........SUNRISE   647 AM EST   SUNSET   617 PM EST
MARCH  5 2015.........SUNRISE   646 AM EST   SUNSET   617 PM EST


-  INDICATES NEGATIVE NUMBERS.
R  INDICATES RECORD WAS SET OR TIED.
MM INDICATES DATA IS MISSING.
T  INDICATES TRACE AMOUNT.




$$
