235
CDUS45 KABQ 240831
CLIROW


CLIMATE REPORT
NATIONAL WEATHER SERVICE ALBUQUERQUE NM
130 AM MST FRI FEB 24 2017


...................................

...THE ROSWELL NM CLIMATE SUMMARY FOR FEBRUARY 23 2017...

CLIMATE NORMAL PERIOD 1981 TO 2010
CLIMATE RECORD PERIOD 1893 TO 2017


WEATHER ITEM   OBSERVED TIME   RECORD YEAR NORMAL DEPARTURE
                VALUE   (LST)  VALUE       VALUE  FROM
                                                  NORMAL
...............................................................
TEMPERATURE (F)
 YESTERDAY
  MAXIMUM         77   1246 PM  86    1904  63     14
  MINIMUM         45    307 AM   6    1965  33     12
  AVERAGE         61                        48     13

PRECIPITATION (IN)
  YESTERDAY        0.00          0.80 1931   0.01  -0.01
  MONTH TO DATE    0.16                      0.34  -0.18
  SINCE DEC 1      1.55                      1.36   0.19
  SINCE JAN 1      1.25                      0.72   0.53

SNOWFALL (IN)
  YESTERDAY        0.0
  MONTH TO DATE    T
  SINCE DEC 1      2.5
  SINCE JUL 1      2.5

DEGREE DAYS
 HEATING
  YESTERDAY        4                        17    -13
  MONTH TO DATE  307                       457   -150
  SINCE DEC 1   1686                      1977   -291
  SINCE JUL 1   2072                      2623   -551

 COOLING
  YESTERDAY        0                         0      0
  MONTH TO DATE    0                         0      0
  SINCE DEC 1      0                         0      0
  SINCE JAN 1      0                         0      0
...............................................................


WIND (MPH)
  HIGHEST WIND SPEED    47   HIGHEST WIND DIRECTION    SW (240)
  HIGHEST GUST SPEED    58   HIGHEST GUST DIRECTION    SW (240)
  AVERAGE WIND SPEED    20.7


SKY COVER
  AVERAGE SKY COVER 0.0


WEATHER CONDITIONS
 THE FOLLOWING WEATHER WAS RECORDED YESTERDAY.
  NO SIGNIFICANT WEATHER WAS OBSERVED.


RELATIVE HUMIDITY (PERCENT)
 HIGHEST    50           500 AM
 LOWEST      5           300 PM
 AVERAGE    28

..........................................................


THE ROSWELL NM CLIMATE NORMALS FOR TODAY
                         NORMAL    RECORD    YEAR
 MAXIMUM TEMPERATURE (F)   63        88      1904
 MINIMUM TEMPERATURE (F)   33        -4      1965


SUNRISE AND SUNSET
FEBRUARY 24 2017......SUNRISE   632 AM MST   SUNSET   551 PM MST
FEBRUARY 25 2017......SUNRISE   631 AM MST   SUNSET   552 PM MST


-  INDICATES NEGATIVE NUMBERS.
R  INDICATES RECORD WAS SET OR TIED.
MM INDICATES DATA IS MISSING.
T  INDICATES TRACE AMOUNT.




$$
