000
CDUS45 KABQ 180845
CLIROW


CLIMATE REPORT
NATIONAL WEATHER SERVICE ALBUQUERQUE NM
145 AM MST SUN FEB 18 2018


...................................

...THE ROSWELL NM CLIMATE SUMMARY FOR FEBRUARY 17 2018...

CLIMATE NORMAL PERIOD 1981 TO 2010
CLIMATE RECORD PERIOD 1893 TO 2018


WEATHER ITEM   OBSERVED TIME   RECORD YEAR NORMAL DEPARTURE
                VALUE   (LST)  VALUE       VALUE  FROM
                                                  NORMAL
...............................................................
TEMPERATURE (F)
 YESTERDAY
  MAXIMUM         67    312 PM  83    1970  61      6
  MINIMUM         39    655 AM  -2    1895  31      8
  AVERAGE         53                        46      7

PRECIPITATION (IN)
  YESTERDAY        0.00          0.76 1905   0.01  -0.01
  MONTH TO DATE    0.54                      0.25   0.29
  SINCE DEC 1      0.61                      1.27  -0.66
  SINCE JAN 1      0.61                      0.63  -0.02

SNOWFALL (IN)
  YESTERDAY        0.0
  MONTH TO DATE    0.0
  SINCE DEC 1      0.0
  SINCE JUL 1      0.0

DEGREE DAYS
 HEATING
  YESTERDAY       12                        19     -7
  MONTH TO DATE  298                       349    -51
  SINCE DEC 1   1735                      1869   -134
  SINCE JUL 1   2185                      2515   -330

 COOLING
  YESTERDAY        0                         0      0
  MONTH TO DATE    0                         0      0
  SINCE DEC 1      0                         0      0
  SINCE JAN 1      0                         0      0
...............................................................


WIND (MPH)
  HIGHEST WIND SPEED    23   HIGHEST WIND DIRECTION     W (270)
  HIGHEST GUST SPEED    29   HIGHEST GUST DIRECTION     W (280)
  AVERAGE WIND SPEED     6.8


SKY COVER
  AVERAGE SKY COVER 0.3


WEATHER CONDITIONS
 THE FOLLOWING WEATHER WAS RECORDED YESTERDAY.
  FOG
  FOG W/VISIBILITY <= 1/4 MILE


RELATIVE HUMIDITY (PERCENT)
 HIGHEST   100           200 AM
 LOWEST     26           300 PM
 AVERAGE    63

..........................................................


THE ROSWELL NM CLIMATE NORMALS FOR TODAY
                         NORMAL    RECORD    YEAR
 MAXIMUM TEMPERATURE (F)   61        91      2016
 MINIMUM TEMPERATURE (F)   31         7      1942
                                             1910


SUNRISE AND SUNSET
FEBRUARY 18 2018......SUNRISE   639 AM MST   SUNSET   546 PM MST
FEBRUARY 19 2018......SUNRISE   638 AM MST   SUNSET   547 PM MST


-  INDICATES NEGATIVE NUMBERS.
R  INDICATES RECORD WAS SET OR TIED.
MM INDICATES DATA IS MISSING.
T  INDICATES TRACE AMOUNT.




$$
