000
CDUS45 KABQ 040837
CLIROW


CLIMATE REPORT
NATIONAL WEATHER SERVICE ALBUQUERQUE NM
135 AM MST WED MAR 4 2015


...................................

...THE ROSWELL NM CLIMATE SUMMARY FOR MARCH 3 2015...

CLIMATE NORMAL PERIOD 1981 TO 2010
CLIMATE RECORD PERIOD 1893 TO 2015


WEATHER ITEM   OBSERVED TIME   RECORD YEAR NORMAL DEPARTURE
                VALUE   (LST)  VALUE       VALUE  FROM
                                                  NORMAL
...............................................................
TEMPERATURE (F)
 YESTERDAY
  MAXIMUM         61    428 PM  86    2009  65     -4
                                      1967
  MINIMUM         36    421 AM   9    2002  34      2
                                      1971
  AVERAGE         49                        50     -1

PRECIPITATION (IN)
  YESTERDAY        T             0.29 1917   0.02  -0.02
  MONTH TO DATE    T                         0.05  -0.05
  SINCE MAR 1      T                         0.05  -0.05
  SINCE JAN 1      1.91                      0.85   1.06

SNOWFALL (IN)
  YESTERDAY        0.0
  MONTH TO DATE    0.0
  SINCE MAR 1      0.0
  SINCE JUL 1     16.2

DEGREE DAYS
 HEATING
  YESTERDAY       16                        16      0
  MONTH TO DATE   75                        48     27
  SINCE MAR 1     75                        48     27
  SINCE JUL 1   2792                      2755     37

 COOLING
  YESTERDAY        0                         0      0
  MONTH TO DATE    0                         0      0
  SINCE MAR 1      0                         0      0
  SINCE JAN 1      0                         0      0
...............................................................


WIND (MPH)
  HIGHEST WIND SPEED    18   HIGHEST WIND DIRECTION     S (160)
  HIGHEST GUST SPEED    25   HIGHEST GUST DIRECTION     S (160)
  AVERAGE WIND SPEED     7.4


SKY COVER
  AVERAGE SKY COVER 0.6


WEATHER CONDITIONS
 THE FOLLOWING WEATHER WAS RECORDED YESTERDAY.
  LIGHT RAIN
  FOG
  FOG W/VISIBILITY <= 1/4 MILE


RELATIVE HUMIDITY (PERCENT)
 HIGHEST   100           400 AM
 LOWEST     57           500 PM
 AVERAGE    79

..........................................................


THE ROSWELL NM CLIMATE NORMALS FOR TODAY
                         NORMAL    RECORD    YEAR
 MAXIMUM TEMPERATURE (F)   65        98      1911
 MINIMUM TEMPERATURE (F)   35        12      2002


SUNRISE AND SUNSET
MARCH  4 2015.........SUNRISE   623 AM MST   SUNSET   557 PM MST
MARCH  5 2015.........SUNRISE   622 AM MST   SUNSET   558 PM MST


-  INDICATES NEGATIVE NUMBERS.
R  INDICATES RECORD WAS SET OR TIED.
MM INDICATES DATA IS MISSING.
T  INDICATES TRACE AMOUNT.




$$
