000
CDUS45 KABQ 290834
CLIROW


CLIMATE REPORT
NATIONAL WEATHER SERVICE ALBUQUERQUE NM
233 AM MDT SUN MAR 29 2015


...................................

...THE ROSWELL NM CLIMATE SUMMARY FOR MARCH 28 2015...

CLIMATE NORMAL PERIOD 1981 TO 2010
CLIMATE RECORD PERIOD 1893 TO 2015


WEATHER ITEM   OBSERVED TIME   RECORD YEAR NORMAL DEPARTURE
                VALUE   (LST)  VALUE       VALUE  FROM
                                                  NORMAL
...............................................................
TEMPERATURE (F)
 YESTERDAY
  MAXIMUM         88    423 PM  94    1967  72     16
  MINIMUM         41    417 AM  17    1955  39      2
  AVERAGE         65                        56      9

PRECIPITATION (IN)
  YESTERDAY        0.00          0.25 1966   0.02  -0.02
  MONTH TO DATE    0.29                      0.46  -0.17
  SINCE MAR 1      0.29                      0.46  -0.17
  SINCE JAN 1      2.20                      1.26   0.94

SNOWFALL (IN)
  YESTERDAY        0.0
  MONTH TO DATE    T
  SINCE MAR 1      T
  SINCE JUL 1     16.2

DEGREE DAYS
 HEATING
  YESTERDAY        0                        10    -10
  MONTH TO DATE  355                       361     -6
  SINCE MAR 1    355                       361     -6
  SINCE JUL 1   3072                      3068      4

 COOLING
  YESTERDAY        0                         0      0
  MONTH TO DATE    0                         0      0
  SINCE MAR 1      0                         0      0
  SINCE JAN 1      0                         0      0
...............................................................


WIND (MPH)
  HIGHEST WIND SPEED    18   HIGHEST WIND DIRECTION     N (350)
  HIGHEST GUST SPEED    23   HIGHEST GUST DIRECTION     N (340)
  AVERAGE WIND SPEED     5.8


SKY COVER
  AVERAGE SKY COVER 0.0


WEATHER CONDITIONS
 THE FOLLOWING WEATHER WAS RECORDED YESTERDAY.
  NO SIGNIFICANT WEATHER WAS OBSERVED.


RELATIVE HUMIDITY (PERCENT)
 HIGHEST    62           600 AM
 LOWEST      7           500 PM
 AVERAGE    35

..........................................................


THE ROSWELL NM CLIMATE NORMALS FOR TODAY
                         NORMAL    RECORD    YEAR
 MAXIMUM TEMPERATURE (F)   72        92      1967
 MINIMUM TEMPERATURE (F)   40        19      1944


SUNRISE AND SUNSET
MARCH 29 2015.........SUNRISE   650 AM MDT   SUNSET   716 PM MDT
MARCH 30 2015.........SUNRISE   649 AM MDT   SUNSET   717 PM MDT


-  INDICATES NEGATIVE NUMBERS.
R  INDICATES RECORD WAS SET OR TIED.
MM INDICATES DATA IS MISSING.
T  INDICATES TRACE AMOUNT.




$$
