000
CDUS45 KABQ 280826
CLIROW


CLIMATE REPORT
NATIONAL WEATHER SERVICE ALBUQUERQUE NM
226 AM MDT THU APR 28 2016


...................................

...THE ROSWELL NM CLIMATE SUMMARY FOR APRIL 27 2016...

CLIMATE NORMAL PERIOD 1981 TO 2010
CLIMATE RECORD PERIOD 1893 TO 2016


WEATHER ITEM   OBSERVED TIME   RECORD YEAR NORMAL DEPARTURE
                VALUE   (LST)  VALUE       VALUE  FROM
                                                  NORMAL
...............................................................
TEMPERATURE (F)
 YESTERDAY
  MAXIMUM         82    330 PM  98    1996  80      2
  MINIMUM         40    438 AM  31    1920  49     -9
  AVERAGE         61                        64     -3

PRECIPITATION (IN)
  YESTERDAY        0.00          1.35 1897   0.03  -0.03
  MONTH TO DATE    0.77                      0.53   0.24
  SINCE MAR 1      0.77                      1.04  -0.27
  SINCE JAN 1      1.33                      1.84  -0.51

SNOWFALL (IN)
  YESTERDAY        0.0
  MONTH TO DATE    T
  SINCE MAR 1      T
  SINCE JUL 1     17.8

DEGREE DAYS
 HEATING
  YESTERDAY        4                         3      1
  MONTH TO DATE  131                       155    -24
  SINCE MAR 1    409                       542   -133
  SINCE JUL 1   2969                      3249   -280

 COOLING
  YESTERDAY        0                         2     -2
  MONTH TO DATE   15                        29    -14
  SINCE MAR 1     15                        32    -17
  SINCE JAN 1     15                        32    -17
...............................................................


WIND (MPH)
  HIGHEST WIND SPEED    20   HIGHEST WIND DIRECTION    NW (300)
  HIGHEST GUST SPEED    25   HIGHEST GUST DIRECTION     S (160)
  AVERAGE WIND SPEED     7.6


SKY COVER
  AVERAGE SKY COVER 0.0


WEATHER CONDITIONS
 THE FOLLOWING WEATHER WAS RECORDED YESTERDAY.
  NO SIGNIFICANT WEATHER WAS OBSERVED.


RELATIVE HUMIDITY (PERCENT)
 HIGHEST    45           500 AM
 LOWEST     10           400 PM
 AVERAGE    28

..........................................................


THE ROSWELL NM CLIMATE NORMALS FOR TODAY
                         NORMAL    RECORD    YEAR
 MAXIMUM TEMPERATURE (F)   80        95      1992
 MINIMUM TEMPERATURE (F)   49        31      1961


SUNRISE AND SUNSET
APRIL 28 2016.........SUNRISE   613 AM MDT   SUNSET   739 PM MDT
APRIL 29 2016.........SUNRISE   612 AM MDT   SUNSET   740 PM MDT


-  INDICATES NEGATIVE NUMBERS.
R  INDICATES RECORD WAS SET OR TIED.
MM INDICATES DATA IS MISSING.
T  INDICATES TRACE AMOUNT.




$$
