000
CDUS45 KABQ 110827
CLIROW


CLIMATE REPORT
NATIONAL WEATHER SERVICE ALBUQUERQUE NM
127 AM MST MON DEC 11 2017


...................................

...THE ROSWELL NM CLIMATE SUMMARY FOR DECEMBER 10 2017...

CLIMATE NORMAL PERIOD 1981 TO 2010
CLIMATE RECORD PERIOD 1893 TO 2017


WEATHER ITEM   OBSERVED TIME   RECORD YEAR NORMAL DEPARTURE
                VALUE   (LST)  VALUE       VALUE  FROM
                                                  NORMAL
...............................................................
TEMPERATURE (F)
 YESTERDAY
  MAXIMUM         65    252 PM  81    1939  55     10
  MINIMUM         22    642 AM   1    1978  27     -5
  AVERAGE         44                        41      3

PRECIPITATION (IN)
  YESTERDAY        0.00          1.07 1923   0.02  -0.02
  MONTH TO DATE    T                         0.21  -0.21
  SINCE DEC 1      T                         0.21  -0.21
  SINCE JAN 1     11.16                     12.48  -1.32

SNOWFALL (IN)
  YESTERDAY        0.0
  MONTH TO DATE    0.0
  SINCE DEC 1      0.0
  SINCE JUL 1      0.0

DEGREE DAYS
 HEATING
  YESTERDAY       21                        24     -3
  MONTH TO DATE  181                       230    -49
  SINCE DEC 1    181                       230    -49
  SINCE JUL 1    631                       876   -245

 COOLING
  YESTERDAY        0                         0      0
  MONTH TO DATE    0                         0      0
  SINCE DEC 1      0                         0      0
  SINCE JAN 1   2172                      1789    383
...............................................................


WIND (MPH)
  HIGHEST WIND SPEED    10   HIGHEST WIND DIRECTION     S (190)
  HIGHEST GUST SPEED    12   HIGHEST GUST DIRECTION     S (180)
  AVERAGE WIND SPEED     3.8


SKY COVER
  AVERAGE SKY COVER 0.0


WEATHER CONDITIONS
 THE FOLLOWING WEATHER WAS RECORDED YESTERDAY.
  NO SIGNIFICANT WEATHER WAS OBSERVED.


RELATIVE HUMIDITY (PERCENT)
 HIGHEST    55           400 AM
 LOWEST      9           300 PM
 AVERAGE    32

..........................................................


THE ROSWELL NM CLIMATE NORMALS FOR TODAY
                         NORMAL    RECORD    YEAR
 MAXIMUM TEMPERATURE (F)   55        79      1987
 MINIMUM TEMPERATURE (F)   26         8      1960
                                             1924


SUNRISE AND SUNSET
DECEMBER 11 2017......SUNRISE   652 AM MST   SUNSET   451 PM MST
DECEMBER 12 2017......SUNRISE   653 AM MST   SUNSET   451 PM MST


-  INDICATES NEGATIVE NUMBERS.
R  INDICATES RECORD WAS SET OR TIED.
MM INDICATES DATA IS MISSING.
T  INDICATES TRACE AMOUNT.




$$
