000
CDUS45 KABQ 010827
CLIROW


CLIMATE REPORT
NATIONAL WEATHER SERVICE ALBUQUERQUE NM
227 AM MDT WED JUL 1 2015


...................................

...THE ROSWELL NM CLIMATE SUMMARY FOR JUNE 30 2015...

CLIMATE NORMAL PERIOD 1981 TO 2010
CLIMATE RECORD PERIOD 1893 TO 2015


WEATHER ITEM   OBSERVED TIME   RECORD YEAR NORMAL DEPARTURE
                VALUE   (LST)  VALUE       VALUE  FROM
                                                  NORMAL
...............................................................
TEMPERATURE (F)
 YESTERDAY
  MAXIMUM         91    422 PM 108    1994  95     -4
  MINIMUM         65    501 AM  57    1968  66     -1
  AVERAGE         78                        80     -2

PRECIPITATION (IN)
  YESTERDAY        0.00          1.03 2010   0.09  -0.09
  MONTH TO DATE    2.90                      1.73   1.17
  SINCE JUN 1      2.90                      1.73   1.17
  SINCE JAN 1     10.59                      4.90   5.69

SNOWFALL (IN)
  YESTERDAY        0.0
  MONTH TO DATE    0.0
  SINCE JUN 1      0.0
  SINCE JUL 1     16.2

DEGREE DAYS
 HEATING
  YESTERDAY        0                         0      0
  MONTH TO DATE    0                         0      0
  SINCE JUN 1      0                         1     -1
  SINCE JUL 1   3233                      3288    -55

 COOLING
  YESTERDAY       13                        15     -2
  MONTH TO DATE  408                       397     11
  SINCE JUN 1    408                       397     11
  SINCE JAN 1    515                       622   -107
...............................................................


WIND (MPH)
  HIGHEST WIND SPEED    16   HIGHEST WIND DIRECTION    SE (150)
  HIGHEST GUST SPEED    20   HIGHEST GUST DIRECTION     S (160)
  AVERAGE WIND SPEED     6.3


SKY COVER
  AVERAGE SKY COVER 0.1


WEATHER CONDITIONS
 THE FOLLOWING WEATHER WAS RECORDED YESTERDAY.
  NO SIGNIFICANT WEATHER WAS OBSERVED.


RELATIVE HUMIDITY (PERCENT)
 HIGHEST    87           300 AM
 LOWEST     29           600 PM
 AVERAGE    58

..........................................................


THE ROSWELL NM CLIMATE NORMALS FOR TODAY
                         NORMAL    RECORD    YEAR
 MAXIMUM TEMPERATURE (F)   95       108      1957
 MINIMUM TEMPERATURE (F)   66        55      1895


SUNRISE AND SUNSET
JULY  1 2015..........SUNRISE   552 AM MDT   SUNSET   812 PM MDT
JULY  2 2015..........SUNRISE   553 AM MDT   SUNSET   811 PM MDT


-  INDICATES NEGATIVE NUMBERS.
R  INDICATES RECORD WAS SET OR TIED.
MM INDICATES DATA IS MISSING.
T  INDICATES TRACE AMOUNT.




$$
