000
CDUS43 KARX 010632
CLIRST


CLIMATE REPORT
NATIONAL WEATHER SERVICE LA CROSSE WI
132 AM CDT SAT OCT 1 2016


...................................

...THE ROCHESTER MN CLIMATE SUMMARY FOR SEPTEMBER 30 2016...

CLIMATE NORMAL PERIOD 1981 TO 2010
CLIMATE RECORD PERIOD 1886 TO 2016


WEATHER ITEM   OBSERVED TIME   RECORD YEAR NORMAL DEPARTURE LAST
                VALUE   (LST)  VALUE       VALUE  FROM      YEAR
                                                  NORMAL
..................................................................
TEMPERATURE (F)
 YESTERDAY
  MAXIMUM         70    301 PM  86    2002  66      4       61
                                      1952
  MINIMUM         47    552 AM  24    1939  44      3       38
  AVERAGE         59                        55      4       50

PRECIPITATION (IN)
  YESTERDAY        0.00          1.46 2007   0.10  -0.10     0.00
  MONTH TO DATE    9.10                      3.45   5.65     2.88
  SINCE SEP 1      9.10                      3.45   5.65     2.88
  SINCE JAN 1     37.37                     27.64   9.73    28.05

SNOWFALL (IN)
  YESTERDAY        0.0           0.8  1961   0.0    0.0      0.0
  MONTH TO DATE    0.0                       0.0    0.0      0.0
  SINCE JUL 1      0.0                       0.0    0.0      0.0
  SNOW DEPTH       0

DEGREE DAYS
 HEATING
  YESTERDAY        6                        11     -5       15
  MONTH TO DATE   66                       177   -111       82
  SINCE JUL 1     77                       215   -138      141

 COOLING
  YESTERDAY        0                         1     -1        0
  MONTH TO DATE   55                        54      1      127
  SINCE JAN 1    628                       579     49      502
..................................................................


WIND (MPH)
  HIGHEST WIND SPEED    16   HIGHEST WIND DIRECTION    NE (50)
  HIGHEST GUST SPEED    20   HIGHEST GUST DIRECTION    NE (50)
  AVERAGE WIND SPEED     6.7


SKY COVER
  POSSIBLE SUNSHINE  MM
  AVERAGE SKY COVER 0.4


WEATHER CONDITIONS
 THE FOLLOWING WEATHER WAS RECORDED YESTERDAY.
  LIGHT RAIN
  FOG


RELATIVE HUMIDITY (PERCENT)
 HIGHEST   100           500 AM
 LOWEST     57           100 PM
 AVERAGE    79

..........................................................


THE ROCHESTER MN CLIMATE NORMALS FOR TODAY
                         NORMAL    RECORD    YEAR
 MAXIMUM TEMPERATURE (F)   65        88      1976
 MINIMUM TEMPERATURE (F)   44        21      1920


SUNRISE AND SUNSET
OCTOBER  1 2016.......SUNRISE   708 AM CDT   SUNSET   650 PM CDT
OCTOBER  2 2016.......SUNRISE   709 AM CDT   SUNSET   648 PM CDT


-  INDICATES NEGATIVE NUMBERS.
R  INDICATES RECORD WAS SET OR TIED.
MM INDICATES DATA IS MISSING.
T  INDICATES TRACE AMOUNT.




$$
