000
CDUS45 KCYS 050728
CLIRWL


CLIMATE REPORT
NATIONAL WEATHER SERVICE CHEYENNE WY
128 AM MDT THU MAY 5 2016


...................................

...THE RAWLINS WY AIRPORT CLIMATE SUMMARY FOR MAY 4 2016...

CLIMATE NORMAL PERIOD 1981 TO 2010
CLIMATE RECORD PERIOD 1951 TO 2016


WEATHER ITEM   OBSERVED TIME   RECORD YEAR NORMAL DEPARTURE LAST
                VALUE   (LST)  VALUE       VALUE  FROM      YEAR
                                                  NORMAL
..................................................................
TEMPERATURE (F)
 YESTERDAY
  MAXIMUM         72    302 PM  79    2000  60     12       66
  MINIMUM         30    459 AM  23    2011  32     -2       35
                                      2010
  AVERAGE         51                        46      5       51

PRECIPITATION (IN)
  YESTERDAY        0.00          1.01 1969   0.04  -0.04     0.00
  MONTH TO DATE    0.00                      0.17  -0.17     0.07
  SINCE JAN 1      3.85                      2.68   1.17     1.97

DEGREE DAYS
 HEATING
  YESTERDAY       14                        19     -5       14
  MONTH TO DATE   87                        79      8       42
  SINCE MAR 1   1716                      1841   -125     1559
  SINCE JUL 1   7188                      7798   -610     6790

 COOLING
  YESTERDAY        0                         0      0        0
  MONTH TO DATE    0                         0      0        0
  SINCE MAR 1      0                         0      0        0
  SINCE JAN 1      0                         0      0        0
..................................................................


WIND (MPH)
  HIGHEST WIND SPEED    21   HIGHEST WIND DIRECTION    SW (210)
  HIGHEST GUST SPEED    29   HIGHEST GUST DIRECTION    SW (210)
  AVERAGE WIND SPEED     4.8


SKY COVER
  AVERAGE SKY COVER 0.0


WEATHER CONDITIONS
 THE FOLLOWING WEATHER WAS RECORDED YESTERDAY.
  NO SIGNIFICANT WEATHER WAS OBSERVED.


RELATIVE HUMIDITY (PERCENT)
 HIGHEST    85           300 AM
 LOWEST     14           300 PM
 AVERAGE    50

..........................................................


THE RAWLINS WY AIRPORT CLIMATE NORMALS FOR TODAY
                         NORMAL    RECORD    YEAR
 MAXIMUM TEMPERATURE (F)   60        81      2000
 MINIMUM TEMPERATURE (F)   32        16      2010


SUNRISE AND SUNSET
MAY  5 2016...........SUNRISE   559 AM MDT   SUNSET   812 PM MDT
MAY  6 2016...........SUNRISE   558 AM MDT   SUNSET   813 PM MDT


-  INDICATES NEGATIVE NUMBERS.
R  INDICATES RECORD WAS SET OR TIED.
MM INDICATES DATA IS MISSING.
T  INDICATES TRACE AMOUNT.




$$
