000
CDUS45 KPIH 020731
CLIRXE


CLIMATE REPORT
NATIONAL WEATHER SERVICE POCATELLO ID
1230 AM MST MON MAR 2 2015


...................................

...THE REXBURG ID CLIMATE SUMMARY FOR MARCH 1 2015...

CLIMATE NORMAL PERIOD 1981 TO 2010
CLIMATE RECORD PERIOD 1998 TO 2015


WEATHER ITEM   OBSERVED TIME   RECORD YEAR NORMAL DEPARTURE LAST
                VALUE   (LST)  VALUE       VALUE  FROM      YEAR
                                                  NORMAL
..................................................................
TEMPERATURE (F)
 YESTERDAY
  MAXIMUM         40    524 PM  43    2000  38      2       37
  MINIMUM          9    705 AM  -1    2002  17     -8       14
  AVERAGE         25                        27     -2       26

PRECIPITATION (IN)
  YESTERDAY        0.00         MM      MM   0.03  -0.03     0.13
  MONTH TO DATE    0.00                      0.03  -0.03     0.13
  SINCE OCT 1      3.78                      4.81  -1.03     3.39
  SINCE JAN 1      1.01                      1.60  -0.59     1.53

SNOWFALL (IN)
  YESTERDAY       MM
  MONTH TO DATE   MM
  SINCE MAR 1     MM
  SINCE JUL 1     MM
  SNOW DEPTH      MM

DEGREE DAYS
 HEATING
  YESTERDAY       40                        38      2       39
  MONTH TO DATE   40                        38      2       39
  SINCE MAR 1     40                        38      2       39
  SINCE JUL 1   5124                      6011   -887     5854

 COOLING
  YESTERDAY        0                         0      0        0
  MONTH TO DATE    0                         0      0        0
  SINCE MAR 1      0                         0      0        0
  SINCE JAN 1      0                         0      0        0
..................................................................


WIND (MPH)
  HIGHEST WIND SPEED    16   HIGHEST WIND DIRECTION    NE (50)
  HIGHEST GUST SPEED    21   HIGHEST GUST DIRECTION    NE (50)
  AVERAGE WIND SPEED     6.0


SKY COVER
  POSSIBLE SUNSHINE  MM
  AVERAGE SKY COVER 0.0


WEATHER CONDITIONS
 THE FOLLOWING WEATHER WAS RECORDED YESTERDAY.
  NO SIGNIFICANT WEATHER WAS OBSERVED.


RELATIVE HUMIDITY (PERCENT)
 HIGHEST    73           500 AM
 LOWEST     10           500 PM
 AVERAGE    42

..........................................................


THE REXBURG ID CLIMATE NORMALS FOR TODAY
                         NORMAL    RECORD    YEAR
 MAXIMUM TEMPERATURE (F)   38        46      2009
 MINIMUM TEMPERATURE (F)   18       -10      2002


SUNRISE AND SUNSET
MARCH  2 2015.........SUNRISE   703 AM MST   SUNSET   617 PM MST
MARCH  3 2015.........SUNRISE   701 AM MST   SUNSET   618 PM MST


-  INDICATES NEGATIVE NUMBERS.
R  INDICATES RECORD WAS SET OR TIED.
MM INDICATES DATA IS MISSING.
T  INDICATES TRACE AMOUNT.




$$
