000
CDUS45 KPIH 260734
CLIRXE


CLIMATE REPORT
NATIONAL WEATHER SERVICE POCATELLO ID
132 AM MDT FRI AUG 26 2016


...................................

...THE REXBURG ID CLIMATE SUMMARY FOR AUGUST 25 2016...

CLIMATE NORMAL PERIOD 1981 TO 2010
CLIMATE RECORD PERIOD 1998 TO 2016


WEATHER ITEM   OBSERVED TIME   RECORD YEAR NORMAL DEPARTURE LAST
                VALUE   (LST)  VALUE       VALUE  FROM      YEAR
                                                  NORMAL
..................................................................
TEMPERATURE (F)
 YESTERDAY
  MAXIMUM         77    406 PM  95    2015  81     -4       95
  MINIMUM         42    625 AM  39    1998  47     -5       50
  AVERAGE         60                        64     -4       73

PRECIPITATION (IN)
  YESTERDAY        0.00         MM      MM   0.03  -0.03     0.00
  MONTH TO DATE    0.04                      0.72  -0.68     0.53
  SINCE OCT 1      9.11                     11.89  -2.78     9.89
  SINCE JAN 1      5.95                      8.68  -2.73     7.12

SNOWFALL (IN)
  YESTERDAY       MM
  MONTH TO DATE   MM
  SINCE JUN 1     MM
  SINCE JUL 1     MM
  SNOW DEPTH      MM

DEGREE DAYS
 HEATING
  YESTERDAY        5                         2      3        0
  MONTH TO DATE   27                        23      4       26
  SINCE JUN 1    131                       225    -94      110
  SINCE JUL 1     61                        53      8       70

 COOLING
  YESTERDAY        0                         1     -1        8
  MONTH TO DATE   63                        79    -16       86
  SINCE JUN 1    235                       189     46      271
  SINCE JAN 1    235                       193     42      271
..................................................................


WIND (MPH)
  HIGHEST WIND SPEED    14   HIGHEST WIND DIRECTION     N (10)
  HIGHEST GUST SPEED    17   HIGHEST GUST DIRECTION     N (10)
  AVERAGE WIND SPEED     5.0


SKY COVER
  POSSIBLE SUNSHINE  MM
  AVERAGE SKY COVER 0.0


WEATHER CONDITIONS
 THE FOLLOWING WEATHER WAS RECORDED YESTERDAY.
  NO SIGNIFICANT WEATHER WAS OBSERVED.


RELATIVE HUMIDITY (PERCENT)
 HIGHEST    76           500 AM
 LOWEST     13           500 PM
 AVERAGE    45

..........................................................


THE REXBURG ID CLIMATE NORMALS FOR TODAY
                         NORMAL    RECORD    YEAR
 MAXIMUM TEMPERATURE (F)   81        94      2011
                                             2010
 MINIMUM TEMPERATURE (F)   47        39      2005


SUNRISE AND SUNSET
AUGUST 26 2016........SUNRISE   645 AM MDT   SUNSET   812 PM MDT
AUGUST 27 2016........SUNRISE   646 AM MDT   SUNSET   811 PM MDT


-  INDICATES NEGATIVE NUMBERS.
R  INDICATES RECORD WAS SET OR TIED.
MM INDICATES DATA IS MISSING.
T  INDICATES TRACE AMOUNT.




$$
