000
CDUS45 KPIH 192323
CLIRXE


CLIMATE REPORT
NATIONAL WEATHER SERVICE POCATELLO ID
422 PM MST MON FEB 19 2018


...................................

...THE REXBURG ID CLIMATE SUMMARY FOR FEBRUARY 19 2018...
VALID TODAY AS OF 0400 PM LOCAL TIME.

CLIMATE NORMAL PERIOD 1981 TO 2010
CLIMATE RECORD PERIOD 1998 TO 2018


WEATHER ITEM   OBSERVED TIME   RECORD YEAR NORMAL DEPARTURE LAST
                VALUE   (LST)  VALUE       VALUE  FROM      YEAR
                                                  NORMAL
..................................................................
TEMPERATURE (F)
 TODAY
  MAXIMUM         25   1217 AM  51    2015  33     -8       41
  MINIMUM         11    749 AM  -2    2010  13     -2       32
                                      2006
  AVERAGE         18                        23     -5       37

PRECIPITATION (IN)
  TODAY            T            MM      MM   0.03  -0.03     0.22
  MONTH TO DATE    0.05                      0.56  -0.51     0.81
  SINCE OCT 1      3.47                      4.51  -1.04     7.71
  SINCE JAN 1      1.37                      1.30   0.07     1.95

SNOWFALL (IN)
  TODAY           MM
  MONTH TO DATE   MM
  SINCE DEC 1     MM
  SINCE JUL 1     MM
  SNOW DEPTH      MM

DEGREE DAYS
 HEATING
  TODAY           47                        42      5       28
  MONTH TO DATE  631                       836   -205      657
  SINCE DEC 1   3162                      3601   -439     3794
  SINCE JUL 1   5041                      5613   -572     5441

 COOLING
  TODAY            0                         0      0        0
  MONTH TO DATE    0                         0      0        0
  SINCE DEC 1      0                         0      0        0
  SINCE JAN 1      0                         0      0        0
..................................................................


WIND (MPH)
  HIGHEST WIND SPEED    18   HIGHEST WIND DIRECTION    SW (220)
  HIGHEST GUST SPEED    24   HIGHEST GUST DIRECTION    SW (220)
  AVERAGE WIND SPEED     9.1


SKY COVER
  POSSIBLE SUNSHINE  MM
  AVERAGE SKY COVER 0.7


WEATHER CONDITIONS
 THE FOLLOWING WEATHER WAS RECORDED TODAY.
  NO SIGNIFICANT WEATHER WAS OBSERVED.


RELATIVE HUMIDITY (PERCENT)
 HIGHEST    81          1200 AM
 LOWEST     39           400 PM
 AVERAGE    60

..........................................................


THE REXBURG ID CLIMATE NORMALS FOR TOMORROW
                         NORMAL    RECORD    YEAR
 MAXIMUM TEMPERATURE (F)   34        46      2015
 MINIMUM TEMPERATURE (F)   13        -4      2010


SUNRISE AND SUNSET
FEBRUARY 19 2018......SUNRISE   720 AM MST   SUNSET   603 PM MST
FEBRUARY 20 2018......SUNRISE   718 AM MST   SUNSET   604 PM MST


-  INDICATES NEGATIVE NUMBERS.
R  INDICATES RECORD WAS SET OR TIED.
MM INDICATES DATA IS MISSING.
T  INDICATES TRACE AMOUNT.




$$
