000
CDUS45 KPIH 010730
CLIRXE


CLIMATE REPORT
NATIONAL WEATHER SERVICE POCATELLO ID
128 AM MDT SUN MAY 1 2016


...................................

...THE REXBURG ID CLIMATE SUMMARY FOR APRIL 30 2016...

CLIMATE NORMAL PERIOD 1981 TO 2010
CLIMATE RECORD PERIOD 1998 TO 2016


WEATHER ITEM   OBSERVED TIME   RECORD YEAR NORMAL DEPARTURE LAST
                VALUE   (LST)  VALUE       VALUE  FROM      YEAR
                                                  NORMAL
..................................................................
TEMPERATURE (F)
 YESTERDAY
  MAXIMUM         59    515 PM  73    2007  61     -2       64
  MINIMUM         33    500 AM  26    2014  34     -1       48
  AVERAGE         46                        48     -2       56

PRECIPITATION (IN)
  YESTERDAY        T            MM      MM   0.05  -0.05     0.01
  MONTH TO DATE    0.95                      1.48  -0.53     0.55
  SINCE OCT 1      6.82                      7.32  -0.50     4.58
  SINCE JAN 1      3.66                      4.11  -0.45     1.81

SNOWFALL (IN)
  YESTERDAY       MM
  MONTH TO DATE   MM
  SINCE MAR 1     MM
  SINCE JUL 1     MM
  SNOW DEPTH      MM

DEGREE DAYS
 HEATING
  YESTERDAY       19                        17      2        9
  MONTH TO DATE  503                       637   -134      600
  SINCE MAR 1   1360                      1592   -232     1336
  SINCE JUL 1   6937                      7565   -628     6420

 COOLING
  YESTERDAY        0                         0      0        0
  MONTH TO DATE    0                         0      0        0
  SINCE MAR 1      0                         0      0        0
  SINCE JAN 1      0                         0      0        0
..................................................................


WIND (MPH)
  HIGHEST WIND SPEED    18   HIGHEST WIND DIRECTION    NE (30)
  HIGHEST GUST SPEED    26   HIGHEST GUST DIRECTION    NE (40)
  AVERAGE WIND SPEED     7.4


SKY COVER
  POSSIBLE SUNSHINE  MM
  AVERAGE SKY COVER 0.6


WEATHER CONDITIONS
 THE FOLLOWING WEATHER WAS RECORDED YESTERDAY.
  LIGHT RAIN


RELATIVE HUMIDITY (PERCENT)
 HIGHEST    92           100 AM
 LOWEST     36           200 PM
 AVERAGE    64

..........................................................


THE REXBURG ID CLIMATE NORMALS FOR TODAY
                         NORMAL    RECORD    YEAR
 MAXIMUM TEMPERATURE (F)   61        78      2007
 MINIMUM TEMPERATURE (F)   35        26      2013


SUNRISE AND SUNSET
MAY  1 2016...........SUNRISE   618 AM MDT   SUNSET   831 PM MDT
MAY  2 2016...........SUNRISE   617 AM MDT   SUNSET   832 PM MDT


-  INDICATES NEGATIVE NUMBERS.
R  INDICATES RECORD WAS SET OR TIED.
MM INDICATES DATA IS MISSING.
T  INDICATES TRACE AMOUNT.




$$
