000
CDUS45 KPIH 082329
CLIRXE


CLIMATE REPORT
NATIONAL WEATHER SERVICE POCATELLO ID
428 PM MST THU DEC 8 2016


...................................

...THE REXBURG ID CLIMATE SUMMARY FOR DECEMBER 8 2016...
VALID TODAY AS OF 0400 PM LOCAL TIME.

CLIMATE NORMAL PERIOD 1981 TO 2010
CLIMATE RECORD PERIOD 1998 TO 2016


WEATHER ITEM   OBSERVED TIME   RECORD YEAR NORMAL DEPARTURE LAST
                VALUE   (LST)  VALUE       VALUE  FROM      YEAR
                                                  NORMAL
..................................................................
TEMPERATURE (F)
 TODAY
  MAXIMUM         16    359 PM  46    2014  30    -14       45
                                      2006
  MINIMUM         -5    834 AM -16    2013  13    -18       37
  AVERAGE          6                        22    -16       41

PRECIPITATION (IN)
  TODAY            T            MM      MM   0.02  -0.02     0.00
  MONTH TO DATE    0.12                      0.20  -0.08     0.24
  SINCE OCT 1      3.93                      2.35   1.58     2.30
  SINCE JAN 1     11.66                     12.23  -0.57     9.87

SNOWFALL (IN)
  TODAY           MM
  MONTH TO DATE   MM
  SINCE DEC 1     MM
  SINCE JUL 1     MM
  SNOW DEPTH      MM

DEGREE DAYS
 HEATING
  TODAY           59                        44     15       24
  MONTH TO DATE  375                       340     35      297
  SINCE DEC 1    375                       340     35      297
  SINCE JUL 1   2022                      2352   -330     2031

 COOLING
  TODAY            0                         0      0        0
  MONTH TO DATE    0                         0      0        0
  SINCE DEC 1      0                         0      0        0
  SINCE JAN 1    261                       208     53      310
..................................................................


WIND (MPH)
  HIGHEST WIND SPEED     9   HIGHEST WIND DIRECTION     E (70)
  HIGHEST GUST SPEED    11   HIGHEST GUST DIRECTION    NE (40)
  AVERAGE WIND SPEED     4.9


SKY COVER
  POSSIBLE SUNSHINE  MM
  AVERAGE SKY COVER 0.3


WEATHER CONDITIONS
 THE FOLLOWING WEATHER WAS RECORDED TODAY.
  NO SIGNIFICANT WEATHER WAS OBSERVED.


RELATIVE HUMIDITY (PERCENT)
 HIGHEST    87           800 AM
 LOWEST     59           300 PM
 AVERAGE    73

..........................................................


THE REXBURG ID CLIMATE NORMALS FOR TOMORROW
                         NORMAL    RECORD    YEAR
 MAXIMUM TEMPERATURE (F)   29        54      2015
 MINIMUM TEMPERATURE (F)   13       -19      2013


SUNRISE AND SUNSET
DECEMBER  8 2016......SUNRISE   749 AM MST   SUNSET   450 PM MST
DECEMBER  9 2016......SUNRISE   750 AM MST   SUNSET   450 PM MST


-  INDICATES NEGATIVE NUMBERS.
R  INDICATES RECORD WAS SET OR TIED.
MM INDICATES DATA IS MISSING.
T  INDICATES TRACE AMOUNT.




$$
