000
CDUS45 KPIH 260736
CLIRXE


CLIMATE REPORT
NATIONAL WEATHER SERVICE POCATELLO ID
135 AM MDT FRI MAY 26 2017


...................................

...THE REXBURG ID CLIMATE SUMMARY FOR MAY 25 2017...

CLIMATE NORMAL PERIOD 1981 TO 2010
CLIMATE RECORD PERIOD 1998 TO 2017


WEATHER ITEM   OBSERVED TIME   RECORD YEAR NORMAL DEPARTURE LAST
                VALUE   (LST)  VALUE       VALUE  FROM      YEAR
                                                  NORMAL
..................................................................
TEMPERATURE (F)
 YESTERDAY
  MAXIMUM         61    459 PM  87    2003  69     -8       60
  MINIMUM         35    454 AM  34    2005  42     -7       43
                                      2004
  AVERAGE         48                        55     -7       52

PRECIPITATION (IN)
  YESTERDAY        0.00         MM      MM   0.06  -0.06     0.11
  MONTH TO DATE    0.80                      1.37  -0.57     2.03
  SINCE OCT 1     11.81                      8.69   3.12     8.85
  SINCE JAN 1      6.05                      5.48   0.57     5.69

SNOWFALL (IN)
  YESTERDAY       MM
  MONTH TO DATE   MM
  SINCE MAR 1     MM
  SINCE JUL 1     MM
  SNOW DEPTH      MM

DEGREE DAYS
 HEATING
  YESTERDAY       17                        10      7       13
  MONTH TO DATE  296                       336    -40      306
  SINCE MAR 1   1693                      1928   -235     1666
  SINCE JUL 1   7488                      7901   -413     7243

 COOLING
  YESTERDAY        0                         0      0        0
  MONTH TO DATE    0                         0      0        0
  SINCE MAR 1      0                         0      0        0
  SINCE JAN 1      0                         0      0        0
..................................................................


WIND (MPH)
  HIGHEST WIND SPEED    13   HIGHEST WIND DIRECTION    NE (40)
  HIGHEST GUST SPEED    18   HIGHEST GUST DIRECTION    NE (30)
  AVERAGE WIND SPEED     5.3


SKY COVER
  POSSIBLE SUNSHINE  MM
  AVERAGE SKY COVER 0.2


WEATHER CONDITIONS
 THE FOLLOWING WEATHER WAS RECORDED YESTERDAY.
  NO SIGNIFICANT WEATHER WAS OBSERVED.


RELATIVE HUMIDITY (PERCENT)
 HIGHEST    59           500 AM
 LOWEST     21           400 PM
 AVERAGE    40

..........................................................


THE REXBURG ID CLIMATE NORMALS FOR TODAY
                         NORMAL    RECORD    YEAR
 MAXIMUM TEMPERATURE (F)   69        82      2014
 MINIMUM TEMPERATURE (F)   42        36      2011


SUNRISE AND SUNSET
MAY 26 2017...........SUNRISE   551 AM MDT   SUNSET   858 PM MDT
MAY 27 2017...........SUNRISE   551 AM MDT   SUNSET   859 PM MDT


-  INDICATES NEGATIVE NUMBERS.
R  INDICATES RECORD WAS SET OR TIED.
MM INDICATES DATA IS MISSING.
T  INDICATES TRACE AMOUNT.




$$
