000
CDUS46 KSTO 010849
CLISAC

CLIMATE REPORT
NATIONAL WEATHER SERVICE SACRAMENTO, CA
1238 AM PST SUN MAR 1 2015


...................................

...THE SACRAMENTO EXEC. AIRPORT CA CLIMATE SUMMARY FOR FEBRUARY 28 2015...

CLIMATE NORMAL PERIOD 1981 TO 2010
CLIMATE RECORD PERIOD 1930 TO 2015


WEATHER ITEM   OBSERVED TIME   RECORD YEAR NORMAL DEPARTURE LAST
                VALUE   (LST)  VALUE       VALUE  FROM      YEAR
                                                  NORMAL
..................................................................
TEMPERATURE (F)
 YESTERDAY
  MAXIMUM         61    319 PM  74    1985  63     -2       58
  MINIMUM         44   1149 PM  30    1955  43      1       53
                                      1945
  AVERAGE         53

PRECIPITATION (IN)
  YESTERDAY        T             0.86 2014   0.12  -0.12     0.86
  MONTH TO DATE    2.82                      3.47  -0.65     4.14
  SINCE OCT 1     13.20                     13.39  -0.19     5.60
  SINCE JAN 1      2.82                      7.11  -4.29     4.29

SNOWFALL (IN)
  YESTERDAY       MM            MM      MM   0.0             0.0
  MONTH TO DATE    0.0                       0.0             0.0
  SINCE DEC 1      0.0                       0.0             0.0
  SINCE JUL 1      0.0                       0.0             0.0

DEGREE DAYS
 HEATING
  YESTERDAY       12

 COOLING
  YESTERDAY        0
..................................................................


WIND (MPH)
  RESULTANT WIND SPEED   1   RESULTANT WIND DIRECTION  SE (130)
  HIGHEST WIND SPEED    10   HIGHEST WIND DIRECTION     S (160)
  HIGHEST GUST SPEED    14   HIGHEST GUST DIRECTION    SE (150)


SKY COVER
  POSSIBLE SUNSHINE  MM
  AVERAGE SKY COVER 0.7


WEATHER CONDITIONS
 THE FOLLOWING WEATHER WAS RECORDED YESTERDAY.
  LIGHT RAIN
  FOG


RELATIVE HUMIDITY (PERCENT)
 HIGHEST    93
 LOWEST     61
 AVERAGE    77

..........................................................


THE SACRAMENTO EXEC. AIRPORT CA CLIMATE NORMALS FOR TODAY
                         NORMAL    RECORD    YEAR
 MAXIMUM TEMPERATURE (F)   63        74      1954
 MINIMUM TEMPERATURE (F)   43        31      2007


SUNRISE AND SUNSET
MARCH  1 2015.........SUNRISE   638 AM PST   SUNSET   559 PM PST
MARCH  2 2015.........SUNRISE   637 AM PST   SUNSET   600 PM PST


-  INDICATES NEGATIVE NUMBERS.
R  INDICATES RECORD WAS SET OR TIED.
MM INDICATES DATA IS MISSING.
T  INDICATES TRACE AMOUNT.






&&
....................................................................

SACRAMENTO CITY CLIMATE DATA FOR SATURDAY FEBRUARY 28 2015

HIGH...   60  RECORD HIGH    79 IN 1985    NORMAL    HIGH   64
LOW....   46  RECORD LOW     33 IN 1955    NORMAL    LOW    45

RAIN SINCE MIDNIGHT....  0.00   RECORD THIS DATE....... 1.41 IN 1935
TOTAL THIS MONTH.......  2.28   NORMAL SINCE OCT 1ST.........  14.62
TOTAL SINCE OCT 1ST... 11.57   PERCENT OF NORMAL.............  79%


$$
NNNN
