000
CDUS46 KSTO 181445
CLISAC

CLIMATE REPORT
NATIONAL WEATHER SERVICE SACRAMENTO, CA
743 AM PDT FRI APR 18 2014


...................................

...THE SACRAMENTO EXEC. AIRPORT CA CLIMATE SUMMARY FOR APRIL 17 2014...

CLIMATE NORMAL PERIOD 1981 TO 2010
CLIMATE RECORD PERIOD 1930 TO 2014


WEATHER ITEM   OBSERVED TIME   RECORD YEAR NORMAL DEPARTURE LAST
                VALUE   (LST)  VALUE       VALUE  FROM      YEAR
                                                  NORMAL
..................................................................
TEMPERATURE (F)
 YESTERDAY
  MAXIMUM         82    135 PM  90    1954  71     11       70
  MINIMUM         51    438 AM  34    1975  46      5       46
  AVERAGE         67

PRECIPITATION (IN)
  YESTERDAY        0.00          0.88 2000   0.04  -0.04     0.00
  MONTH TO DATE    1.38                      0.74   0.64     0.69
  SINCE JUL 1      9.34                     17.22  -7.88    14.68
  SINCE JAN 1      7.44                     10.60  -3.16     3.39

SNOWFALL (IN)
  YESTERDAY        0.0          MM      MM   0.0             0.0
  MONTH TO DATE    0.0                       0.0             0.0
  SINCE MAR 1      0.0                       0.0             0.0
  SINCE JUL 1      0.0                       0.0             0.0

DEGREE DAYS
 HEATING
  YESTERDAY        0

 COOLING
  YESTERDAY        2
..................................................................


WIND (MPH)
  RESULTANT WIND SPEED   4   RESULTANT WIND DIRECTION  SW (210)
  HIGHEST WIND SPEED    20   HIGHEST WIND DIRECTION    SW (230)
  HIGHEST GUST SPEED    24   HIGHEST GUST DIRECTION    SW (230)


SKY COVER
  POSSIBLE SUNSHINE  MM
  AVERAGE SKY COVER 0.0


WEATHER CONDITIONS
 THE FOLLOWING WEATHER WAS RECORDED YESTERDAY.
  NO SIGNIFICANT WEATHER WAS OBSERVED.


RELATIVE HUMIDITY (PERCENT)
 HIGHEST    89
 LOWEST     39
 AVERAGE    64

..........................................................


THE SACRAMENTO EXEC. AIRPORT CA CLIMATE NORMALS FOR TODAY
                         NORMAL    RECORD    YEAR
 MAXIMUM TEMPERATURE (F)   72        89      1954
 MINIMUM TEMPERATURE (F)   46        36      2007


SUNRISE AND SUNSET
APRIL 18 2014.........SUNRISE   626 AM PDT   SUNSET   746 PM PDT
APRIL 19 2014.........SUNRISE   624 AM PDT   SUNSET   747 PM PDT


-  INDICATES NEGATIVE NUMBERS.
R  INDICATES RECORD WAS SET OR TIED.
MM INDICATES DATA IS MISSING.
T  INDICATES TRACE AMOUNT.

&&
....................................................................

SACRAMENTO CITY CLIMATE DATA FOR THURSDAY APRIL 17 2014

HIGH...   85  RECORD HIGH    90 IN 1954    NORMAL    HIGH   73
LOW....   55  RECORD LOW     36 IN 1933    NORMAL    LOW    49

RAIN SINCE MIDNIGHT....  0.00   RECORD THIS DATE....... 1.48 IN 2000
TOTAL THIS MONTH.......  1.31   NORMAL SEASON TO DATE.........  18.84
TOTAL SINCE JULY 1ST...  9.68   PERCENT OF NORMAL.............   51%


$$
