000
CDUS46 KSTO 260840
CLISAC

CLIMATE REPORT
NATIONAL WEATHER SERVICE SACRAMENTO, CA
1236 AM PST MON JAN 26 2015


...................................

...THE SACRAMENTO EXEC. AIRPORT CA CLIMATE SUMMARY FOR JANUARY 25 2015...

CLIMATE NORMAL PERIOD 1981 TO 2010
CLIMATE RECORD PERIOD 1930 TO 2015


WEATHER ITEM   OBSERVED TIME   RECORD YEAR NORMAL DEPARTURE LAST
                VALUE   (LST)  VALUE       VALUE  FROM      YEAR
                                                  NORMAL
..................................................................
TEMPERATURE (F)
 YESTERDAY
  MAXIMUM         59    349 PM  74    2014  55      4       74
  MINIMUM         43   1159 PM  25    1962  39      4       40
  AVERAGE         51

PRECIPITATION (IN)
  YESTERDAY        0.00          0.91 2001   0.12  -0.12     0.00
  MONTH TO DATE    T                         2.92  -2.92     0.00
  SINCE OCT 1     10.38                      9.20   1.18     1.31
  SINCE JAN 1      T                         2.92  -2.92     0.00

SNOWFALL (IN)
  YESTERDAY        0.0           0.0  2002   0.0             0.0
  MONTH TO DATE    0.0                       0.0             0.0
  SINCE DEC 1      0.0                       0.0             0.0
  SINCE JUL 1      0.0                       0.0             0.0

DEGREE DAYS
 HEATING
  YESTERDAY       14

 COOLING
  YESTERDAY        0
..................................................................


WIND (MPH)
  RESULTANT WIND SPEED   1   RESULTANT WIND DIRECTION   S (160)
  HIGHEST WIND SPEED     8   HIGHEST WIND DIRECTION    NE (30)
  HIGHEST GUST SPEED    10   HIGHEST GUST DIRECTION     N (360)


SKY COVER
  POSSIBLE SUNSHINE  MM
  AVERAGE SKY COVER 0.5


WEATHER CONDITIONS
 THE FOLLOWING WEATHER WAS RECORDED YESTERDAY.
  FOG
  FOG W/VISIBILITY <= 1/4 MILE
  HAZE


RELATIVE HUMIDITY (PERCENT)
 HIGHEST    92
 LOWEST     62
 AVERAGE    77

..........................................................


THE SACRAMENTO EXEC. AIRPORT CA CLIMATE NORMALS FOR TODAY
                         NORMAL    RECORD    YEAR
 MAXIMUM TEMPERATURE (F)   56        67      1947
 MINIMUM TEMPERATURE (F)   39        26      1950


SUNRISE AND SUNSET
JANUARY 26 2015.......SUNRISE   716 AM PST   SUNSET   521 PM PST
JANUARY 27 2015.......SUNRISE   716 AM PST   SUNSET   522 PM PST


-  INDICATES NEGATIVE NUMBERS.
R  INDICATES RECORD WAS SET OR TIED.
MM INDICATES DATA IS MISSING.
T  INDICATES TRACE AMOUNT.






&&
....................................................................

SACRAMENTO CITY CLIMATE DATA FOR SUNDAY JANUARY 25 2015

HIGH...   62  RECORD HIGH    74 IN 2014    NORMAL    HIGH   56
LOW....   42  RECORD LOW     24 IN 1937    NORMAL    LOW    41

RAIN SINCE MIDNIGHT....  0.00   RECORD THIS DATE....... 1.34 IN 1890
TOTAL THIS MONTH.......  0.01   NORMAL SINCE OCT 1ST.........  10.18
TOTAL SINCE OCT 1ST...  9.29   PERCENT OF NORMAL.............  91%


$$
