000
CDUS46 KSTO 240850
CLISAC

CLIMATE REPORT
NATIONAL WEATHER SERVICE SACRAMENTO, CA
1247 AM PST WED DEC 24 2014


.................................................................

...THE SACRAMENTO EXEC. AIRPORT CA CLIMATE SUMMARY FOR DECEMBER 23 2014...

CLIMATE NORMAL PERIOD 1981 TO 2010
CLIMATE RECORD PERIOD 1930 TO 2014


WEATHER ITEM   OBSERVED TIME   RECORD YEAR NORMAL DEPARTURE LAST
                VALUE   (LST)  VALUE       VALUE  FROM      YEAR
                                                  NORMAL
..................................................................
TEMPERATURE (F)
 YESTERDAY
  MAXIMUM         64    232 PM  66    1964  52     12       64
  MINIMUM         45    742 AM  20    1998  38      7       33
                                      1990
  AVERAGE         55

PRECIPITATION (IN)
  YESTERDAY        0.00          1.22 1955   0.11  -0.11     0.00
  MONTH TO DATE    8.59                      2.34   6.25     0.43
  SINCE JUL 1     10.84                      5.71   5.13     1.90
  SINCE JAN 1     18.73                     17.61   1.12     5.81

SNOWFALL (IN)
  YESTERDAY        0.0          MM      MM   0.0             0.0
  MONTH TO DATE    0.0                       0.0             0.0
  SINCE DEC 1      0.0                       0.0             0.0
  SINCE JUL 1      0.0                       0.0             0.0

DEGREE DAYS
 HEATING
  YESTERDAY       10

 COOLING
  YESTERDAY        0
..................................................................


WIND (MPH)
  RESULTANT WIND SPEED   0   RESULTANT WIND DIRECTION   S (160)
  HIGHEST WIND SPEED     6   HIGHEST WIND DIRECTION    SW (220)
  HIGHEST GUST SPEED     7   HIGHEST GUST DIRECTION     S (200)


SKY COVER
  POSSIBLE SUNSHINE  MM
  AVERAGE SKY COVER 0.6


WEATHER CONDITIONS
 THE FOLLOWING WEATHER WAS RECORDED YESTERDAY.
  FOG
  FOG W/VISIBILITY <= 1/4 MILE


RELATIVE HUMIDITY (PERCENT)
 HIGHEST   100
 LOWEST     72
 AVERAGE    86

..........................................................


THE SACRAMENTO EXEC. AIRPORT CA CLIMATE NORMALS FOR TODAY
                         NORMAL    RECORD    YEAR
 MAXIMUM TEMPERATURE (F)   52        65      2013
                                             1964
 MINIMUM TEMPERATURE (F)   38        19      1990


SUNRISE AND SUNSET
DECEMBER 24 2014......SUNRISE   721 AM PST   SUNSET   450 PM PST
DECEMBER 25 2014......SUNRISE   722 AM PST   SUNSET   451 PM PST


-  INDICATES NEGATIVE NUMBERS.
R  INDICATES RECORD WAS SET OR TIED.
MM INDICATES DATA IS MISSING.
T  INDICATES TRACE AMOUNT.






&&
....................................................................

SACRAMENTO CITY CLIMATE DATA FOR TUESDAY DECEMBER 23 2014

HIGH...   65  RECORD HIGH    66 IN 1964    NORMAL    HIGH   53
LOW....   47  RECORD LOW     21 IN 1990    NORMAL    LOW    40

RAIN SINCE MIDNIGHT....  0.00   RECORD THIS DATE....... 1.38 IN 1884
TOTAL THIS MONTH.......  7.55   NORMAL SEASON TO DATE.........  6.36
TOTAL SINCE JULY 1ST...  9.76   PERCENT OF NORMAL.............  153%


$$
