000
CDUS46 KSTO 290854
CLISAC

CLIMATE REPORT
NATIONAL WEATHER SERVICE SACRAMENTO, CA
150 AM PDT SAT APR 29 2017


.................................................................

...THE SACRAMENTO EXEC. AIRPORT CA CLIMATE SUMMARY FOR APRIL 28 2017...

CLIMATE NORMAL PERIOD 1981 TO 2010
CLIMATE RECORD PERIOD 1930 TO 2017


WEATHER ITEM   OBSERVED TIME   RECORD YEAR NORMAL DEPARTURE LAST
                VALUE   (LST)  VALUE       VALUE  FROM      YEAR
                                                  NORMAL
..................................................................
TEMPERATURE (F)
 YESTERDAY
  MAXIMUM         74    301 PM  92    2013  75     -1       81
  MINIMUM         53    555 AM  36    1970  48      5       46
  AVERAGE         64

PRECIPITATION (IN)
  YESTERDAY        0.00          1.27 1983   0.03  -0.03     0.00
  MONTH TO DATE    2.93                      1.10   1.83     1.03
  SINCE OCT 1     32.93                     17.24  15.69    15.80
  SINCE JAN 1     23.48                     10.96  12.52    12.36

SNOWFALL (IN)
  YESTERDAY        0.0          MM      MM   0.0             0.0
  MONTH TO DATE    0.0                       0.0             0.0
  SINCE MAR 1      0.0                       0.0             0.0
  SINCE JUL 1      0.0                       0.0             0.0

DEGREE DAYS
 HEATING
  YESTERDAY        1

 COOLING
  YESTERDAY        0
..................................................................


WIND (MPH)
  RESULTANT WIND SPEED  16   RESULTANT WIND DIRECTION  NW (330)
  HIGHEST WIND SPEED    29   HIGHEST WIND DIRECTION     N (340)
  HIGHEST GUST SPEED    37   HIGHEST GUST DIRECTION     N (340)


SKY COVER
  POSSIBLE SUNSHINE  MM
  AVERAGE SKY COVER 0.0


WEATHER CONDITIONS
 THE FOLLOWING WEATHER WAS RECORDED YESTERDAY.
  NO SIGNIFICANT WEATHER WAS OBSERVED.


RELATIVE HUMIDITY (PERCENT)
 HIGHEST    62
 LOWEST     20
 AVERAGE    41

..........................................................


THE SACRAMENTO EXEC. AIRPORT CA CLIMATE NORMALS FOR TODAY
                         NORMAL    RECORD    YEAR
 MAXIMUM TEMPERATURE (F)   75        93      2013
 MINIMUM TEMPERATURE (F)   48        36      2010


SUNRISE AND SUNSET
APRIL 29 2017.........SUNRISE   611 AM PDT   SUNSET   756 PM PDT
APRIL 30 2017.........SUNRISE   610 AM PDT   SUNSET   757 PM PDT


-  INDICATES NEGATIVE NUMBERS.
R  INDICATES RECORD WAS SET OR TIED.
MM INDICATES DATA IS MISSING.
T  INDICATES TRACE AMOUNT.

&&
....................................................................

SACRAMENTO CITY CLIMATE DATA FOR FRIDAY APRIL 28 2017

HIGH...   75  RECORD HIGH    94 IN 1992    NORMAL    HIGH   76
LOW....   52  RECORD LOW     40 IN 1970    NORMAL    LOW    51

RAIN SINCE MIDNIGHT....  0.00   RECORD THIS DATE....... 1.24 IN 1983
TOTAL THIS MONTH.......  3.36   NORMAL SINCE OCT 1ST.........  18.88
TOTAL SINCE OCT 1ST...  33.66   PERCENT OF NORMAL.............  178%


$$
NNNN
