453
CDUS46 KSTO 130834
CLISAC

CLIMATE REPORT
NATIONAL WEATHER SERVICE SACRAMENTO, CA
1234 AM PST SAT FEB 13 2016


...................................

...THE SACRAMENTO EXEC. AIRPORT CA CLIMATE SUMMARY FOR FEBRUARY 12 2016...

CLIMATE NORMAL PERIOD 1981 TO 2010
CLIMATE RECORD PERIOD 1930 TO 2016


WEATHER ITEM   OBSERVED TIME   RECORD YEAR NORMAL DEPARTURE LAST
                VALUE   (LST)  VALUE       VALUE  FROM      YEAR
                                                  NORMAL
..................................................................
TEMPERATURE (F)
 YESTERDAY
  MAXIMUM         70    333 PM  73    2015  60     10       73
                                      1996
  MINIMUM         42    718 AM  26    1948  41      1       45
                                      1946
  AVERAGE         56

PRECIPITATION (IN)
  YESTERDAY        0.00          1.60 1954   0.12  -0.12     0.00
  MONTH TO DATE    0.04                      1.51  -1.47     2.82
  SINCE OCT 1      8.92                     11.43  -2.51    13.20
  SINCE JAN 1      5.48                      5.15   0.33     2.82

SNOWFALL (IN)
  YESTERDAY        0.0           0.0  2002   0.0             0.0
  MONTH TO DATE    0.0                       0.0             0.0
  SINCE DEC 1      0.0                       0.0             0.0
  SINCE JUL 1      0.0                       0.0             0.0

DEGREE DAYS
 HEATING
  YESTERDAY        9

 COOLING
  YESTERDAY        0
..................................................................


WIND (MPH)
  RESULTANT WIND SPEED   1   RESULTANT WIND DIRECTION   W (270)
  HIGHEST WIND SPEED     8   HIGHEST WIND DIRECTION    NW (320)
  HIGHEST GUST SPEED    11   HIGHEST GUST DIRECTION    NW (330)


SKY COVER
  POSSIBLE SUNSHINE  MM
  AVERAGE SKY COVER 0.0


WEATHER CONDITIONS
 THE FOLLOWING WEATHER WAS RECORDED YESTERDAY.
  FOG
  HAZE


RELATIVE HUMIDITY (PERCENT)
 HIGHEST   100
 LOWEST     47
 AVERAGE    74

..........................................................


THE SACRAMENTO EXEC. AIRPORT CA CLIMATE NORMALS FOR TODAY
                         NORMAL    RECORD    YEAR
 MAXIMUM TEMPERATURE (F)   60        73      2015
 MINIMUM TEMPERATURE (F)   41        25      1949


SUNRISE AND SUNSET
FEBRUARY 13 2016......SUNRISE   659 AM PST   SUNSET   541 PM PST
FEBRUARY 14 2016......SUNRISE   658 AM PST   SUNSET   543 PM PST


-  INDICATES NEGATIVE NUMBERS.
R  INDICATES RECORD WAS SET OR TIED.
MM INDICATES DATA IS MISSING.
T  INDICATES TRACE AMOUNT.

&&
....................................................................

SACRAMENTO CITY CLIMATE DATA FOR FRIDAY FEBRUARY 12 2016

HIGH...   71  RECORD HIGH    74 IN 1996    NORMAL    HIGH   61
LOW....   46  RECORD LOW     25 IN 1884    NORMAL    LOW    43

RAIN SINCE MIDNIGHT....  0.00   RECORD THIS DATE....... 2.48 IN 1904
TOTAL THIS MONTH.......  0.03   NORMAL SINCE OCT 1ST.........  12.52
TOTAL SINCE OCT 1ST....  9.44   PERCENT OF NORMAL..............  75%

$$
