000
CDUS46 KSTO 030835
CLISAC

CLIMATE REPORT
NATIONAL WEATHER SERVICE SACRAMENTO, CA
133 AM PDT WED JUN 3 2015


...................................

...THE SACRAMENTO EXEC. AIRPORT CA CLIMATE SUMMARY FOR JUNE 2 2015...

CLIMATE NORMAL PERIOD 1981 TO 2010
CLIMATE RECORD PERIOD 1930 TO 2015


WEATHER ITEM   OBSERVED TIME   RECORD YEAR NORMAL DEPARTURE LAST
                VALUE   (LST)  VALUE       VALUE  FROM      YEAR
                                                  NORMAL
..................................................................
TEMPERATURE (F)
 YESTERDAY
  MAXIMUM         85    400 PM 110    1960  84      1       80
  MINIMUM         57    524 AM  43    1966  54      3       53
  AVERAGE         71

PRECIPITATION (IN)
  YESTERDAY        0.00          0.19 1967   0.01  -0.01     0.00
  MONTH TO DATE    0.00                      0.03  -0.03     0.00
  SINCE OCT 1     15.34                     18.00  -2.66     9.20
  SINCE JAN 1      4.96                     11.72  -6.76     7.89

SNOWFALL (IN)
  YESTERDAY        0.0          MM      MM   0.0             0.0
  MONTH TO DATE    0.0                       0.0             0.0
  SINCE JUN 1      0.0                       0.0             0.0
  SINCE JUL 1      0.0                       0.0             0.0

DEGREE DAYS
 HEATING
  YESTERDAY        0

 COOLING
  YESTERDAY        6
..................................................................


WIND (MPH)
  RESULTANT WIND SPEED   4   RESULTANT WIND DIRECTION   S (200)
  HIGHEST WIND SPEED    14   HIGHEST WIND DIRECTION    SW (220)
  HIGHEST GUST SPEED    21   HIGHEST GUST DIRECTION    SW (230)


SKY COVER
  POSSIBLE SUNSHINE  MM
  AVERAGE SKY COVER 0.0


WEATHER CONDITIONS
 THE FOLLOWING WEATHER WAS RECORDED YESTERDAY.
  NO SIGNIFICANT WEATHER WAS OBSERVED.


RELATIVE HUMIDITY (PERCENT)
 HIGHEST    86
 LOWEST     32
 AVERAGE    59

..........................................................


THE SACRAMENTO EXEC. AIRPORT CA CLIMATE NORMALS FOR TODAY
                         NORMAL    RECORD    YEAR
 MAXIMUM TEMPERATURE (F)   84       110      1960
 MINIMUM TEMPERATURE (F)   54        45      1966


SUNRISE AND SUNSET
JUNE  3 2015..........SUNRISE   543 AM PDT   SUNSET   826 PM PDT
JUNE  4 2015..........SUNRISE   543 AM PDT   SUNSET   826 PM PDT


-  INDICATES NEGATIVE NUMBERS.
R  INDICATES RECORD WAS SET OR TIED.
MM INDICATES DATA IS MISSING.
T  INDICATES TRACE AMOUNT.

&&
....................................................................

SACRAMENTO CITY CLIMATE DATA FOR TUESDAY JUNE 2 2015

HIGH...   88  RECORD HIGH   106 IN 1960    NORMAL    HIGH   85
LOW....   58  RECORD LOW     45 IN 1933    NORMAL    LOW    57

RAIN SINCE MIDNIGHT....  0.00   RECORD THIS DATE....... 0.15 IN 1967
TOTAL THIS MONTH.......  0.00   NORMAL SINCE OCT 1ST.........  19.73
TOTAL SINCE OCT 1ST...  13.73   PERCENT OF NORMAL.............  70%

$$
