101
CDUS46 KSGX 301416
CLISAN


CLIMATE REPORT
NATIONAL WEATHER SERVICE SAN DIEGO, CA
716 AM PDT TUE AUG 30 2016


...................................

...THE SAN DIEGO/LINDBERGH FIELD CA CLIMATE SUMMARY FOR AUGUST 29 2016...

CLIMATE NORMAL PERIOD 1981 TO 2010
CLIMATE RECORD PERIOD 1874 TO 2016


WEATHER ITEM   OBSERVED TIME   RECORD YEAR NORMAL DEPARTURE LAST
                VALUE   (LST)  VALUE       VALUE  FROM      YEAR
                                                  NORMAL
..................................................................
TEMPERATURE (F)
 YESTERDAY
  MAXIMUM         78   1247 PM  88    2009  77      1       87
                                      1896
  MINIMUM         68    739 AM  54    1895  67      1       74
                                      1879
  AVERAGE         73                        72      1       81

PRECIPITATION (IN)
  YESTERDAY        0.00          0.11 1912   0.00   0.00     0.00
  MONTH TO DATE    0.00                      0.02  -0.02     0.01
  SINCE OCT 1      7.86                     10.19  -2.33    10.67
  SINCE JAN 1      5.01                      7.08  -2.07     5.80

DEGREE DAYS
 HEATING
  YESTERDAY        0                         0      0        0
  MONTH TO DATE    0                         0      0        0
  SINCE JUN 1      0                        19    -19        1
  SINCE JUL 1      0                         1     -1        0

 COOLING
  YESTERDAY        8                         7      1       16
  MONTH TO DATE  233                       191     42      304
  SINCE JUN 1    549                       407    142      664
  SINCE JAN 1    667                       456    211      847
..................................................................


WIND (MPH)
  RESULTANT WIND SPEED   5   RESULTANT WIND DIRECTION  NW (300)
  HIGHEST WIND SPEED    15   HIGHEST WIND DIRECTION     W (290)
  HIGHEST GUST SPEED    19   HIGHEST GUST DIRECTION    NW (320)
  AVERAGE WIND SPEED     5.8


SKY COVER
  POSSIBLE SUNSHINE  MM
  AVERAGE SKY COVER 0.4


WEATHER CONDITIONS
 THE FOLLOWING WEATHER WAS RECORDED YESTERDAY.
  NO SIGNIFICANT WEATHER WAS OBSERVED.


RELATIVE HUMIDITY (PERCENT)
 HIGHEST    90           900 PM
 LOWEST     60          1200 PM
 AVERAGE    75

..........................................................


THE SAN DIEGO/LINDBERGH FIELD CA CLIMATE NORMALS FOR TODAY
                         NORMAL    RECORD    YEAR
 MAXIMUM TEMPERATURE (F)   77        93      1909
 MINIMUM TEMPERATURE (F)   67        56      1880
                                             1879


SUNRISE AND SUNSET
AUGUST 30 2016........SUNRISE   622 AM PDT   SUNSET   715 PM PDT
AUGUST 31 2016........SUNRISE   623 AM PDT   SUNSET   714 PM PDT


-  INDICATES NEGATIVE NUMBERS.
R  INDICATES RECORD WAS SET OR TIED.
MM INDICATES DATA IS MISSING.
T  INDICATES TRACE AMOUNT.




$$
