000
CDUS46 KSGX 181250
CLISAN


CLIMATE REPORT
NATIONAL WEATHER SERVICE SAN DIEGO, CA
450 AM PST SAT NOV 18 2017


...................................

...THE SAN DIEGO INTL AIRPORT CA CLIMATE SUMMARY FOR NOVEMBER 17 2017...

CLIMATE NORMAL PERIOD 1981 TO 2010
CLIMATE RECORD PERIOD 1874 TO 2017


WEATHER ITEM   OBSERVED TIME   RECORD YEAR NORMAL DEPARTURE LAST
                VALUE   (LST)  VALUE       VALUE  FROM      YEAR
                                                  NORMAL
..................................................................
TEMPERATURE (F)
 YESTERDAY
  MAXIMUM         73    122 PM  88    1976  69      4       71
  MINIMUM         61   1159 PM  41    1958  53      8       59
  AVERAGE         67                        61      6       65

PRECIPITATION (IN)
  YESTERDAY        T             1.08 1986   0.04  -0.04     0.00
  MONTH TO DATE    T                         0.49  -0.49     0.00
  SINCE OCT 1      T                         1.06  -1.06     0.07
  SINCE JAN 1      7.83                      8.29  -0.46     5.40

DEGREE DAYS
 HEATING
  YESTERDAY        0                         4     -4        0
  MONTH TO DATE    6                        50    -44        0
  SINCE SEP 1      6                        70    -64        0
  SINCE JUL 1      6                        71    -65        0

 COOLING
  YESTERDAY        2                         0      2        0
  MONTH TO DATE   18                        11      7       81
  SINCE SEP 1    456                       250    206      481
  SINCE JAN 1   1159                       718    441     1163
..................................................................


WIND (MPH)
  RESULTANT WIND SPEED   4   RESULTANT WIND DIRECTION  NW (320)
  HIGHEST WIND SPEED    13   HIGHEST WIND DIRECTION    NW (300)
  HIGHEST GUST SPEED    16   HIGHEST GUST DIRECTION     W (290)
  AVERAGE WIND SPEED     4.4


SKY COVER
  POSSIBLE SUNSHINE  MM
  AVERAGE SKY COVER 0.7


WEATHER CONDITIONS
 THE FOLLOWING WEATHER WAS RECORDED YESTERDAY.
  NO SIGNIFICANT WEATHER WAS OBSERVED.


RELATIVE HUMIDITY (PERCENT)
 HIGHEST    93           600 PM
 LOWEST     57          1100 AM
 AVERAGE    75

..........................................................


THE SAN DIEGO INTL AIRPORT CA CLIMATE NORMALS FOR TODAY
                         NORMAL    RECORD    YEAR
 MAXIMUM TEMPERATURE (F)   69        86      1949
 MINIMUM TEMPERATURE (F)   53        38      1881


SUNRISE AND SUNSET
NOVEMBER 18 2017......SUNRISE   622 AM PST   SUNSET   446 PM PST
NOVEMBER 19 2017......SUNRISE   623 AM PST   SUNSET   445 PM PST


-  INDICATES NEGATIVE NUMBERS.
R  INDICATES RECORD WAS SET OR TIED.
MM INDICATES DATA IS MISSING.
T  INDICATES TRACE AMOUNT.




$$
