000
CDUS46 KSGX 280018
CLISAN


CLIMATE REPORT
NATIONAL WEATHER SERVICE SAN DIEGO, CA
517 PM PDT FRI MAR 27 2015


...................................

...THE SAN DIEGO/LINDBERGH FIELD CA CLIMATE SUMMARY FOR MARCH 27 2015...
VALID TODAY AS OF 0500 PM LOCAL TIME.

CLIMATE NORMAL PERIOD 1981 TO 2010
CLIMATE RECORD PERIOD 1874 TO 2015


WEATHER ITEM   OBSERVED TIME   RECORD YEAR NORMAL DEPARTURE LAST
                VALUE   (LST)  VALUE       VALUE  FROM      YEAR
                                                  NORMAL
..................................................................
TEMPERATURE (F)
 TODAY
  MAXIMUM         82R  1226 PM  82    1952  66     16       67
  MINIMUM         62    616 AM  41    1880  54      8       59
  AVERAGE         72                        60     12       63

PRECIPITATION (IN)
  TODAY            0.00          0.92 1991   0.05  -0.05     0.02
  MONTH TO DATE    0.93                      1.64  -0.71     1.28
  SINCE OCT 1      6.50                      9.00  -2.50     4.48
  SINCE JAN 1      1.63                      5.89  -4.26     2.29

SNOWFALL (IN)
  TODAY            0.0
  MONTH TO DATE    0.0
  SINCE MAR 1      0.0
  SINCE JUL 1      0.0
  SNOW DEPTH       0

DEGREE DAYS
 HEATING
  TODAY            0                         5     -5        2
  MONTH TO DATE   36                       158   -122       34
  SINCE MAR 1     36                       158   -122       34
  SINCE JUL 1    382                      1016   -634      490

 COOLING
  TODAY            7                         0      7        0
  MONTH TO DATE   86                         0     86       20
  SINCE MAR 1     86                         0     86       20
  SINCE JAN 1    108                         5    103       29
..................................................................


WIND (MPH)
  RESULTANT WIND SPEED   3   RESULTANT WIND DIRECTION  NW (300)
  HIGHEST WIND SPEED    15   HIGHEST WIND DIRECTION    NW (300)
  HIGHEST GUST SPEED    18   HIGHEST GUST DIRECTION    NW (300)
  AVERAGE WIND SPEED     3.7


SKY COVER
  POSSIBLE SUNSHINE  MM
  AVERAGE SKY COVER 0.0


WEATHER CONDITIONS
 THE FOLLOWING WEATHER WAS RECORDED TODAY.
  NO SIGNIFICANT WEATHER WAS OBSERVED.


RELATIVE HUMIDITY (PERCENT)
 HIGHEST    60           400 AM
 LOWEST     23          1000 AM
 AVERAGE    42

..........................................................


THE SAN DIEGO/LINDBERGH FIELD CA CLIMATE NORMALS FOR TOMORROW
                         NORMAL    RECORD    YEAR
 MAXIMUM TEMPERATURE (F)   66        95      1879
 MINIMUM TEMPERATURE (F)   54        41      1920


SUNRISE AND SUNSET
MARCH 27 2015.........SUNRISE   643 AM PDT   SUNSET   705 PM PDT
MARCH 28 2015.........SUNRISE   642 AM PDT   SUNSET   706 PM PDT


-  INDICATES NEGATIVE NUMBERS.
R  INDICATES RECORD WAS SET OR TIED.
MM INDICATES DATA IS MISSING.
T  INDICATES TRACE AMOUNT.




$$
