000
CDUS46 KSGX 061419
CLISAN


CLIMATE REPORT
NATIONAL WEATHER SERVICE SAN DIEGO, CA
718 AM PDT FRI MAY 6 2016


...................................

...THE SAN DIEGO/LINDBERGH FIELD CA CLIMATE SUMMARY FOR MAY 5 2016...

CLIMATE NORMAL PERIOD 1981 TO 2010
CLIMATE RECORD PERIOD 1874 TO 2016


WEATHER ITEM   OBSERVED TIME   RECORD YEAR NORMAL DEPARTURE LAST
                VALUE   (LST)  VALUE       VALUE  FROM      YEAR
                                                  NORMAL
..................................................................
TEMPERATURE (F)
 YESTERDAY
  MAXIMUM         67    845 PM  96    1953  68     -1       68
  MINIMUM         60   1159 PM  46    1910  58      2       61
  AVERAGE         64                        63      1       65

PRECIPITATION (IN)
  YESTERDAY        0.09          1.01 1921   0.01   0.08     0.00
  MONTH TO DATE    0.09                      0.04   0.05      T
  SINCE OCT 1      7.51                      9.99  -2.48     6.52
  SINCE JAN 1      4.66                      6.88  -2.22     1.65

DEGREE DAYS
 HEATING
  YESTERDAY        1                         2     -1        0
  MONTH TO DATE    4                        12     -8        0
  SINCE MAR 1    100                       303   -203       57
  SINCE JUL 1    640                      1161   -521      403

 COOLING
  YESTERDAY        0                         1     -1        0
  MONTH TO DATE    0                         5     -5        8
  SINCE MAR 1     54                        24     30      155
  SINCE JAN 1     99                        29     70      177
..................................................................


WIND (MPH)
  RESULTANT WIND SPEED   5   RESULTANT WIND DIRECTION  SW (220)
  HIGHEST WIND SPEED    20   HIGHEST WIND DIRECTION    SW (220)
  HIGHEST GUST SPEED    24   HIGHEST GUST DIRECTION    SW (240)
  AVERAGE WIND SPEED     6.1


SKY COVER
  POSSIBLE SUNSHINE  MM
  AVERAGE SKY COVER 0.9


WEATHER CONDITIONS
 THE FOLLOWING WEATHER WAS RECORDED YESTERDAY.
  LIGHT RAIN


RELATIVE HUMIDITY (PERCENT)
 HIGHEST    67          1200 AM
 LOWEST     52           100 PM
 AVERAGE    60

..........................................................


THE SAN DIEGO/LINDBERGH FIELD CA CLIMATE NORMALS FOR TODAY
                         NORMAL    RECORD    YEAR
 MAXIMUM TEMPERATURE (F)   68        87      1990
 MINIMUM TEMPERATURE (F)   59        47      1892


SUNRISE AND SUNSET
MAY  6 2016...........SUNRISE   556 AM PDT   SUNSET   734 PM PDT
MAY  7 2016...........SUNRISE   556 AM PDT   SUNSET   735 PM PDT


-  INDICATES NEGATIVE NUMBERS.
R  INDICATES RECORD WAS SET OR TIED.
MM INDICATES DATA IS MISSING.
T  INDICATES TRACE AMOUNT.




$$
