552
CDUS46 KSGX 231141
CLISAN


CLIMATE REPORT
NATIONAL WEATHER SERVICE SAN DIEGO, CA
441 AM PDT TUE MAY 23 2017


...................................

...THE SAN DIEGO INTL AIRPORT CA CLIMATE SUMMARY FOR MAY 22 2017...

CLIMATE NORMAL PERIOD 1981 TO 2010
CLIMATE RECORD PERIOD 1874 TO 2017


WEATHER ITEM   OBSERVED TIME   RECORD YEAR NORMAL DEPARTURE LAST
                VALUE   (LST)  VALUE       VALUE  FROM      YEAR
                                                  NORMAL
..................................................................
TEMPERATURE (F)
 YESTERDAY
  MAXIMUM         72    222 PM  88    1893  69      3       70
  MINIMUM         61    512 AM  48    1878  60      1       60
  AVERAGE         67                        64      3       65

PRECIPITATION (IN)
  YESTERDAY        0.00          0.77 2006   0.00   0.00      T
  MONTH TO DATE    0.92                      0.09   0.83     0.43
  SINCE OCT 1     12.63                     10.04   2.59     7.85
  SINCE JAN 1      7.73                      6.93   0.80     5.00

DEGREE DAYS
 HEATING
  YESTERDAY        0                         2     -2        0
  MONTH TO DATE   34                        46    -12        9
  SINCE MAR 1    129                       337   -208      105
  SINCE JUL 1    721                      1195   -474      645

 COOLING
  YESTERDAY        2                         1      1        0
  MONTH TO DATE   38                        22     16       12
  SINCE MAR 1     84                        41     43       66
  SINCE JAN 1     84                        46     38      111
..................................................................


WIND (MPH)
  RESULTANT WIND SPEED   6   RESULTANT WIND DIRECTION  NW (310)
  HIGHEST WIND SPEED    14   HIGHEST WIND DIRECTION     W (290)
  HIGHEST GUST SPEED    17   HIGHEST GUST DIRECTION     W (290)
  AVERAGE WIND SPEED     6.9


SKY COVER
  POSSIBLE SUNSHINE  MM
  AVERAGE SKY COVER 0.5


WEATHER CONDITIONS
 THE FOLLOWING WEATHER WAS RECORDED YESTERDAY.
  NO SIGNIFICANT WEATHER WAS OBSERVED.


RELATIVE HUMIDITY (PERCENT)
 HIGHEST    93           200 AM
 LOWEST     61           100 PM
 AVERAGE    77

..........................................................


THE SAN DIEGO INTL AIRPORT CA CLIMATE NORMALS FOR TODAY
                         NORMAL    RECORD    YEAR
 MAXIMUM TEMPERATURE (F)   69        82      1932
 MINIMUM TEMPERATURE (F)   60        48      1879


SUNRISE AND SUNSET
MAY 23 2017...........SUNRISE   545 AM PDT   SUNSET   746 PM PDT
MAY 24 2017...........SUNRISE   544 AM PDT   SUNSET   747 PM PDT


-  INDICATES NEGATIVE NUMBERS.
R  INDICATES RECORD WAS SET OR TIED.
MM INDICATES DATA IS MISSING.
T  INDICATES TRACE AMOUNT.




$$
