000
CDUS46 KSGX 291416
CLISAN


CLIMATE REPORT
NATIONAL WEATHER SERVICE SAN DIEGO, CA
716 AM PDT SUN MAY 29 2016


...................................

...THE SAN DIEGO/LINDBERGH FIELD CA CLIMATE SUMMARY FOR MAY 28 2016...

CLIMATE NORMAL PERIOD 1981 TO 2010
CLIMATE RECORD PERIOD 1874 TO 2016


WEATHER ITEM   OBSERVED TIME   RECORD YEAR NORMAL DEPARTURE LAST
                VALUE   (LST)  VALUE       VALUE  FROM      YEAR
                                                  NORMAL
..................................................................
TEMPERATURE (F)
 YESTERDAY
  MAXIMUM         66    217 PM  86    1997  69     -3       71
  MINIMUM         62   1159 PM  52    1893  60      2       62
  AVERAGE         64                        64      0       67

PRECIPITATION (IN)
  YESTERDAY        0.00          0.49 1990   0.00   0.00     0.00
  MONTH TO DATE    0.43                      0.11   0.32     2.39
  SINCE OCT 1      7.85                     10.06  -2.21     8.91
  SINCE JAN 1      5.00                      6.95  -1.95     4.04

DEGREE DAYS
 HEATING
  YESTERDAY        1                         1      0        0
  MONTH TO DATE   11                        54    -43       37
  SINCE MAR 1    107                       345   -238       94
  SINCE JUL 1    647                      1203   -556      440

 COOLING
  YESTERDAY        0                         1     -1        2
  MONTH TO DATE   17                        28    -11       11
  SINCE MAR 1     71                        47     24      158
  SINCE JAN 1    116                        52     64      180
..................................................................


WIND (MPH)
  RESULTANT WIND SPEED   5   RESULTANT WIND DIRECTION  SW (240)
  HIGHEST WIND SPEED    12   HIGHEST WIND DIRECTION     W (260)
  HIGHEST GUST SPEED    16   HIGHEST GUST DIRECTION    SW (240)
  AVERAGE WIND SPEED     5.8


SKY COVER
  POSSIBLE SUNSHINE  MM
  AVERAGE SKY COVER 1.0


WEATHER CONDITIONS
 THE FOLLOWING WEATHER WAS RECORDED YESTERDAY.
  NO SIGNIFICANT WEATHER WAS OBSERVED.


RELATIVE HUMIDITY (PERCENT)
 HIGHEST    78           300 AM
 LOWEST     68          1200 PM
 AVERAGE    73

..........................................................


THE SAN DIEGO/LINDBERGH FIELD CA CLIMATE NORMALS FOR TODAY
                         NORMAL    RECORD    YEAR
 MAXIMUM TEMPERATURE (F)   69        88      1978
 MINIMUM TEMPERATURE (F)   61        52      1895


SUNRISE AND SUNSET
MAY 29 2016...........SUNRISE   542 AM PDT   SUNSET   750 PM PDT
MAY 30 2016...........SUNRISE   542 AM PDT   SUNSET   751 PM PDT


-  INDICATES NEGATIVE NUMBERS.
R  INDICATES RECORD WAS SET OR TIED.
MM INDICATES DATA IS MISSING.
T  INDICATES TRACE AMOUNT.




$$
