000
CDUS46 KSGX 290019
CLISAN


CLIMATE REPORT
NATIONAL WEATHER SERVICE SAN DIEGO, CA
518 PM PDT TUE MAR 28 2017


...................................

...THE SAN DIEGO INTL AIRPORT CA CLIMATE SUMMARY FOR MARCH 28 2017...
VALID TODAY AS OF 0500 PM LOCAL TIME.

CLIMATE NORMAL PERIOD 1981 TO 2010
CLIMATE RECORD PERIOD 1874 TO 2017


WEATHER ITEM   OBSERVED TIME   RECORD YEAR NORMAL DEPARTURE LAST
                VALUE   (LST)  VALUE       VALUE  FROM      YEAR
                                                  NORMAL
..................................................................
TEMPERATURE (F)
 TODAY
  MAXIMUM         71    209 PM  95    1879  66      5       64
  MINIMUM         56    615 AM  41    1920  54      2       58
  AVERAGE         64                        60      4       61

PRECIPITATION (IN)
  TODAY            0.00          0.99 1896   0.04  -0.04      T
  MONTH TO DATE    0.08                      1.68  -1.60     0.72
  SINCE OCT 1     11.70                      9.04   2.66     6.83
  SINCE JAN 1      6.80                      5.93   0.87     3.98

DEGREE DAYS
 HEATING
  TODAY            1                         5     -4        4
  MONTH TO DATE   69                       163    -94       54
  SINCE MAR 1     69                       163    -94       54
  SINCE JUL 1    661                      1021   -360      594

 COOLING
  TODAY            0                         0      0        0
  MONTH TO DATE    9                         0      9        5
  SINCE MAR 1      9                         0      9        5
  SINCE JAN 1      9                         5      4       50
..................................................................


WIND (MPH)
  RESULTANT WIND SPEED   4   RESULTANT WIND DIRECTION  NW (300)
  HIGHEST WIND SPEED    14   HIGHEST WIND DIRECTION     W (280)
  HIGHEST GUST SPEED    17   HIGHEST GUST DIRECTION     W (280)
  AVERAGE WIND SPEED     5.2


SKY COVER
  POSSIBLE SUNSHINE  MM
  AVERAGE SKY COVER 0.2


WEATHER CONDITIONS
 THE FOLLOWING WEATHER WAS RECORDED TODAY.
  NO SIGNIFICANT WEATHER WAS OBSERVED.


RELATIVE HUMIDITY (PERCENT)
 HIGHEST    80           100 AM
 LOWEST     35           100 PM
 AVERAGE    58

..........................................................


THE SAN DIEGO INTL AIRPORT CA CLIMATE NORMALS FOR TOMORROW
                         NORMAL    RECORD    YEAR
 MAXIMUM TEMPERATURE (F)   66        99      1879
 MINIMUM TEMPERATURE (F)   54        43      1884


SUNRISE AND SUNSET
MARCH 28 2017.........SUNRISE   641 AM PDT   SUNSET   706 PM PDT
MARCH 29 2017.........SUNRISE   640 AM PDT   SUNSET   707 PM PDT


-  INDICATES NEGATIVE NUMBERS.
R  INDICATES RECORD WAS SET OR TIED.
MM INDICATES DATA IS MISSING.
T  INDICATES TRACE AMOUNT.




$$
