000
CDUS44 KEWX 172354
CLISAT


CLIMATE REPORT
NATIONAL WEATHER SERVICE AUSTIN/SAN ANTONIO, TX
553 PM CST TUE JAN 17 2017


...................................

...THE SAN ANTONIO CLIMATE SUMMARY FOR JANUARY 17 2017...
VALID TODAY AS OF 553 PM LOCAL TIME.

CLIMATE NORMAL PERIOD 1981 TO 2010
CLIMATE RECORD PERIOD 1886 TO 2017


WEATHER ITEM   OBSERVED TIME   RECORD YEAR NORMAL DEPARTURE LAST
                VALUE   (LST)  VALUE       VALUE  FROM      YEAR
                                                  NORMAL
..................................................................
TEMPERATURE (F)
 TODAY
  MAXIMUM         62    109 AM  82    1999  63     -1       56
                                      1938
  MINIMUM         53    147 PM  15    1930  41     12       33
  AVERAGE         58                        52      6       45

PRECIPITATION (IN)
  TODAY            0.01          1.15 1945   0.05  -0.04     0.00
  MONTH TO DATE    2.34                      0.91   1.43     1.10
  SINCE DEC 1      8.56                      2.82   5.74     2.58
  SINCE JAN 1      2.34                      0.91   1.43     1.10

SNOWFALL (IN)
  TODAY            0.0
  MONTH TO DATE    0.0
  SINCE DEC 1      0.0
  SINCE JUL 1      0.0
  SNOW DEPTH       0

DEGREE DAYS
 HEATING
  TODAY            7                        14     -7       20
  MONTH TO DATE  142                       238    -96      243
  SINCE DEC 1    460                       629   -169      472
  SINCE JUL 1    518                       840   -322      601

 COOLING
  TODAY            0                         0      0        0
  MONTH TO DATE   20                         0     20        0
  SINCE DEC 1     62                        14     48       25
  SINCE JAN 1     20                         0     20        0
..................................................................


WIND (MPH)
  HIGHEST WIND SPEED    18   HIGHEST WIND DIRECTION    NE (30)
  HIGHEST GUST SPEED    27   HIGHEST GUST DIRECTION    NE (30)
  AVERAGE WIND SPEED    10.4


SKY COVER
  AVERAGE SKY COVER 0.9


WEATHER CONDITIONS
 THE FOLLOWING WEATHER WAS RECORDED TODAY.
  LIGHT RAIN
  FOG


RELATIVE HUMIDITY (PERCENT)
 HIGHEST    93           300 AM
 LOWEST     72           100 AM
 AVERAGE    83

..........................................................


THE SAN ANTONIO CLIMATE NORMALS FOR TOMORROW
                         NORMAL    RECORD    YEAR
 MAXIMUM TEMPERATURE (F)   63        85      1938
 MINIMUM TEMPERATURE (F)   41        11      1930


SUNRISE AND SUNSET
JANUARY 17 2017.......SUNRISE   729 AM CST   SUNSET   559 PM CST
JANUARY 18 2017.......SUNRISE   729 AM CST   SUNSET   600 PM CST


-  INDICATES NEGATIVE NUMBERS.
R  INDICATES RECORD WAS SET OR TIED.
MM INDICATES DATA IS MISSING.
T  INDICATES TRACE AMOUNT.




$$
