000
CDUS44 KEWX 230712
CLISAT


CLIMATE REPORT
NATIONAL WEATHER SERVICE AUSTIN/SAN ANTONIO, TX
206 AM CDT SAT JUL 23 2016


...................................

...THE SAN ANTONIO CLIMATE SUMMARY FOR JULY 22 2016...

CLIMATE NORMAL PERIOD 1981 TO 2010
CLIMATE RECORD PERIOD 1886 TO 2016


WEATHER ITEM   OBSERVED TIME   RECORD YEAR NORMAL DEPARTURE LAST
                VALUE   (LST)  VALUE       VALUE  FROM      YEAR
                                                  NORMAL
..................................................................
TEMPERATURE (F)
 YESTERDAY
  MAXIMUM         98    410 PM 102    2009  95      3       97
                                      2006
  MINIMUM         78    634 AM  64    1888  75      3       79
  AVERAGE         88                        85      3       88

PRECIPITATION (IN)
  YESTERDAY        0.00          3.62 1961   0.06  -0.06     0.00
  MONTH TO DATE    0.01                      2.22  -2.21     0.07
  SINCE JUN 1      2.40                      6.36  -3.96     6.49
  SINCE JAN 1     24.22                     18.33   5.89    29.77

SNOWFALL (IN)
  YESTERDAY        0.0
  MONTH TO DATE    0.0
  SINCE JUN 1      0.0
  SINCE JUL 1      0.0
  SNOW DEPTH       0

DEGREE DAYS
 HEATING
  YESTERDAY        0                         0      0        0
  MONTH TO DATE    0                         0      0        0
  SINCE JUN 1      0                         0      0        0
  SINCE JUL 1      0                         0      0        0

 COOLING
  YESTERDAY       23                        20      3       23
  MONTH TO DATE  506                       426     80      440
  SINCE JUN 1   1025                       949     76      946
  SINCE JAN 1   1650                      1578     72     1591
..................................................................


WIND (MPH)
  HIGHEST WIND SPEED    18   HIGHEST WIND DIRECTION    SE (130)
  HIGHEST GUST SPEED    23   HIGHEST GUST DIRECTION     S (160)
  AVERAGE WIND SPEED     8.2


SKY COVER
  AVERAGE SKY COVER 0.2


WEATHER CONDITIONS
 THE FOLLOWING WEATHER WAS RECORDED YESTERDAY.
  NO SIGNIFICANT WEATHER WAS OBSERVED.


RELATIVE HUMIDITY (PERCENT)
 HIGHEST    85           600 AM
 LOWEST     35           200 PM
 AVERAGE    60

..........................................................


THE SAN ANTONIO CLIMATE NORMALS FOR TODAY
                         NORMAL    RECORD    YEAR
 MAXIMUM TEMPERATURE (F)   95       103      1994
                                             1898
 MINIMUM TEMPERATURE (F)   75        67      1989
                                             1988


SUNRISE AND SUNSET
JULY 23 2016..........SUNRISE   649 AM CDT   SUNSET   832 PM CDT
JULY 24 2016..........SUNRISE   649 AM CDT   SUNSET   831 PM CDT


-  INDICATES NEGATIVE NUMBERS.
R  INDICATES RECORD WAS SET OR TIED.
MM INDICATES DATA IS MISSING.
T  INDICATES TRACE AMOUNT.




$$
