000
CDUS44 KEWX 252258
CLISAT


CLIMATE REPORT
NATIONAL WEATHER SERVICE AUSTIN/SAN ANTONIO, TX
557 PM CDT SAT MAR 25 2017


...................................

...THE SAN ANTONIO CLIMATE SUMMARY FOR MARCH 25 2017...
VALID TODAY AS OF 555 PM LOCAL TIME.

CLIMATE NORMAL PERIOD 1981 TO 2010
CLIMATE RECORD PERIOD 1886 TO 2017


WEATHER ITEM   OBSERVED TIME   RECORD YEAR NORMAL DEPARTURE LAST
                VALUE   (LST)  VALUE       VALUE  FROM      YEAR
                                                  NORMAL
..................................................................
TEMPERATURE (F)
 TODAY
  MAXIMUM         84    457 PM  97    1899  76      8       71
  MINIMUM         54   1220 AM  34    2006  53      1       42
  AVERAGE         69                        64      5       57

PRECIPITATION (IN)
  TODAY            0.00          1.26 1960   0.08  -0.08     0.00
  MONTH TO DATE    1.22                      1.90  -0.68     3.42
  SINCE MAR 1      1.22                      1.90  -0.68     3.42
  SINCE JAN 1      7.55                      5.45   2.10     6.35

SNOWFALL (IN)
  TODAY            0.0
  MONTH TO DATE    0.0
  SINCE MAR 1      0.0
  SINCE JUL 1      0.0
  SNOW DEPTH       0

DEGREE DAYS
 HEATING
  TODAY            0                         3     -3        8
  MONTH TO DATE   51                       135    -84       62
  SINCE MAR 1     51                       135    -84       62
  SINCE JUL 1    769                      1436   -667     1011

 COOLING
  TODAY            4                         3      1        0
  MONTH TO DATE   92                        48     44       86
  SINCE MAR 1     92                        48     44       86
  SINCE JAN 1    192                        74    118      115
..................................................................


WIND (MPH)
  HIGHEST WIND SPEED    17   HIGHEST WIND DIRECTION     N (350)
  HIGHEST GUST SPEED    20   HIGHEST GUST DIRECTION     N (350)
  AVERAGE WIND SPEED     6.3


SKY COVER
  AVERAGE SKY COVER 0.1


WEATHER CONDITIONS
 THE FOLLOWING WEATHER WAS RECORDED TODAY.
  NO SIGNIFICANT WEATHER WAS OBSERVED.


RELATIVE HUMIDITY (PERCENT)
 HIGHEST    72           200 AM
 LOWEST     23           400 PM
 AVERAGE    48

..........................................................


THE SAN ANTONIO CLIMATE NORMALS FOR TOMORROW
                         NORMAL    RECORD    YEAR
 MAXIMUM TEMPERATURE (F)   76        97      1950
 MINIMUM TEMPERATURE (F)   53        31      1955


SUNRISE AND SUNSET
MARCH 25 2017.........SUNRISE   731 AM CDT   SUNSET   748 PM CDT
MARCH 26 2017.........SUNRISE   730 AM CDT   SUNSET   749 PM CDT


-  INDICATES NEGATIVE NUMBERS.
R  INDICATES RECORD WAS SET OR TIED.
MM INDICATES DATA IS MISSING.
T  INDICATES TRACE AMOUNT.




$$
