000
CDUS44 KEWX 260849
CLISAT


CLIMATE REPORT
NATIONAL WEATHER SERVICE AUSTIN/SAN ANTONIO, TX
347 AM CDT TUE MAY 26 2015


...................................

...THE SAN ANTONIO CLIMATE SUMMARY FOR MAY 25 2015...

CLIMATE NORMAL PERIOD 1981 TO 2010
CLIMATE RECORD PERIOD 1886 TO 2015


WEATHER ITEM   OBSERVED TIME   RECORD YEAR NORMAL DEPARTURE LAST
                VALUE   (LST)  VALUE       VALUE  FROM      YEAR
                                                  NORMAL
..................................................................
TEMPERATURE (F)
 YESTERDAY
  MAXIMUM         88    632 PM 103    1989  89     -1       88
  MINIMUM         72   1156 PM  58    1967  69      3       72
                                      1947
  AVERAGE         80                        79      1       80

PRECIPITATION (IN)
  YESTERDAY        0.01          9.87 2013   0.14  -0.13     0.02
  MONTH TO DATE    7.05                      3.11   3.94     2.97
  SINCE MAR 1     17.56                      7.52  10.04     4.71
  SINCE JAN 1     21.76                     11.07  10.69     5.36

SNOWFALL (IN)
  YESTERDAY        0.0
  MONTH TO DATE    0.0
  SINCE MAR 1      0.0
  SINCE JUL 1      T
  SNOW DEPTH       0

DEGREE DAYS
 HEATING
  YESTERDAY        0                         0      0        0
  MONTH TO DATE    0                         0      0        4
  SINCE MAR 1    179                       193    -14      232
  SINCE JUL 1   1494                      1494      0     1566

 COOLING
  YESTERDAY       15                        14      1       15
  MONTH TO DATE  279                       282     -3      265
  SINCE MAR 1    550                       515     35      562
  SINCE JAN 1    563                       541     22      627
..................................................................


WIND (MPH)
  HIGHEST WIND SPEED    25   HIGHEST WIND DIRECTION     S (180)
  HIGHEST GUST SPEED    34   HIGHEST GUST DIRECTION     S (180)
  AVERAGE WIND SPEED    11.5


SKY COVER
  AVERAGE SKY COVER 0.9


WEATHER CONDITIONS
 THE FOLLOWING WEATHER WAS RECORDED YESTERDAY.
  THUNDERSTORM
  LIGHT RAIN


RELATIVE HUMIDITY (PERCENT)
 HIGHEST    93           100 AM
 LOWEST     59           600 PM
 AVERAGE    76

..........................................................


THE SAN ANTONIO CLIMATE NORMALS FOR TODAY
                         NORMAL    RECORD    YEAR
 MAXIMUM TEMPERATURE (F)   89       100      1989
 MINIMUM TEMPERATURE (F)   69        54      1947


SUNRISE AND SUNSET
MAY 26 2015...........SUNRISE   636 AM CDT   SUNSET   826 PM CDT
MAY 27 2015...........SUNRISE   636 AM CDT   SUNSET   827 PM CDT


-  INDICATES NEGATIVE NUMBERS.
R  INDICATES RECORD WAS SET OR TIED.
MM INDICATES DATA IS MISSING.
T  INDICATES TRACE AMOUNT.




$$
