438
CDUS44 KEWX 180005
CLISAT


CLIMATE REPORT
NATIONAL WEATHER SERVICE AUSTIN/SAN ANTONIO, TX
603 PM CST WED JAN 17 2018


...................................

...THE SAN ANTONIO CLIMATE SUMMARY FOR JANUARY 17 2018...
VALID TODAY AS OF 0600 PM LOCAL TIME.

CLIMATE NORMAL PERIOD 1981 TO 2010
CLIMATE RECORD PERIOD 1886 TO 2018


WEATHER ITEM   OBSERVED TIME   RECORD YEAR NORMAL DEPARTURE LAST
                VALUE   (LST)  VALUE       VALUE  FROM      YEAR
                                                  NORMAL
..................................................................
TEMPERATURE (F)
 TODAY
  MAXIMUM         36    500 PM  82    1999  63    -27       62
                                      1938
  MINIMUM         22        MM  15    1930  41    -19       50
  AVERAGE         29                        52    -23       56

PRECIPITATION (IN)
  TODAY            0.00          1.15 1945   0.05  -0.05     0.11
  MONTH TO DATE    0.09                      0.91  -0.82     2.44
  SINCE DEC 1      4.13                      2.82   1.31     8.66
  SINCE JAN 1      0.09                      0.91  -0.82     2.44

SNOWFALL (IN)
  TODAY            0.0
  MONTH TO DATE    T
  SINCE DEC 1      1.9
  SINCE JUL 1      1.9
  SNOW DEPTH      MM

DEGREE DAYS
 HEATING
  TODAY           36                        14     22        9
  MONTH TO DATE  309                       238     71      144
  SINCE DEC 1    694                       629     65      462
  SINCE JUL 1    826                       840    -14      520

 COOLING
  TODAY            0                         0      0        0
  MONTH TO DATE    0                         0      0       20
  SINCE DEC 1     18                        14      4       62
  SINCE JAN 1      0                         0      0       20
..................................................................


WIND (MPH)
  HIGHEST WIND SPEED    16   HIGHEST WIND DIRECTION     N (20)
  HIGHEST GUST SPEED    MM   HIGHEST GUST DIRECTION    MM
  AVERAGE WIND SPEED     9.3


SKY COVER
  AVERAGE SKY COVER 0.9


WEATHER CONDITIONS
 THE FOLLOWING WEATHER WAS RECORDED TODAY.
  NO SIGNIFICANT WEATHER WAS OBSERVED.


RELATIVE HUMIDITY (PERCENT)
 HIGHEST    50           900 AM
 LOWEST     29           100 PM
 AVERAGE    40

..........................................................


THE SAN ANTONIO CLIMATE NORMALS FOR TOMORROW
                         NORMAL    RECORD    YEAR
 MAXIMUM TEMPERATURE (F)   63        85      1938
 MINIMUM TEMPERATURE (F)   41        11      1930


SUNRISE AND SUNSET
JANUARY 17 2018.......SUNRISE   729 AM CST   SUNSET   559 PM CST
JANUARY 18 2018.......SUNRISE   729 AM CST   SUNSET   600 PM CST


-  INDICATES NEGATIVE NUMBERS.
R  INDICATES RECORD WAS SET OR TIED.
MM INDICATES DATA IS MISSING.
T  INDICATES TRACE AMOUNT.




$$
