000
CDUS44 KEWX 202228
CLISAT


CLIMATE REPORT
NATIONAL WEATHER SERVICE AUSTIN/SAN ANTONIO, TX
527 PM CDT MON OCT 20 2014

...................................

...THE SAN ANTONIO CLIMATE SUMMARY FOR OCTOBER 20 2014...
VALID TODAY AS OF 0500 PM LOCAL TIME.

CLIMATE NORMAL PERIOD 1981 TO 2010
CLIMATE RECORD PERIOD 1886 TO 2014


WEATHER ITEM   OBSERVED TIME   RECORD YEAR NORMAL DEPARTURE LAST
                VALUE   (LST)  VALUE       VALUE  FROM      YEAR
                                                  NORMAL
..................................................................
TEMPERATURE (F)
 TODAY
  MAXIMUM         85    247 PM  92    1979  81      4       75
  MINIMUM         66    707 AM  34    1966  59      7       46
  AVERAGE         76                        70      6       61

PRECIPITATION (IN)
  TODAY            0.00          2.40 1993   0.15  -0.15     0.00
  MONTH TO DATE    0.62                      2.75  -2.13     1.97
  SINCE SEP 1      2.39                      5.78  -3.39     5.67
  SINCE JAN 1     18.46                     26.72  -8.26    29.11

SNOWFALL (IN)
  TODAY            0.0
  MONTH TO DATE    0.0
  SINCE SEP 1      0.0
  SINCE JUL 1      0.0
  SNOW DEPTH       0

DEGREE DAYS
 HEATING
  TODAY            0                         1     -1        4
  MONTH TO DATE    0                         9     -9       11
  SINCE SEP 1      0                        11    -11       11
  SINCE JUL 1      0                        11    -11       11

 COOLING
  TODAY           11                         6      5        0
  MONTH TO DATE  252                       163     89      198
  SINCE SEP 1    768                       606    162      756
  SINCE JAN 1   3368                      2997    371     3349
..................................................................


WIND (MPH)
  HIGHEST WIND SPEED    15   HIGHEST WIND DIRECTION     E (110)
  HIGHEST GUST SPEED    19   HIGHEST GUST DIRECTION     E (110)
  AVERAGE WIND SPEED     7.0


SKY COVER
  AVERAGE SKY COVER 0.7


WEATHER CONDITIONS
 THE FOLLOWING WEATHER WAS RECORDED TODAY.
  FOG
  HAZE


RELATIVE HUMIDITY (PERCENT)
 HIGHEST    87           500 AM
 LOWEST     40           300 PM
 AVERAGE    64

..........................................................


THE SAN ANTONIO CLIMATE NORMALS FOR TOMORROW
                         NORMAL    RECORD    YEAR
 MAXIMUM TEMPERATURE (F)   81        92      1979
 MINIMUM TEMPERATURE (F)   59        36      1976


SUNRISE AND SUNSET
OCTOBER 20 2014.......SUNRISE   739 AM CDT   SUNSET   658 PM CDT
OCTOBER 21 2014.......SUNRISE   739 AM CDT   SUNSET   657 PM CDT


-  INDICATES NEGATIVE NUMBERS.
R  INDICATES RECORD WAS SET OR TIED.
MM INDICATES DATA IS MISSING.
T  INDICATES TRACE AMOUNT.


$$
