615
CDUS44 KEWX 092223
CLISAT


CLIMATE REPORT
NATIONAL WEATHER SERVICE AUSTIN/SAN ANTONIO, TX
422 PM CST TUE FEB 9 2016


...................................

...THE SAN ANTONIO CLIMATE SUMMARY FOR FEBRUARY 9 2016...
VALID TODAY AS OF 420 PM LOCAL TIME.

CLIMATE NORMAL PERIOD 1981 TO 2010
CLIMATE RECORD PERIOD 1886 TO 2016


WEATHER ITEM   OBSERVED TIME   RECORD YEAR NORMAL DEPARTURE LAST
                VALUE   (LST)  VALUE       VALUE  FROM      YEAR
                                                  NORMAL
..................................................................
TEMPERATURE (F)
 TODAY
  MAXIMUM         73    349 PM  91    1962  66      7       84
  MINIMUM         37    723 AM  15    1933  43     -6       50
  AVERAGE         55                        54      1       67

PRECIPITATION (IN)
  TODAY            0.00          1.24 1965   0.06  -0.06     0.00
  MONTH TO DATE    0.00                      0.56  -0.56     0.30
  SINCE DEC 1      2.86                      4.23  -1.37     5.21
  SINCE JAN 1      1.38                      2.32  -0.94     3.97

SNOWFALL (IN)
  TODAY            0.0
  MONTH TO DATE    0.0
  SINCE DEC 1      0.0
  SINCE JUL 1      0.0
  SNOW DEPTH       0

DEGREE DAYS
 HEATING
  TODAY           10                        11     -1        0
  MONTH TO DATE  107                       106      1      100
  SINCE DEC 1    740                       913   -173      831
  SINCE JUL 1    869                      1124   -255     1078

 COOLING
  TODAY            0                         1     -1        2
  MONTH TO DATE    0                         5     -5        2
  SINCE DEC 1     28                        26      2        9
  SINCE JAN 1      3                        12     -9        2
..................................................................


WIND (MPH)
  HIGHEST WIND SPEED    16   HIGHEST WIND DIRECTION    NW (330)
  HIGHEST GUST SPEED    20   HIGHEST GUST DIRECTION     N (340)
  AVERAGE WIND SPEED     7.8


SKY COVER
  AVERAGE SKY COVER 0.0


WEATHER CONDITIONS
 THE FOLLOWING WEATHER WAS RECORDED TODAY.
  NO SIGNIFICANT WEATHER WAS OBSERVED.


RELATIVE HUMIDITY (PERCENT)
 HIGHEST    54          1200 AM
 LOWEST     20           300 PM
 AVERAGE    37

..........................................................


THE SAN ANTONIO CLIMATE NORMALS FOR TOMORROW
                         NORMAL    RECORD    YEAR
 MAXIMUM TEMPERATURE (F)   66        88      1954
 MINIMUM TEMPERATURE (F)   43        19      1899


SUNRISE AND SUNSET
FEBRUARY  9 2016......SUNRISE   718 AM CST   SUNSET   618 PM CST
FEBRUARY 10 2016......SUNRISE   718 AM CST   SUNSET   619 PM CST


-  INDICATES NEGATIVE NUMBERS.
R  INDICATES RECORD WAS SET OR TIED.
MM INDICATES DATA IS MISSING.
T  INDICATES TRACE AMOUNT.




$$
