000
CDUS44 KEWX 272221
CLISAT


CLIMATE REPORT
NATIONAL WEATHER SERVICE AUSTIN/SAN ANTONIO, TX
520 PM CDT SAT AUG 27 2016


...................................

...THE SAN ANTONIO CLIMATE SUMMARY FOR AUGUST 27 2016...
VALID TODAY AS OF 520 PM LOCAL TIME.

CLIMATE NORMAL PERIOD 1981 TO 2010
CLIMATE RECORD PERIOD 1886 TO 2016


WEATHER ITEM   OBSERVED TIME   RECORD YEAR NORMAL DEPARTURE LAST
                VALUE   (LST)  VALUE       VALUE  FROM      YEAR
                                                  NORMAL
..................................................................
TEMPERATURE (F)
 TODAY
  MAXIMUM         91    317 PM 106    2011  95     -4       96
  MINIMUM         74    457 AM  62    1891  74      0       78
  AVERAGE         83                        85     -2       87

PRECIPITATION (IN)
  TODAY            0.00          1.68 1923   0.10  -0.10     0.00
                                      1898
  MONTH TO DATE    4.83                      1.67   3.16     0.29
  SINCE JUN 1      7.55                      8.55  -1.00     6.78
  SINCE JAN 1     29.37                     20.52   8.85    30.06

SNOWFALL (IN)
  TODAY            0.0
  MONTH TO DATE    0.0
  SINCE JUN 1      0.0
  SINCE JUL 1      0.0
  SNOW DEPTH       0

DEGREE DAYS
 HEATING
  TODAY            0                         0      0        0
  MONTH TO DATE    0                         0      0        0
  SINCE JUN 1      0                         0      0        0
  SINCE JUL 1      0                         0      0        0

 COOLING
  TODAY           18                        20     -2       22
  MONTH TO DATE  526                       559    -33      622
  SINCE JUN 1   1734                      1690     44     1775
  SINCE JAN 1   2359                      2319     40     2420
..................................................................


WIND (MPH)
  HIGHEST WIND SPEED    12   HIGHEST WIND DIRECTION     E (110)
  HIGHEST GUST SPEED    15   HIGHEST GUST DIRECTION     E (110)
  AVERAGE WIND SPEED     2.7


SKY COVER
  AVERAGE SKY COVER 0.6


WEATHER CONDITIONS
 THE FOLLOWING WEATHER WAS RECORDED TODAY.
  NO SIGNIFICANT WEATHER WAS OBSERVED.


RELATIVE HUMIDITY (PERCENT)
 HIGHEST    87           200 AM
 LOWEST     52           200 PM
 AVERAGE    70

..........................................................


THE SAN ANTONIO CLIMATE NORMALS FOR TOMORROW
                         NORMAL    RECORD    YEAR
 MAXIMUM TEMPERATURE (F)   95       110      2011
 MINIMUM TEMPERATURE (F)   74        62      1992
                                             1906


SUNRISE AND SUNSET
AUGUST 27 2016........SUNRISE   709 AM CDT   SUNSET   801 PM CDT
AUGUST 28 2016........SUNRISE   709 AM CDT   SUNSET   800 PM CDT


-  INDICATES NEGATIVE NUMBERS.
R  INDICATES RECORD WAS SET OR TIED.
MM INDICATES DATA IS MISSING.
T  INDICATES TRACE AMOUNT.




$$
