000
CDUS42 KCHS 132207
CLISAV


CLIMATE REPORT
NATIONAL WEATHER SERVICE CHARLESTON SC
507 PM EST SAT FEB 13 2016


...................................

...THE SAVANNAH GA CLIMATE SUMMARY FOR FEBRUARY 13 2016...
VALID TODAY AS OF 0500 PM LOCAL TIME.

CLIMATE NORMAL PERIOD 1981 TO 2010
CLIMATE RECORD PERIOD 1871 TO 2016


WEATHER ITEM   OBSERVED TIME   RECORD YEAR NORMAL DEPARTURE LAST
                VALUE   (LST)  VALUE       VALUE  FROM      YEAR
                                                  NORMAL
..................................................................
TEMPERATURE (F)
 TODAY
  MAXIMUM         54    400 PM  80    2013  64    -10       47
                                      1922
                                      1876
  MINIMUM         38    727 AM   8    1899  41     -3       27
  AVERAGE         46                        53     -7       37

PRECIPITATION (IN)
  TODAY            0.00          1.64 2013   0.09  -0.09     0.00
  MONTH TO DATE    3.07                      1.30   1.77     1.04
  SINCE DEC 1      9.55                      7.94   1.61     9.18
  SINCE JAN 1      6.20                      4.99   1.21     5.16

SNOWFALL (IN)
  TODAY            0.0                       0.0    0.0
  SINCE DEC 1      T                         0.2   -0.2
  SINCE JUL 1      T                         0.2   -0.2

DEGREE DAYS
 HEATING
  TODAY           19                        13      6       28
  MONTH TO DATE  177                       176      1      206
  SINCE DEC 1    747                      1083   -336      963
  SINCE JUL 1    872                      1350   -478     1255

 COOLING
  TODAY            0                         0      0        0
  MONTH TO DATE    9                         0      9        0
  SINCE DEC 1    115                        12    103       11
  SINCE JAN 1      9                         3      6        5
..................................................................


WIND (MPH)
  HIGHEST WIND SPEED    18   HIGHEST WIND DIRECTION     N (340)
  HIGHEST GUST SPEED    23   HIGHEST GUST DIRECTION     N (340)
  AVERAGE WIND SPEED     9.3


SKY COVER
  POSSIBLE SUNSHINE  MM
  AVERAGE SKY COVER 0.0


WEATHER CONDITIONS
 THE FOLLOWING WEATHER WAS RECORDED TODAY.
  NO SIGNIFICANT WEATHER WAS OBSERVED.


RELATIVE HUMIDITY (PERCENT)
 HIGHEST    86           100 AM
 LOWEST     26           400 PM
 AVERAGE    56

..........................................................


THE SAVANNAH GA CLIMATE NORMALS FOR TOMORROW
                         NORMAL    RECORD    YEAR
 MAXIMUM TEMPERATURE (F)   64        82      1962
                                             1959
 MINIMUM TEMPERATURE (F)   42        10      1899


SUNRISE AND SUNSET
FEBRUARY 13 2016......SUNRISE   709 AM EST   SUNSET   609 PM EST
FEBRUARY 14 2016......SUNRISE   709 AM EST   SUNSET   610 PM EST


-  INDICATES NEGATIVE NUMBERS.
R  INDICATES RECORD WAS SET OR TIED.
MM INDICATES DATA IS MISSING.
T  INDICATES TRACE AMOUNT.




$$
