000
CDUS42 KCHS 250524
CLISAV


CLIMATE REPORT
NATIONAL WEATHER SERVICE CHARLESTON SC
124 AM EDT FRI JUL 25 2014


...................................

...THE SAVANNAH GA CLIMATE SUMMARY FOR JULY 24 2014...

CLIMATE NORMAL PERIOD 1981 TO 2010
CLIMATE RECORD PERIOD 1871 TO 2014


WEATHER ITEM   OBSERVED TIME   RECORD YEAR NORMAL DEPARTURE LAST
                VALUE   (LST)  VALUE       VALUE  FROM      YEAR
                                                  NORMAL
..................................................................
TEMPERATURE (F)
 YESTERDAY
  MAXIMUM         95    321 PM 104    1952  93      2       84
  MINIMUM         76    534 AM  64    2007  73      3       73
  AVERAGE         86                        83      3       79

PRECIPITATION (IN)
  YESTERDAY        0.00          2.52 1904   0.19  -0.19     0.02
  MONTH TO DATE    1.89                      4.17  -2.28     7.64
  SINCE JUN 1     13.53                     10.12   3.41    15.92
  SINCE JAN 1     29.32                     26.38   2.94    35.46

DEGREE DAYS
 HEATING
  YESTERDAY        0                         0      0        0
  MONTH TO DATE    0                         0      0        0
  SINCE JUN 1      0                         0      0        0
  SINCE JUL 1      0                         0      0        0

 COOLING
  YESTERDAY       21                        18      3       14
  MONTH TO DATE  425                       424      1      387
  SINCE JUN 1    916                       870     46      855
  SINCE JAN 1   1405                      1273    132     1213
..................................................................


WIND (MPH)
  HIGHEST WIND SPEED    18   HIGHEST WIND DIRECTION     W (250)
  HIGHEST GUST SPEED    40   HIGHEST GUST DIRECTION    SW (230)
  AVERAGE WIND SPEED     8.0


SKY COVER
  POSSIBLE SUNSHINE  MM
  AVERAGE SKY COVER 0.3


WEATHER CONDITIONS
 THE FOLLOWING WEATHER WAS RECORDED YESTERDAY.
  NO SIGNIFICANT WEATHER WAS OBSERVED.


RELATIVE HUMIDITY (PERCENT)
 HIGHEST    91           200 AM
 LOWEST     46           300 PM
 AVERAGE    69

..........................................................


THE SAVANNAH GA CLIMATE NORMALS FOR TODAY
                         NORMAL    RECORD    YEAR
 MAXIMUM TEMPERATURE (F)   92       101      1952
                                             1940
 MINIMUM TEMPERATURE (F)   73        66      1977


SUNRISE AND SUNSET
JULY 25 2014..........SUNRISE   635 AM EDT   SUNSET   827 PM EDT
JULY 26 2014..........SUNRISE   636 AM EDT   SUNSET   826 PM EDT


-  INDICATES NEGATIVE NUMBERS.
R  INDICATES RECORD WAS SET OR TIED.
MM INDICATES DATA IS MISSING.
T  INDICATES TRACE AMOUNT.




$$
