000
CDUS42 KCHS 010534
CLISAV


CLIMATE REPORT
NATIONAL WEATHER SERVICE CHARLESTON SC
1233 AM EST SUN FEB 1 2015


...................................

...THE SAVANNAH GA CLIMATE SUMMARY FOR JANUARY 31 2015...

CLIMATE NORMAL PERIOD 1981 TO 2010
CLIMATE RECORD PERIOD 1871 TO 2015


WEATHER ITEM   OBSERVED TIME   RECORD YEAR NORMAL DEPARTURE LAST
                VALUE   (LST)  VALUE       VALUE  FROM      YEAR
                                                  NORMAL
..................................................................
TEMPERATURE (F)
 YESTERDAY
  MAXIMUM         55    309 PM  83    1957  62     -7       61
  MINIMUM         29    611 AM  16    1966  40    -11       37
  AVERAGE         42                        51     -9       49

PRECIPITATION (IN)
  YESTERDAY        0.00          1.56 1885   0.13  -0.13     0.00
  MONTH TO DATE    4.12                      3.69   0.43     2.41
  SINCE DEC 1      8.14                      6.64   1.50     4.79
  SINCE JAN 1      4.12                      3.69   0.43     2.41

SNOWFALL (IN)
  YESTERDAY        0.0                       0.0    0.0
  SINCE DEC 1      0.0                       0.2   -0.2
  SINCE JUL 1      0.0                       0.2   -0.2

DEGREE DAYS
 HEATING
  YESTERDAY       23                        15      8       16
  MONTH TO DATE  473                       486    -13      573
  SINCE DEC 1    757                       907   -150      843
  SINCE JUL 1   1049                      1174   -125     1099

 COOLING
  YESTERDAY        0                         0      0        0
  MONTH TO DATE    5                         3      2        3
  SINCE DEC 1     11                        12     -1       41
  SINCE JAN 1      5                         3      2        3
..................................................................


WIND (MPH)
  HIGHEST WIND SPEED    10   HIGHEST WIND DIRECTION    SE (120)
  HIGHEST GUST SPEED    14   HIGHEST GUST DIRECTION     E (100)
  AVERAGE WIND SPEED     3.7


SKY COVER
  POSSIBLE SUNSHINE  MM
  AVERAGE SKY COVER 0.2


WEATHER CONDITIONS
 THE FOLLOWING WEATHER WAS RECORDED YESTERDAY.
  NO SIGNIFICANT WEATHER WAS OBSERVED.


RELATIVE HUMIDITY (PERCENT)
 HIGHEST    85           800 AM
 LOWEST     18           100 PM
 AVERAGE    52

..........................................................


THE SAVANNAH GA CLIMATE NORMALS FOR TODAY
                         NORMAL    RECORD    YEAR
 MAXIMUM TEMPERATURE (F)   62        85      2002
 MINIMUM TEMPERATURE (F)   40        23      1977
                                             1965
                                             1936


SUNRISE AND SUNSET
FEBRUARY  1 2015......SUNRISE   719 AM EST   SUNSET   558 PM EST
FEBRUARY  2 2015......SUNRISE   718 AM EST   SUNSET   559 PM EST


-  INDICATES NEGATIVE NUMBERS.
R  INDICATES RECORD WAS SET OR TIED.
MM INDICATES DATA IS MISSING.
T  INDICATES TRACE AMOUNT.




$$
