512
CDUS42 KCHS 090629
CLISAV


CLIMATE REPORT
NATIONAL WEATHER SERVICE CHARLESTON SC
128 AM EST FRI DEC 9 2016


...................................

...THE SAVANNAH GA CLIMATE SUMMARY FOR DECEMBER 8 2016...

CLIMATE NORMAL PERIOD 1981 TO 2010
CLIMATE RECORD PERIOD 1871 TO 2016


WEATHER ITEM   OBSERVED TIME   RECORD YEAR NORMAL DEPARTURE LAST
                VALUE   (LST)  VALUE       VALUE  FROM      YEAR
                                                  NORMAL
..................................................................
TEMPERATURE (F)
 YESTERDAY
  MAXIMUM         65    241 PM  82    1978  64      1       68
  MINIMUM         47   1159 PM  20    1965  42      5       42
  AVERAGE         56                        53      3       55

PRECIPITATION (IN)
  YESTERDAY        0.00          2.69 1989   0.09  -0.09     0.00
  MONTH TO DATE    3.46                      0.70   2.76     0.73
  SINCE DEC 1      3.46                      0.70   2.76     0.73
  SINCE JAN 1     54.62                     45.71   8.91    44.98

SNOWFALL (IN)
  YESTERDAY        0.0                       0.0    0.0
  SINCE DEC 1      0.0                       0.0    0.0
  SINCE JUL 1      0.0                       0.0    0.0

DEGREE DAYS
 HEATING
  YESTERDAY        9                        12     -3       10
  MONTH TO DATE   56                        92    -36       50
  SINCE DEC 1     56                        92    -36       50
  SINCE JUL 1    236                       359   -123      175

 COOLING
  YESTERDAY        0                         0      0        0
  MONTH TO DATE    3                         3      0        6
  SINCE DEC 1      3                         3      0        6
  SINCE JAN 1   3014                      2452    562     2751
..................................................................


WIND (MPH)
  HIGHEST WIND SPEED    20   HIGHEST WIND DIRECTION    NW (330)
  HIGHEST GUST SPEED    27   HIGHEST GUST DIRECTION     N (350)
  AVERAGE WIND SPEED    10.6


SKY COVER
  POSSIBLE SUNSHINE  MM
  AVERAGE SKY COVER 0.7


WEATHER CONDITIONS
 THE FOLLOWING WEATHER WAS RECORDED YESTERDAY.
  NO SIGNIFICANT WEATHER WAS OBSERVED.


RELATIVE HUMIDITY (PERCENT)
 HIGHEST    93           600 AM
 LOWEST     39          1100 PM
 AVERAGE    66

..........................................................


THE SAVANNAH GA CLIMATE NORMALS FOR TODAY
                         NORMAL    RECORD    YEAR
 MAXIMUM TEMPERATURE (F)   64        82      1978
                                             1943
 MINIMUM TEMPERATURE (F)   42        20      1968


SUNRISE AND SUNSET
DECEMBER  9 2016......SUNRISE   714 AM EST   SUNSET   520 PM EST
DECEMBER 10 2016......SUNRISE   715 AM EST   SUNSET   521 PM EST


-  INDICATES NEGATIVE NUMBERS.
R  INDICATES RECORD WAS SET OR TIED.
MM INDICATES DATA IS MISSING.
T  INDICATES TRACE AMOUNT.




$$
