000
CDUS42 KCHS 230624
CLISAV


CLIMATE REPORT
NATIONAL WEATHER SERVICE CHARLESTON SC
223 AM EDT SUN JUL 23 2017


...................................

...THE SAVANNAH GA CLIMATE SUMMARY FOR JULY 22 2017...

CLIMATE NORMAL PERIOD 1981 TO 2010
CLIMATE RECORD PERIOD 1871 TO 2017


WEATHER ITEM   OBSERVED TIME   RECORD YEAR NORMAL DEPARTURE LAST
                VALUE   (LST)  VALUE       VALUE  FROM      YEAR
                                                  NORMAL
..................................................................
TEMPERATURE (F)
 YESTERDAY
  MAXIMUM         92    400 PM 103    1977  93     -1       95
  MINIMUM         74    600 AM  62    1929  73      1       75
  AVERAGE         83                        83      0       85

PRECIPITATION (IN)
  YESTERDAY        0.00          2.27 1964   0.18  -0.18     0.10
  MONTH TO DATE    4.47                      3.79   0.68     0.42
  SINCE JUN 1     11.12                      9.74   1.38     7.38
  SINCE JAN 1     34.87                     26.00   8.87    30.05

DEGREE DAYS
 HEATING
  YESTERDAY        0                         0      0        0
  MONTH TO DATE    0                         0      0        0
  SINCE JUN 1      0                         0      0        0
  SINCE JUL 1      0                         0      0        0

 COOLING
  YESTERDAY       18                        18      0       20
  MONTH TO DATE  418                       388     30      462
  SINCE JUN 1    872                       834     38      978
  SINCE JAN 1   1546                      1237    309     1506
..................................................................


WIND (MPH)
  HIGHEST WIND SPEED    16   HIGHEST WIND DIRECTION     S (170)
  HIGHEST GUST SPEED    MM   HIGHEST GUST DIRECTION    MM
  AVERAGE WIND SPEED     6.6


SKY COVER
  POSSIBLE SUNSHINE  MM
  AVERAGE SKY COVER 0.2


WEATHER CONDITIONS
 THE FOLLOWING WEATHER WAS RECORDED YESTERDAY.
  NO SIGNIFICANT WEATHER WAS OBSERVED.


RELATIVE HUMIDITY (PERCENT)
 HIGHEST    93           600 AM
 LOWEST     49           200 PM
 AVERAGE    71

..........................................................


THE SAVANNAH GA CLIMATE NORMALS FOR TODAY
                         NORMAL    RECORD    YEAR
 MAXIMUM TEMPERATURE (F)   93       103      1952
 MINIMUM TEMPERATURE (F)   73        61      1966


SUNRISE AND SUNSET
JULY 23 2017..........SUNRISE   634 AM EDT   SUNSET   828 PM EDT
JULY 24 2017..........SUNRISE   635 AM EDT   SUNSET   827 PM EDT


-  INDICATES NEGATIVE NUMBERS.
R  INDICATES RECORD WAS SET OR TIED.
MM INDICATES DATA IS MISSING.
T  INDICATES TRACE AMOUNT.




$$
