000
CDUS42 KCHS 310602
CLISAV


CLIMATE REPORT
NATIONAL WEATHER SERVICE CHARLESTON SC
202 AM EDT FRI JUL 31 2015


...................................

...THE SAVANNAH GA CLIMATE SUMMARY FOR JULY 30 2015...

CLIMATE NORMAL PERIOD 1981 TO 2010
CLIMATE RECORD PERIOD 1871 TO 2015


WEATHER ITEM   OBSERVED TIME   RECORD YEAR NORMAL DEPARTURE LAST
                VALUE   (LST)  VALUE       VALUE  FROM      YEAR
                                                  NORMAL
..................................................................
TEMPERATURE (F)
 YESTERDAY
  MAXIMUM         95   1119 AM 101    1896  92      3       89
  MINIMUM         75    552 AM  66    1954  73      2       71
  AVERAGE         85                        83      2       80

PRECIPITATION (IN)
  YESTERDAY        0.01          3.14 1991   0.21  -0.20     1.12
  MONTH TO DATE    5.30                      5.39  -0.09     3.02
  SINCE JUN 1     10.93                     11.34  -0.41    14.66
  SINCE JAN 1     28.26                     27.60   0.66    30.45

DEGREE DAYS
 HEATING
  YESTERDAY        0                         0      0        0
  MONTH TO DATE    0                         0      0        0
  SINCE JUN 1      0                         0      0        0
  SINCE JUL 1      0                         0      0        0

 COOLING
  YESTERDAY       20                        18      2       15
  MONTH TO DATE  569                       532     37      545
  SINCE JUN 1   1075                       978     97     1036
  SINCE JAN 1   1610                      1381    229     1525
..................................................................


WIND (MPH)
  HIGHEST WIND SPEED    13   HIGHEST WIND DIRECTION     S (170)
  HIGHEST GUST SPEED    16   HIGHEST GUST DIRECTION     S (170)
  AVERAGE WIND SPEED     4.4


SKY COVER
  POSSIBLE SUNSHINE  MM
  AVERAGE SKY COVER 0.5


WEATHER CONDITIONS
 THE FOLLOWING WEATHER WAS RECORDED YESTERDAY.
  LIGHT RAIN


RELATIVE HUMIDITY (PERCENT)
 HIGHEST    94           400 AM
 LOWEST     41          1000 AM
 AVERAGE    68

..........................................................


THE SAVANNAH GA CLIMATE NORMALS FOR TODAY
                         NORMAL    RECORD    YEAR
 MAXIMUM TEMPERATURE (F)   92       101      1999
                                             1990
                                             1942
 MINIMUM TEMPERATURE (F)   73        64      1997
                                             1936


SUNRISE AND SUNSET
JULY 31 2015..........SUNRISE   639 AM EDT   SUNSET   823 PM EDT
AUGUST  1 2015........SUNRISE   640 AM EDT   SUNSET   822 PM EDT


-  INDICATES NEGATIVE NUMBERS.
R  INDICATES RECORD WAS SET OR TIED.
MM INDICATES DATA IS MISSING.
T  INDICATES TRACE AMOUNT.




$$
