393
CDUS42 KCHS 230608
CLISAV


CLIMATE REPORT
NATIONAL WEATHER SERVICE CHARLESTON SC
108 AM EST TUE JAN 23 2018


...................................

...THE SAVANNAH GA CLIMATE SUMMARY FOR JANUARY 22 2018...

CLIMATE NORMAL PERIOD 1981 TO 2010
CLIMATE RECORD PERIOD 1871 TO 2018


WEATHER ITEM   OBSERVED TIME   RECORD YEAR NORMAL DEPARTURE LAST
                VALUE   (LST)  VALUE       VALUE  FROM      YEAR
                                                  NORMAL
..................................................................
TEMPERATURE (F)
 YESTERDAY
  MAXIMUM         77    349 PM  80    1937  61     16       67
                                      1923
  MINIMUM         42    712 AM  17    1985  39      3       58
                                      1961
  AVERAGE         60                        50     10       63

PRECIPITATION (IN)
  YESTERDAY        0.00          4.19 2017   0.12  -0.12     4.19
  MONTH TO DATE    0.66                      2.56  -1.90     6.54
  SINCE DEC 1      3.01                      5.51  -2.50    10.83
  SINCE JAN 1      0.66                      2.56  -1.90     6.54

SNOWFALL (IN)
  YESTERDAY        0.0                       0.0    0.0
  SINCE DEC 1      1.2                       0.2    1.0
  SINCE JUL 1      1.2                       0.2    1.0

DEGREE DAYS
 HEATING
  YESTERDAY        5                        15    -10        2
  MONTH TO DATE  458                       351    107      139
  SINCE DEC 1    834                       774     60      411
  SINCE JUL 1   1058                      1041     17      592

 COOLING
  YESTERDAY        0                         0      0        0
  MONTH TO DATE    3                         0      3       23
  SINCE DEC 1     12                         9      3       33
  SINCE JAN 1      3                         0      3       23
..................................................................


WIND (MPH)
  HIGHEST WIND SPEED    21   HIGHEST WIND DIRECTION     S (160)
  HIGHEST GUST SPEED    26   HIGHEST GUST DIRECTION    SE (150)
  AVERAGE WIND SPEED     7.7


SKY COVER
  POSSIBLE SUNSHINE  MM
  AVERAGE SKY COVER 0.6


WEATHER CONDITIONS
 THE FOLLOWING WEATHER WAS RECORDED YESTERDAY.
  FOG


RELATIVE HUMIDITY (PERCENT)
 HIGHEST    96           400 AM
 LOWEST     60           200 PM
 AVERAGE    78

..........................................................


THE SAVANNAH GA CLIMATE NORMALS FOR TODAY
                         NORMAL    RECORD    YEAR
 MAXIMUM TEMPERATURE (F)   61        82      2002
                                             1937
 MINIMUM TEMPERATURE (F)   39        19      1960


SUNRISE AND SUNSET
JANUARY 23 2018.......SUNRISE   723 AM EST   SUNSET   550 PM EST
JANUARY 24 2018.......SUNRISE   723 AM EST   SUNSET   551 PM EST


-  INDICATES NEGATIVE NUMBERS.
R  INDICATES RECORD WAS SET OR TIED.
MM INDICATES DATA IS MISSING.
T  INDICATES TRACE AMOUNT.




$$
