000
CDUS42 KCHS 290947
CLISAV


CLIMATE REPORT
NATIONAL WEATHER SERVICE CHARLESTON SC
436 AM EST MON DEC 29 2014


...................................

...THE SAVANNAH GA CLIMATE SUMMARY FOR DECEMBER 28 2014...

CLIMATE NORMAL PERIOD 1981 TO 2010
CLIMATE RECORD PERIOD 1871 TO 2014


WEATHER ITEM   OBSERVED TIME   RECORD YEAR NORMAL DEPARTURE LAST
                VALUE   (LST)  VALUE       VALUE  FROM      YEAR
                                                  NORMAL
..................................................................
TEMPERATURE (F)
 YESTERDAY
  MAXIMUM         80R   223 PM  80    2014  60     20       63
                                      1982
  MINIMUM         51    753 AM  21    2010  39     12       40
                                      1925
                                      1894
  AVERAGE         66                        50     16       52

PRECIPITATION (IN)
  YESTERDAY        0.00          1.58 2000   0.10  -0.10     0.03
  MONTH TO DATE    3.89                      2.65   1.24     1.58
  SINCE DEC 1      3.89                      2.65   1.24     1.58
  SINCE JAN 1     50.43                     47.66   2.77    53.27

SNOWFALL (IN)
  YESTERDAY        0.0                       0.0    0.0
  SINCE DEC 1      0.0                       0.2   -0.2
  SINCE JUL 1      0.0                       0.2   -0.2

DEGREE DAYS
 HEATING
  YESTERDAY        0                        16    -16       13
  MONTH TO DATE  257                       375   -118      245
  SINCE DEC 1    257                       375   -118      245
  SINCE JUL 1    549                       642    -93      501

 COOLING
  YESTERDAY        1                         0      1        0
  MONTH TO DATE    6                         3      3       38
  SINCE DEC 1      6                         3      3       38
  SINCE JAN 1   2732                      2452    280     2491
..................................................................


WIND (MPH)
  HIGHEST WIND SPEED    16   HIGHEST WIND DIRECTION    SW (240)
  HIGHEST GUST SPEED    20   HIGHEST GUST DIRECTION    SW (240)
  AVERAGE WIND SPEED     3.7


SKY COVER
  POSSIBLE SUNSHINE  MM
  AVERAGE SKY COVER 0.6


WEATHER CONDITIONS
 THE FOLLOWING WEATHER WAS RECORDED YESTERDAY.
  FOG


RELATIVE HUMIDITY (PERCENT)
 HIGHEST   100           700 AM
 LOWEST     58           200 PM
 AVERAGE    79

..........................................................


THE SAVANNAH GA CLIMATE NORMALS FOR TODAY
                         NORMAL    RECORD    YEAR
 MAXIMUM TEMPERATURE (F)   60        81      1984
 MINIMUM TEMPERATURE (F)   39        12      1894


SUNRISE AND SUNSET
DECEMBER 29 2014......SUNRISE   725 AM EST   SUNSET   529 PM EST
DECEMBER 30 2014......SUNRISE   725 AM EST   SUNSET   530 PM EST


-  INDICATES NEGATIVE NUMBERS.
R  INDICATES RECORD WAS SET OR TIED.
MM INDICATES DATA IS MISSING.
T  INDICATES TRACE AMOUNT.




$$
