000
CDUS42 KCHS 270621
CLISAV


CLIMATE REPORT
NATIONAL WEATHER SERVICE CHARLESTON SC
221 AM EDT MON MAR 27 2017


...................................

...THE SAVANNAH GA CLIMATE SUMMARY FOR MARCH 26 2017...

CLIMATE NORMAL PERIOD 1981 TO 2010
CLIMATE RECORD PERIOD 1871 TO 2017


WEATHER ITEM   OBSERVED TIME   RECORD YEAR NORMAL DEPARTURE LAST
                VALUE   (LST)  VALUE       VALUE  FROM      YEAR
                                                  NORMAL
..................................................................
TEMPERATURE (F)
 YESTERDAY
  MAXIMUM         81    153 PM  88    1929  73      8       79
  MINIMUM         56    435 AM  34    2013  50      6       63
                                      2006
                                      1979
  AVERAGE         69                        61      8       71

PRECIPITATION (IN)
  YESTERDAY        0.00          1.40 1892   0.12  -0.12     0.12
  MONTH TO DATE    0.44                      3.10  -2.66     1.01
  SINCE MAR 1      0.44                      3.10  -2.66     1.01
  SINCE JAN 1      9.27                      9.58  -0.31     7.42

SNOWFALL (IN)
  YESTERDAY        0.0                       0.0    0.0
  SINCE MAR 1      0.0                       0.0    0.0
  SINCE JUL 1      0.0                       0.3   -0.3

DEGREE DAYS
 HEATING
  YESTERDAY        0                         5     -5        0
  MONTH TO DATE  193                       187      6       95
  SINCE MAR 1    193                       187      6       95
  SINCE JUL 1   1003                      1704   -701     1164

 COOLING
  YESTERDAY        4                         1      3        6
  MONTH TO DATE   32                        26      6       87
  SINCE MAR 1     32                        26      6       87
  SINCE JAN 1     90                        36     54      108
..................................................................


WIND (MPH)
  HIGHEST WIND SPEED    18   HIGHEST WIND DIRECTION    SE (150)
  HIGHEST GUST SPEED    24   HIGHEST GUST DIRECTION     S (170)
  AVERAGE WIND SPEED     8.0


SKY COVER
  POSSIBLE SUNSHINE  MM
  AVERAGE SKY COVER 0.4


WEATHER CONDITIONS
 THE FOLLOWING WEATHER WAS RECORDED YESTERDAY.
  NO SIGNIFICANT WEATHER WAS OBSERVED.


RELATIVE HUMIDITY (PERCENT)
 HIGHEST    87           700 AM
 LOWEST     42           200 PM
 AVERAGE    65

..........................................................


THE SAVANNAH GA CLIMATE NORMALS FOR TODAY
                         NORMAL    RECORD    YEAR
 MAXIMUM TEMPERATURE (F)   73        86      2011
                                             1994
 MINIMUM TEMPERATURE (F)   50        26      1955


SUNRISE AND SUNSET
MARCH 27 2017.........SUNRISE   719 AM EDT   SUNSET   741 PM EDT
MARCH 28 2017.........SUNRISE   718 AM EDT   SUNSET   742 PM EDT


-  INDICATES NEGATIVE NUMBERS.
R  INDICATES RECORD WAS SET OR TIED.
MM INDICATES DATA IS MISSING.
T  INDICATES TRACE AMOUNT.




$$
