000
CDUS46 KLOX 140922
CLISBA


CLIMATE REPORT
NATIONAL WEATHER SERVICE LOS ANGELES/OXNARD CA
122 AM PST THU DEC 14 2017


...................................

...THE SANTA BARBARA AIRPORT CA CLIMATE SUMMARY FOR DECEMBER 13 2017...

CLIMATE NORMAL PERIOD 1981 TO 2010
CLIMATE RECORD PERIOD 1940 TO 2017


WEATHER ITEM   OBSERVED TIME   RECORD YEAR NORMAL DEPARTURE LAST
                VALUE   (LST)  VALUE       VALUE  FROM      YEAR
                                                  NORMAL
..................................................................
TEMPERATURE (F)
 YESTERDAY
  MAXIMUM         78    137 PM  82    1953  64     14       61
  MINIMUM         34    626 AM  25    1967  40     -6       47
  AVERAGE         56                        52      4       54

PRECIPITATION (IN)
  YESTERDAY        0.00          0.15 1941   0.08  -0.08     0.00
  MONTH TO DATE    0.00                      0.95  -0.95     0.04
  SINCE OCT 1      0.07                      3.31  -3.24     1.66
  SINCE JAN 1     19.76                     15.77   3.99    11.00

SNOWFALL (IN)
  YESTERDAY        0.0
  MONTH TO DATE    0.0
  SINCE DEC 1      0.0
  SINCE JUL 1      0.0

DEGREE DAYS
 HEATING
  YESTERDAY        9                        13     -4       11
  MONTH TO DATE  140                       163    -23      138
  SINCE DEC 1    140                       163    -23      138
  SINCE JUL 1    391                       641   -250      467

 COOLING
  YESTERDAY        0                         0      0        0
  MONTH TO DATE    0                         0      0        0
  SINCE DEC 1      0                         0      0        0
  SINCE JAN 1    385                       188    197      259
..................................................................


WIND (MPH)
  HIGHEST WIND SPEED     9   HIGHEST WIND DIRECTION     W (260)
  HIGHEST GUST SPEED    11   HIGHEST GUST DIRECTION     W (270)
  AVERAGE WIND SPEED     1.9


SKY COVER
  POSSIBLE SUNSHINE  MM
  AVERAGE SKY COVER 0.1


WEATHER CONDITIONS
 THE FOLLOWING WEATHER WAS RECORDED YESTERDAY.
  HAZE


RELATIVE HUMIDITY (PERCENT)
 HIGHEST    93           600 PM
 LOWEST     14           100 PM
 AVERAGE    54

..........................................................


THE SANTA BARBARA AIRPORT CA CLIMATE NORMALS FOR TODAY
                         NORMAL    RECORD    YEAR
 MAXIMUM TEMPERATURE (F)   63        79      1983
 MINIMUM TEMPERATURE (F)   40        25      1967


SUNRISE AND SUNSET
DECEMBER 14 2017......SUNRISE   658 AM PST   SUNSET   450 PM PST
DECEMBER 15 2017......SUNRISE   659 AM PST   SUNSET   451 PM PST


-  INDICATES NEGATIVE NUMBERS.
R  INDICATES RECORD WAS SET OR TIED.
MM INDICATES DATA IS MISSING.
T  INDICATES TRACE AMOUNT.




$$
