000
CDUS46 KLOX 030113
CLISBA


CLIMATE REPORT
NATIONAL WEATHER SERVICE LOS ANGELES/OXNARD CA
613 PM PDT THU JUL 2 2015


...................................

...THE SANTA BARBARA AIRPORT CA CLIMATE SUMMARY FOR JULY 2 2015...
VALID TODAY AS OF 0600 PM LOCAL TIME.

CLIMATE NORMAL PERIOD 1981 TO 2010
CLIMATE RECORD PERIOD 1940 TO 2015


WEATHER ITEM   OBSERVED TIME   RECORD YEAR NORMAL DEPARTURE LAST
                VALUE   (LST)  VALUE       VALUE  FROM      YEAR
                                                  NORMAL
..................................................................
TEMPERATURE (F)
 TODAY
  MAXIMUM         77   1250 PM 109    1985  72      5       73
  MINIMUM         63    542 AM  48    1963  57      6       61
  AVERAGE         70                        64      6       67

PRECIPITATION (IN)
  TODAY            T             0.40 1980   0.00   0.00     0.00
  MONTH TO DATE    T                         0.00   0.00     0.00
  SINCE OCT 1      9.62                     17.35  -7.73     6.49
  SINCE JAN 1      3.33                     12.05  -8.72     5.20

SNOWFALL (IN)
  TODAY            0.0
  MONTH TO DATE    0.0
  SINCE JUN 1      0.0
  SINCE JUL 1      0.0

DEGREE DAYS
 HEATING
  TODAY            0                         1     -1        0
  MONTH TO DATE    0                         2     -2        0
  SINCE JUN 1     30                        92    -62       52
  SINCE JUL 1      0                         2     -2        0

 COOLING
  TODAY            5                         1      4        2
  MONTH TO DATE    8                         2      6        4
  SINCE JUN 1     32                        16     16       26
  SINCE JAN 1     70                        30     40       94
..................................................................


WIND (MPH)
  HIGHEST WIND SPEED    20   HIGHEST WIND DIRECTION     W (270)
  HIGHEST GUST SPEED    23   HIGHEST GUST DIRECTION     W (270)
  AVERAGE WIND SPEED     6.6


SKY COVER
  POSSIBLE SUNSHINE  MM
  AVERAGE SKY COVER 0.3


WEATHER CONDITIONS
 THE FOLLOWING WEATHER WAS RECORDED TODAY.
  NO SIGNIFICANT WEATHER WAS OBSERVED.


RELATIVE HUMIDITY (PERCENT)
 HIGHEST    93           300 AM
 LOWEST     60           100 PM
 AVERAGE    77

..........................................................


THE SANTA BARBARA AIRPORT CA CLIMATE NORMALS FOR TOMORROW
                         NORMAL    RECORD    YEAR
 MAXIMUM TEMPERATURE (F)   72       102      1985
 MINIMUM TEMPERATURE (F)   57        50      2000


SUNRISE AND SUNSET
JULY  2 2015..........SUNRISE   551 AM PDT   SUNSET   816 PM PDT
JULY  3 2015..........SUNRISE   551 AM PDT   SUNSET   816 PM PDT


-  INDICATES NEGATIVE NUMBERS.
R  INDICATES RECORD WAS SET OR TIED.
MM INDICATES DATA IS MISSING.
T  INDICATES TRACE AMOUNT.




$$
