000
CDUS46 KLOX 240920
CLISBA


CLIMATE REPORT
NATIONAL WEATHER SERVICE LOS ANGELES/OXNARD CA
220 AM PDT MON JUL 24 2017


...................................

...THE SANTA BARBARA AIRPORT CA CLIMATE SUMMARY FOR JULY 23 2017...

CLIMATE NORMAL PERIOD 1981 TO 2010
CLIMATE RECORD PERIOD 1940 TO 2017


WEATHER ITEM   OBSERVED TIME   RECORD YEAR NORMAL DEPARTURE LAST
                VALUE   (LST)  VALUE       VALUE  FROM      YEAR
                                                  NORMAL
..................................................................
TEMPERATURE (F)
 YESTERDAY
  MAXIMUM         72    242 PM  93    2006  74     -2       92
  MINIMUM         59    600 AM  51    1987  58      1       61
  AVERAGE         66                        66      0       77

PRECIPITATION (IN)
  YESTERDAY        0.00          T    1984   0.00   0.00     0.00
  MONTH TO DATE    0.04                      0.03   0.01     0.00
  SINCE OCT 1     24.27                     17.38   6.89    10.21
  SINCE JAN 1     19.46                     12.08   7.38     9.33

SNOWFALL (IN)
  YESTERDAY        0.0
  MONTH TO DATE    0.0
  SINCE JUN 1      0.0
  SINCE JUL 1      0.0

DEGREE DAYS
 HEATING
  YESTERDAY        0                         1     -1        0
  MONTH TO DATE   11                        23    -12       15
  SINCE JUN 1     50                       113    -63       87
  SINCE JUL 1     11                        23    -12       15

 COOLING
  YESTERDAY        1                         2     -1       12
  MONTH TO DATE   51                        34     17       37
  SINCE JUN 1     69                        48     21       58
  SINCE JAN 1     96                        62     34       68
..................................................................


WIND (MPH)
  HIGHEST WIND SPEED    15   HIGHEST WIND DIRECTION     W (270)
  HIGHEST GUST SPEED    17   HIGHEST GUST DIRECTION     W (260)
  AVERAGE WIND SPEED     5.4


SKY COVER
  POSSIBLE SUNSHINE  MM
  AVERAGE SKY COVER 0.7


WEATHER CONDITIONS
 THE FOLLOWING WEATHER WAS RECORDED YESTERDAY.
  FOG


RELATIVE HUMIDITY (PERCENT)
 HIGHEST   100          1200 AM
 LOWEST     73           300 PM
 AVERAGE    87

..........................................................


THE SANTA BARBARA AIRPORT CA CLIMATE NORMALS FOR TODAY
                         NORMAL    RECORD    YEAR
 MAXIMUM TEMPERATURE (F)   74        82      2006
                                             1960
 MINIMUM TEMPERATURE (F)   58        49      1948


SUNRISE AND SUNSET
JULY 24 2017..........SUNRISE   604 AM PDT   SUNSET   807 PM PDT
JULY 25 2017..........SUNRISE   605 AM PDT   SUNSET   806 PM PDT


-  INDICATES NEGATIVE NUMBERS.
R  INDICATES RECORD WAS SET OR TIED.
MM INDICATES DATA IS MISSING.
T  INDICATES TRACE AMOUNT.




$$
