000
CDUS43 KIWX 190532
CLISBN


CLIMATE REPORT
NATIONAL WEATHER SERVICE NORTHERN INDIANA
132 AM EDT SAT APR 19 2014


...................................

...THE SOUTH BEND CLIMATE SUMMARY FOR APRIL 18 2014...

CLIMATE NORMAL PERIOD 1981 TO 2010
CLIMATE RECORD PERIOD 1893 TO 2014


WEATHER ITEM   OBSERVED TIME   RECORD YEAR NORMAL DEPARTURE LAST
                VALUE   (LST)  VALUE       VALUE  FROM      YEAR
                                                  NORMAL
..................................................................
TEMPERATURE (F)
 YESTERDAY
  MAXIMUM         60   1150 AM  87    2004  61     -1       72
  MINIMUM         34   1159 PM  23    1926  40     -6       48
  AVERAGE         47                        50     -3       60

PRECIPITATION (IN)
  YESTERDAY        0.01          1.95 1975   0.11  -0.10     0.99
  MONTH TO DATE    1.42                      1.90  -0.48     4.46
  SINCE MAR 1      3.11                      4.32  -1.21     5.72
  SINCE JAN 1      9.05                      8.56   0.49    13.21

DEGREE DAYS
 HEATING
  YESTERDAY       18                        15      3        5
  MONTH TO DATE  328                       331     -3      345
  SINCE MAR 1   1404                      1186    218     1359
  SINCE JUL 1   6587                      5875    712     5756

 COOLING
  YESTERDAY        0                         0      0        0
  MONTH TO DATE    2                         0      2        0
  SINCE MAR 1      2                         1      1        0
  SINCE JAN 1      2                         1      1        0
..................................................................


WIND (MPH)
  HIGHEST WIND SPEED    18   HIGHEST WIND DIRECTION     N (340)
  HIGHEST GUST SPEED    23   HIGHEST GUST DIRECTION    NW (320)
  AVERAGE WIND SPEED     8.0


SKY COVER
  AVERAGE SKY COVER 0.3


WEATHER CONDITIONS
 THE FOLLOWING WEATHER WAS RECORDED YESTERDAY.
  LIGHT RAIN
  FOG
  HAZE


RELATIVE HUMIDITY (PERCENT)
 HIGHEST    86           500 AM
 LOWEST     44          1200 PM
 AVERAGE    65

..........................................................


THE SOUTH BEND CLIMATE NORMALS FOR TODAY
                         NORMAL    RECORD    YEAR
 MAXIMUM TEMPERATURE (F)   61        84      1985
 MINIMUM TEMPERATURE (F)   40        20      1926


SUNRISE AND SUNSET
APRIL 19 2014.........SUNRISE   659 AM EDT   SUNSET   830 PM EDT
APRIL 20 2014.........SUNRISE   658 AM EDT   SUNSET   831 PM EDT


-  INDICATES NEGATIVE NUMBERS.
R  INDICATES RECORD WAS SET OR TIED.
MM INDICATES DATA IS MISSING.
T  INDICATES TRACE AMOUNT.




$$
