000
CDUS43 KIWX 280021
CLISBN


CLIMATE REPORT
NATIONAL WEATHER SERVICE NORTHERN INDIANA
721 PM EST MON FEB 27 2017


...................................

...THE SOUTH BEND CLIMATE SUMMARY FOR FEBRUARY 27 2017...
VALID AS OF 0700 PM LOCAL TIME.

CLIMATE NORMAL PERIOD 1981 TO 2010
CLIMATE RECORD PERIOD 1893 TO 2017


WEATHER ITEM   OBSERVED TIME   RECORD YEAR NORMAL DEPARTURE LAST
                VALUE   (LST)  VALUE       VALUE  FROM      YEAR
                                                  NORMAL
..................................................................
TEMPERATURE (F)
 TODAY
  MAXIMUM         51    236 PM  69    1976  39     12       43
  MINIMUM         27    721 AM  -8    2015  23      4       24
  AVERAGE         39                        31      8       34

PRECIPITATION (IN)
  TODAY            0.00          1.40 1948   0.08  -0.08     0.00
  MONTH TO DATE    1.87                      1.87   0.00     2.09
  SINCE DEC 1      7.20                      6.77   0.43     7.81
  SINCE JAN 1      5.21                      4.16   1.05     3.69

SNOWFALL (IN)
  TODAY            0.0           5.2  2002   0.4   -0.4      0.0
  MONTH TO DATE    0.4                      14.6  -14.2     30.1
  SINCE DEC 1     33.2                      52.5  -19.3     50.2
  SINCE JUL 1     33.7                      57.7  -24.0     59.3
  SNOW DEPTH       0

DEGREE DAYS
 HEATING
  TODAY           26                        34     -8       31
  MONTH TO DATE  755                      1010   -255      994
  SINCE DEC 1   3062                      3389   -327     3020
  SINCE JUL 1   3963                      4658   -695     4087

 COOLING
  TODAY            0                         0      0        0
  MONTH TO DATE    0                         0      0        0
  SINCE DEC 1      0                         0      0        0
  SINCE JAN 1      0                         0      0        0
..................................................................


WIND (MPH)
  RESULTANT WIND SPEED   8   RESULTANT WIND DIRECTION   S (200)
  HIGHEST WIND SPEED    15   HIGHEST WIND DIRECTION     S (170)
  HIGHEST GUST SPEED    20   HIGHEST GUST DIRECTION     S (190)
  AVERAGE WIND SPEED     8.1


SKY COVER
  POSSIBLE SUNSHINE  MM
  AVERAGE SKY COVER 0.2


WEATHER CONDITIONS
 THE FOLLOWING WEATHER WAS RECORDED TODAY.
  NO SIGNIFICANT WEATHER WAS OBSERVED.


RELATIVE HUMIDITY (PERCENT)
 HIGHEST    76          1000 AM
 LOWEST     52           400 PM
 AVERAGE    64

..........................................................


THE SOUTH BEND CLIMATE NORMALS FOR TOMORROW
                         NORMAL    RECORD    YEAR
 MAXIMUM TEMPERATURE (F)   40        61      1895
 MINIMUM TEMPERATURE (F)   24        -7      2015


SUNRISE AND SUNSET
FEBRUARY 27 2017......SUNRISE   723 AM EST   SUNSET   634 PM EST
FEBRUARY 28 2017......SUNRISE   721 AM EST   SUNSET   635 PM EST


-  INDICATES NEGATIVE NUMBERS.
R  INDICATES RECORD WAS SET OR TIED.
MM INDICATES DATA IS MISSING.
T  INDICATES TRACE AMOUNT.




$$
