000
CDUS43 KIWX 240523
CLISBN


CLIMATE REPORT
NATIONAL WEATHER SERVICE NORTHERN INDIANA
123 AM EDT TUE OCT 24 2017


...................................

...THE SOUTH BEND CLIMATE SUMMARY FOR OCTOBER 23 2017...

CLIMATE NORMAL PERIOD 1981 TO 2010
CLIMATE RECORD PERIOD 1893 TO 2017


WEATHER ITEM   OBSERVED TIME   RECORD YEAR NORMAL DEPARTURE LAST
                VALUE   (LST)  VALUE       VALUE  FROM      YEAR
                                                  NORMAL
..................................................................
TEMPERATURE (F)
 YESTERDAY
  MAXIMUM         56    628 AM  83    1963  59     -3       71
  MINIMUM         49   1159 PM  25    1895  41      8       41
  AVERAGE         53                        50      3       56

PRECIPITATION (IN)
  YESTERDAY        1.39          2.47 1951   0.10   1.29     0.00
  MONTH TO DATE    8.36                      2.48   5.88     2.39
  SINCE SEP 1     10.40                      6.01   4.39     6.13
  SINCE JAN 1     37.99                     31.28   6.71    40.54

SNOWFALL (IN)
  YESTERDAY       MM             2.4  1962   0.0   MM        0.0
  MONTH TO DATE    0.0                       0.2   -0.2      0.0
  SINCE SEP 1      0.0                       0.2   -0.2      0.0
  SINCE JUL 1      0.0                       0.2   -0.2      0.0
  SNOW DEPTH       0

DEGREE DAYS
 HEATING
  YESTERDAY       12                        15     -3        9
  MONTH TO DATE  102                       273   -171      163
  SINCE SEP 1    193                       389   -196      193
  SINCE JUL 1    214                       407   -193      201

 COOLING
  YESTERDAY        0                         0      0        0
  MONTH TO DATE   22                         8     14       17
  SINCE SEP 1    140                        90     50      140
  SINCE JAN 1    692                       772    -80      949
..................................................................


WIND (MPH)
  HIGHEST WIND SPEED    24   HIGHEST WIND DIRECTION    NW (310)
  HIGHEST GUST SPEED    31   HIGHEST GUST DIRECTION    NW (320)
  AVERAGE WIND SPEED    11.1


SKY COVER
  AVERAGE SKY COVER 1.0


WEATHER CONDITIONS
 THE FOLLOWING WEATHER WAS RECORDED YESTERDAY.
  HEAVY RAIN
  RAIN
  LIGHT RAIN
  FOG


RELATIVE HUMIDITY (PERCENT)
 HIGHEST   100          1200 AM
 LOWEST    100          1200 AM
 AVERAGE   100

..........................................................


THE SOUTH BEND CLIMATE NORMALS FOR TODAY
                         NORMAL    RECORD    YEAR
 MAXIMUM TEMPERATURE (F)   59        79      1975
                                             1963
 MINIMUM TEMPERATURE (F)   40        23      1981


SUNRISE AND SUNSET
OCTOBER 24 2017.......SUNRISE   808 AM EDT   SUNSET   650 PM EDT
OCTOBER 25 2017.......SUNRISE   809 AM EDT   SUNSET   649 PM EDT


-  INDICATES NEGATIVE NUMBERS.
R  INDICATES RECORD WAS SET OR TIED.
MM INDICATES DATA IS MISSING.
T  INDICATES TRACE AMOUNT.




$$
