000
CDUS41 KAKQ 010546
CLISBY


CLIMATE REPORT
NATIONAL WEATHER SERVICE WAKEFIELD, VA
146 AM EDT SAT OCT 1 2016


...................................

...THE SALISBURY MD CLIMATE SUMMARY FOR SEPTEMBER 30 2016...

CLIMATE NORMAL PERIOD 1981 TO 2010
CLIMATE RECORD PERIOD 1900 TO 2016


WEATHER ITEM   OBSERVED TIME   RECORD YEAR NORMAL DEPARTURE LAST
                VALUE   (LST)  VALUE       VALUE  FROM      YEAR
                                                  NORMAL
..................................................................
TEMPERATURE (F)
 YESTERDAY
  MAXIMUM         72    910 AM  90    1921  74     -2       83
  MINIMUM         68   1159 PM  36    1951  52     16       66
  AVERAGE         70                        63      7       75

PRECIPITATION (IN)
  YESTERDAY        2.32          2.92 1964   0.13   2.19     0.06
  MONTH TO DATE   12.86                      3.98   8.88     2.03
  SINCE SEP 1     12.86                      3.98   8.88     2.03
  SINCE JAN 1     46.92                     35.05  11.87    39.42

SNOWFALL (IN)
  YESTERDAY        0.0           0.0  2001   0.0    0.0
  MONTH TO DATE    0.0                       0.0    0.0
  SINCE NOV 1     19.8                       9.3   10.5
  SINCE JUL 1      0.0                       0.0    0.0
  SNOW DEPTH       0

DEGREE DAYS
 HEATING
  YESTERDAY        0                         4     -4        0
  MONTH TO DATE    4                        45    -41        3
  SINCE SEP 1      4                        46    -42        3
  SINCE JUL 1      4                        48    -44        3

 COOLING
  YESTERDAY        5                         2      3       10
  MONTH TO DATE  227                       142     85      223
  SINCE SEP 1    227                       142     85      223
  SINCE JAN 1   1416                      1125    291     1329
..................................................................


WIND (MPH)
  HIGHEST WIND SPEED    23   HIGHEST WIND DIRECTION    NE (40)
  HIGHEST GUST SPEED    36   HIGHEST GUST DIRECTION    NE (30)
  AVERAGE WIND SPEED    10.7


SKY COVER
  POSSIBLE SUNSHINE  MM
  AVERAGE SKY COVER 1.0


WEATHER CONDITIONS
 THE FOLLOWING WEATHER WAS RECORDED YESTERDAY.
  HEAVY RAIN
  RAIN
  LIGHT RAIN
  FOG


RELATIVE HUMIDITY (PERCENT)
 HIGHEST   100           100 AM
 LOWEST     93           900 AM
 AVERAGE    97

..........................................................


THE SALISBURY MD CLIMATE NORMALS FOR TODAY
                         NORMAL    RECORD    YEAR
 MAXIMUM TEMPERATURE (F)   73        90      1986
                                             1927
 MINIMUM TEMPERATURE (F)   52        34      2005


SUNRISE AND SUNSET
OCTOBER  1 2016.......SUNRISE   658 AM EDT   SUNSET   644 PM EDT
OCTOBER  2 2016.......SUNRISE   659 AM EDT   SUNSET   643 PM EDT


-  INDICATES NEGATIVE NUMBERS.
R  INDICATES RECORD WAS SET OR TIED.
MM INDICATES DATA IS MISSING.
T  INDICATES TRACE AMOUNT.




$$
