000
CDUS41 KAKQ 210827
CLISBY


CLIMATE REPORT
NATIONAL WEATHER SERVICE WAKEFIELD, VA
427 AM EDT TUE OCT 21 2014


...................................

...THE SALISBURY MD CLIMATE SUMMARY FOR OCTOBER 20 2014...

CLIMATE NORMAL PERIOD 1981 TO 2010
CLIMATE RECORD PERIOD 1900 TO 2014


WEATHER ITEM   OBSERVED TIME   RECORD YEAR NORMAL DEPARTURE LAST
                VALUE   (LST)  VALUE       VALUE  FROM      YEAR
                                                  NORMAL
..................................................................
TEMPERATURE (F)
 YESTERDAY
  MAXIMUM         68    212 PM  84    1984  67      1       66
  MINIMUM         34    601 AM  25    1992  45    -11       42
  AVERAGE         51                        56     -5       54

PRECIPITATION (IN)
  YESTERDAY        0.00          3.00 1910   0.11  -0.11     0.00
  MONTH TO DATE    1.56                      2.26  -0.70     3.61
  SINCE SEP 1      5.94                      6.24  -0.30     4.38
  SINCE JAN 1     26.22                     37.31 -11.09    44.06

SNOWFALL (IN)
  YESTERDAY        0.0           0.0  2002   0.0    0.0
                                      2001
  MONTH TO DATE    0.0                       0.0    0.0
  SINCE NOV 1     22.5                       9.3   13.2
  SINCE JUL 1      0.0                       0.0    0.0
  SNOW DEPTH       0

DEGREE DAYS
 HEATING
  YESTERDAY       14                        10      4       11
  MONTH TO DATE   61                       143    -82       33
  SINCE SEP 1     67                       189   -122       60
  SINCE JUL 1     67                       191   -124       60

 COOLING
  YESTERDAY        0                         0      0        0
  MONTH TO DATE   31                        22      9       88
  SINCE SEP 1    251                       164     87      257
  SINCE JAN 1   1373                      1147    226     1620
..................................................................


WIND (MPH)
  HIGHEST WIND SPEED    20   HIGHEST WIND DIRECTION     S (200)
  HIGHEST GUST SPEED    25   HIGHEST GUST DIRECTION    SW (210)
  AVERAGE WIND SPEED     4.8


SKY COVER
  POSSIBLE SUNSHINE  MM
  AVERAGE SKY COVER 0.0


WEATHER CONDITIONS
 THE FOLLOWING WEATHER WAS RECORDED YESTERDAY.
  NO SIGNIFICANT WEATHER WAS OBSERVED.


RELATIVE HUMIDITY (PERCENT)
 HIGHEST    89           700 AM
 LOWEST     34           300 PM
 AVERAGE    62

..........................................................


THE SALISBURY MD CLIMATE NORMALS FOR TODAY
                         NORMAL    RECORD    YEAR
 MAXIMUM TEMPERATURE (F)   67        85      1947
 MINIMUM TEMPERATURE (F)   44        26      1940


SUNRISE AND SUNSET
OCTOBER 21 2014.......SUNRISE   717 AM EDT   SUNSET   616 PM EDT
OCTOBER 22 2014.......SUNRISE   718 AM EDT   SUNSET   615 PM EDT


-  INDICATES NEGATIVE NUMBERS.
R  INDICATES RECORD WAS SET OR TIED.
MM INDICATES DATA IS MISSING.
T  INDICATES TRACE AMOUNT.




$$
