605
CDUS41 KAKQ 220542
CLISBY


CLIMATE REPORT
NATIONAL WEATHER SERVICE WAKEFIELD, VA
142 AM EDT THU JUN 22 2017


...................................

...THE SALISBURY MD CLIMATE SUMMARY FOR JUNE 21 2017...

CLIMATE NORMAL PERIOD 1981 TO 2010
CLIMATE RECORD PERIOD 1900 TO 2017


WEATHER ITEM   OBSERVED TIME   RECORD YEAR NORMAL DEPARTURE LAST
                VALUE   (LST)  VALUE       VALUE  FROM      YEAR
                                                  NORMAL
..................................................................
TEMPERATURE (F)
 YESTERDAY
  MAXIMUM         85    257 PM  98    2012  84      1       89
                                      1913
  MINIMUM         70    614 AM  42    2005  64      6       67
  AVERAGE         78                        74      4       78

PRECIPITATION (IN)
  YESTERDAY        0.04          1.55 2016   0.13  -0.09     1.55
  MONTH TO DATE    1.75                      2.64  -0.89     3.02
  SINCE JUN 1      1.75                      2.64  -0.89     3.02
  SINCE JAN 1     18.28                     21.19  -2.91    21.75

SNOWFALL (IN)
  YESTERDAY        0.0           0.0  2002   0.0    0.0
                                      2001
  MONTH TO DATE    0.0                       0.0    0.0
  SINCE NOV 1      9.6                       9.3    0.3
  SINCE JUL 1      9.6                       9.3    0.3
  SNOW DEPTH       0

DEGREE DAYS
 HEATING
  YESTERDAY        0                         0      0        0
  MONTH TO DATE   15                        18     -3        1
  SINCE JUN 1     15                        18     -3        1
  SINCE JUL 1   3703                      4440   -737     3637

 COOLING
  YESTERDAY       13                         9      4       13
  MONTH TO DATE  185                       137     48      141
  SINCE JUN 1    185                       137     48      141
  SINCE JAN 1    323                       221    102      226
..................................................................


WIND (MPH)
  HIGHEST WIND SPEED    18   HIGHEST WIND DIRECTION    SW (240)
  HIGHEST GUST SPEED    23   HIGHEST GUST DIRECTION    SW (240)
  AVERAGE WIND SPEED     9.0


SKY COVER
  POSSIBLE SUNSHINE  MM
  AVERAGE SKY COVER 0.3


WEATHER CONDITIONS
 THE FOLLOWING WEATHER WAS RECORDED YESTERDAY.
  THUNDERSTORM
  LIGHT RAIN
  FOG


RELATIVE HUMIDITY (PERCENT)
 HIGHEST   100          1200 AM
 LOWEST     59           300 PM
 AVERAGE    80

..........................................................


THE SALISBURY MD CLIMATE NORMALS FOR TODAY
                         NORMAL    RECORD    YEAR
 MAXIMUM TEMPERATURE (F)   84        98      1988
                                             1933
 MINIMUM TEMPERATURE (F)   64        43      1940


SUNRISE AND SUNSET
JUNE 22 2017..........SUNRISE   539 AM EDT   SUNSET   829 PM EDT
JUNE 23 2017..........SUNRISE   539 AM EDT   SUNSET   829 PM EDT


-  INDICATES NEGATIVE NUMBERS.
R  INDICATES RECORD WAS SET OR TIED.
MM INDICATES DATA IS MISSING.
T  INDICATES TRACE AMOUNT.




$$
