000
CDUS41 KAKQ 190533
CLISBY


CLIMATE REPORT
NATIONAL WEATHER SERVICE WAKEFIELD, VA
130 AM EDT SAT AUG 19 2017


...................................

...THE SALISBURY MD CLIMATE SUMMARY FOR AUGUST 18 2017...

CLIMATE NORMAL PERIOD 1981 TO 2010
CLIMATE RECORD PERIOD 1900 TO 2017


WEATHER ITEM   OBSERVED TIME   RECORD YEAR NORMAL DEPARTURE LAST
                VALUE   (LST)  VALUE       VALUE  FROM      YEAR
                                                  NORMAL
..................................................................
TEMPERATURE (F)
 YESTERDAY
  MAXIMUM         91    303 PM  98    1914  84      7       88
  MINIMUM         73   1159 PM  49    1941  65      8       72
  AVERAGE         82                        75      7       80

PRECIPITATION (IN)
  YESTERDAY        0.57          3.08 2010   0.15   0.42     0.02
  MONTH TO DATE   10.39                      2.74   7.65     1.64
  SINCE JUN 1     23.69                     10.83  12.86    14.27
  SINCE JAN 1     40.22                     29.38  10.84    33.00

SNOWFALL (IN)
  YESTERDAY        0.0           0.0  2002   0.0    0.0
                                      2001
  MONTH TO DATE    0.0                       0.0    0.0
  SINCE NOV 1      9.6                       9.3    0.3
  SINCE JUL 1      0.0                       0.0    0.0
  SNOW DEPTH       0

DEGREE DAYS
 HEATING
  YESTERDAY        0                         0      0        0
  MONTH TO DATE    0                         0      0        0
  SINCE JUN 1     15                        20     -5        1
  SINCE JUL 1      0                         1     -1        0

 COOLING
  YESTERDAY       17                        10      7       15
  MONTH TO DATE  193                       191      2      281
  SINCE JUN 1    918                       782    136      950
  SINCE JAN 1   1056                       866    190     1035
..................................................................


WIND (MPH)
  HIGHEST WIND SPEED    18   HIGHEST WIND DIRECTION     S (190)
  HIGHEST GUST SPEED    24   HIGHEST GUST DIRECTION     S (180)
  AVERAGE WIND SPEED     8.7


SKY COVER
  POSSIBLE SUNSHINE  MM
  AVERAGE SKY COVER 0.4


WEATHER CONDITIONS
 THE FOLLOWING WEATHER WAS RECORDED YESTERDAY.
  HEAVY RAIN
  RAIN
  LIGHT RAIN
  FOG


RELATIVE HUMIDITY (PERCENT)
 HIGHEST   100           100 AM
 LOWEST     70           100 PM
 AVERAGE    85

..........................................................


THE SALISBURY MD CLIMATE NORMALS FOR TODAY
                         NORMAL    RECORD    YEAR
 MAXIMUM TEMPERATURE (F)   84       101      1914
 MINIMUM TEMPERATURE (F)   65        49      2007


SUNRISE AND SUNSET
AUGUST 19 2017........SUNRISE   620 AM EDT   SUNSET   750 PM EDT
AUGUST 20 2017........SUNRISE   621 AM EDT   SUNSET   749 PM EDT


-  INDICATES NEGATIVE NUMBERS.
R  INDICATES RECORD WAS SET OR TIED.
MM INDICATES DATA IS MISSING.
T  INDICATES TRACE AMOUNT.




$$
