000
CDUS41 KAKQ 060845
CLISBY


CLIMATE REPORT
NATIONAL WEATHER SERVICE WAKEFIELD, VA
345 AM EST SAT FEB 6 2016


...................................

...THE SALISBURY MD CLIMATE SUMMARY FOR FEBRUARY 5 2016...

CLIMATE NORMAL PERIOD 1981 TO 2010
CLIMATE RECORD PERIOD 1900 TO 2016


WEATHER ITEM   OBSERVED TIME   RECORD YEAR NORMAL DEPARTURE LAST
                VALUE   (LST)  VALUE       VALUE  FROM      YEAR
                                                  NORMAL
..................................................................
TEMPERATURE (F)
 YESTERDAY
  MAXIMUM         44    258 PM  72    1991  45     -1       43
  MINIMUM         31   1159 PM  -2    1918  27      4       23
  AVERAGE         38                        36      2       33

PRECIPITATION (IN)
  YESTERDAY        0.56          1.70 1998   0.12   0.44     0.00
  MONTH TO DATE    1.36                      0.60   0.76     0.61
  SINCE DEC 1      9.06                      7.92   1.14     9.20
  SINCE JAN 1      4.57                      4.21   0.36     5.17

SNOWFALL (IN)
  YESTERDAY       MM            15.0  1908   0.1   MM
  MONTH TO DATE    0.0                       0.7   -0.7
  SINCE NOV 1      6.7                       5.7    1.0
  SINCE JUL 1      6.7                       5.7    1.0
  SNOW DEPTH       0

DEGREE DAYS
 HEATING
  YESTERDAY       27                        29     -2       32
  MONTH TO DATE   82                       145    -63      150
  SINCE DEC 1   1393                      1868   -475     1682
  SINCE JUL 1   2040                      2686   -646     2354

 COOLING
  YESTERDAY        0                         0      0        0
  MONTH TO DATE    0                         0      0        0
  SINCE DEC 1      9                         0      9        0
  SINCE JAN 1      0                         0      0        0
..................................................................


WIND (MPH)
  HIGHEST WIND SPEED    23   HIGHEST WIND DIRECTION    NW (320)
  HIGHEST GUST SPEED    32   HIGHEST GUST DIRECTION    NW (330)
  AVERAGE WIND SPEED    11.2


SKY COVER
  POSSIBLE SUNSHINE  MM
  AVERAGE SKY COVER 0.6


WEATHER CONDITIONS
 THE FOLLOWING WEATHER WAS RECORDED YESTERDAY.
  RAIN
  LIGHT RAIN
  SNOW
  LIGHT SNOW
  FOG


RELATIVE HUMIDITY (PERCENT)
 HIGHEST   100           500 AM
 LOWEST     51           500 PM
 AVERAGE    76

..........................................................


THE SALISBURY MD CLIMATE NORMALS FOR TODAY
                         NORMAL    RECORD    YEAR
 MAXIMUM TEMPERATURE (F)   45        75      2008
 MINIMUM TEMPERATURE (F)   27        -2      1996


SUNRISE AND SUNSET
FEBRUARY  6 2016......SUNRISE   703 AM EST   SUNSET   530 PM EST
FEBRUARY  7 2016......SUNRISE   702 AM EST   SUNSET   531 PM EST


-  INDICATES NEGATIVE NUMBERS.
R  INDICATES RECORD WAS SET OR TIED.
MM INDICATES DATA IS MISSING.
T  INDICATES TRACE AMOUNT.




$$
