000
CDUS41 KAKQ 220545
CLISBY


CLIMATE REPORT
NATIONAL WEATHER SERVICE WAKEFIELD, VA
145 AM EDT SUN OCT 22 2017


...................................

...THE SALISBURY MD CLIMATE SUMMARY FOR OCTOBER 21 2017...

CLIMATE NORMAL PERIOD 1981 TO 2010
CLIMATE RECORD PERIOD 1900 TO 2017


WEATHER ITEM   OBSERVED TIME   RECORD YEAR NORMAL DEPARTURE LAST
                VALUE   (LST)  VALUE       VALUE  FROM      YEAR
                                                  NORMAL
..................................................................
TEMPERATURE (F)
 YESTERDAY
  MAXIMUM         77    249 PM  85    1947  67     10       81
  MINIMUM         45    654 AM  26    1940  44      1       57
  AVERAGE         61                        56      5       69

PRECIPITATION (IN)
  YESTERDAY        0.00          2.86 1961   0.11  -0.11     0.18
  MONTH TO DATE    1.10                      2.37  -1.27     3.81
  SINCE SEP 1      3.15                      6.35  -3.20    16.67
  SINCE JAN 1     45.21                     37.42   7.79    50.73

SNOWFALL (IN)
  YESTERDAY        0.0           0.0  2002   0.0    0.0
                                      2001
  MONTH TO DATE    0.0                       0.0    0.0
  SINCE NOV 1      9.6                       9.3    0.3
  SINCE JUL 1      0.0                       0.0    0.0
  SNOW DEPTH       0

DEGREE DAYS
 HEATING
  YESTERDAY        4                        10     -6        0
  MONTH TO DATE   72                       153    -81       62
  SINCE SEP 1     85                       199   -114       66
  SINCE JUL 1     85                       201   -116       66

 COOLING
  YESTERDAY        0                         0      0        4
  MONTH TO DATE   73                        22     51       54
  SINCE SEP 1    245                       164     81      281
  SINCE JAN 1   1412                      1147    265     1470
..................................................................


WIND (MPH)
  HIGHEST WIND SPEED    10   HIGHEST WIND DIRECTION    SE (130)
  HIGHEST GUST SPEED    12   HIGHEST GUST DIRECTION    SE (150)
  AVERAGE WIND SPEED     1.9


SKY COVER
  POSSIBLE SUNSHINE  MM
  AVERAGE SKY COVER 0.0


WEATHER CONDITIONS
 THE FOLLOWING WEATHER WAS RECORDED YESTERDAY.
  NO SIGNIFICANT WEATHER WAS OBSERVED.


RELATIVE HUMIDITY (PERCENT)
 HIGHEST   100           300 AM
 LOWEST     29           100 PM
 AVERAGE    65

..........................................................


THE SALISBURY MD CLIMATE NORMALS FOR TODAY
                         NORMAL    RECORD    YEAR
 MAXIMUM TEMPERATURE (F)   66        84      1920
 MINIMUM TEMPERATURE (F)   44        25      1907


SUNRISE AND SUNSET
OCTOBER 22 2017.......SUNRISE   718 AM EDT   SUNSET   614 PM EDT
OCTOBER 23 2017.......SUNRISE   719 AM EDT   SUNSET   613 PM EDT


-  INDICATES NEGATIVE NUMBERS.
R  INDICATES RECORD WAS SET OR TIED.
MM INDICATES DATA IS MISSING.
T  INDICATES TRACE AMOUNT.




$$
