000
CDUS46 KSTO 310037
CLISCK


CLIMATE REPORT
NATIONAL WEATHER SERVICE SACRAMENTO, CA
537 PM PDT SAT JUL 30 2016


...................................

...THE STOCKTON AIRPORT CA CLIMATE SUMMARY FOR JULY 30 2016...
VALID TODAY AS OF 0500 PM LOCAL TIME.

CLIMATE NORMAL PERIOD 1981 TO 2010
CLIMATE RECORD PERIOD 1948 TO 2016


WEATHER ITEM   OBSERVED TIME   RECORD YEAR NORMAL DEPARTURE LAST
                VALUE   (LST)  VALUE       VALUE  FROM      YEAR
                                                  NORMAL
..................................................................
TEMPERATURE (F)
 TODAY
  MAXIMUM        101    310 PM 109    1977  94      7      102
  MINIMUM         67    542 AM  54    2012  60      7       64
                                      2010
  AVERAGE         84

PRECIPITATION (IN)
  TODAY            0.00          0.14 1966   0.00   0.00     0.00
  MONTH TO DATE    0.00                      0.00   0.00     0.01
  SINCE OCT 1     16.69                     13.76   2.93    10.71
  SINCE JAN 1     12.12                      9.03   3.09     2.87

SNOWFALL (IN)
  TODAY            0.0          MM      MM
  MONTH TO DATE    0.0
  SINCE JUN 1      0.0
  SINCE JUL 1      0.0

DEGREE DAYS
 HEATING
  TODAY            0                         0      0        0
  MONTH TO DATE    0                         0      0        0
  SINCE JUN 1      2                         7     -5        0
  SINCE JUL 1      0                         0      0        0

 COOLING
  TODAY           19                        12      7       18
  MONTH TO DATE  381                       352     29      393
  SINCE JUN 1    701                       582    119      732
  SINCE JAN 1    847                       701    146      828
..................................................................


WIND (MPH)
  RESULTANT WIND SPEED   5   RESULTANT WIND DIRECTION  NW (320)
  HIGHEST WIND SPEED    14   HIGHEST WIND DIRECTION    NW (320)
  HIGHEST GUST SPEED    18   HIGHEST GUST DIRECTION    NW (320)


SKY COVER
  POSSIBLE SUNSHINE  MM
  AVERAGE SKY COVER 0.0


WEATHER CONDITIONS
 THE FOLLOWING WEATHER WAS RECORDED TODAY.
  NO SIGNIFICANT WEATHER WAS OBSERVED.


RELATIVE HUMIDITY (PERCENT)
 HIGHEST    63           600 AM
 LOWEST     15           100 PM
 AVERAGE    39

..........................................................


THE STOCKTON AIRPORT CA CLIMATE NORMALS FOR TOMORROW
                         NORMAL    RECORD    YEAR
 MAXIMUM TEMPERATURE (F)   94       107      1977
 MINIMUM TEMPERATURE (F)   60        53      2010
                                             2001
                                             1981


SUNRISE AND SUNSET
JULY 30 2016..........SUNRISE   607 AM PDT   SUNSET   815 PM PDT
JULY 31 2016..........SUNRISE   608 AM PDT   SUNSET   814 PM PDT


-  INDICATES NEGATIVE NUMBERS.
R  INDICATES RECORD WAS SET OR TIED.
MM INDICATES DATA IS MISSING.
T  INDICATES TRACE AMOUNT.




$$
