246
CDUS46 KSTO 300833
CLISCK


CLIMATE REPORT
NATIONAL WEATHER SERVICE SACRAMENTO, CA
133 AM PDT TUE AUG 30 2016


...................................

...THE STOCKTON AIRPORT CA CLIMATE SUMMARY FOR AUGUST 29 2016...

CLIMATE NORMAL PERIOD 1981 TO 2010
CLIMATE RECORD PERIOD 1948 TO 2016


WEATHER ITEM   OBSERVED TIME   RECORD YEAR NORMAL DEPARTURE LAST
                VALUE   (LST)  VALUE       VALUE  FROM      YEAR
                                                  NORMAL
..................................................................
TEMPERATURE (F)
 YESTERDAY
  MAXIMUM         89    414 PM 108    2007  91     -2       87
  MINIMUM         56    558 AM  48    1957  59     -3       62
  AVERAGE         73

PRECIPITATION (IN)
  YESTERDAY        0.00          0.01 1953   0.00   0.00     0.00
  MONTH TO DATE    T                         0.01  -0.01     0.01
  SINCE OCT 1     16.69                     13.77   2.92    10.72
  SINCE JAN 1     12.12                      9.04   3.08     2.88

SNOWFALL (IN)
  YESTERDAY        0.0          MM      MM
  MONTH TO DATE    0.0
  SINCE JUN 1      0.0
  SINCE JUL 1      0.0
  SNOW DEPTH       0

DEGREE DAYS
 HEATING
  YESTERDAY        0                         0      0        0
  MONTH TO DATE    0                         0      0        0
  SINCE JUN 1      2                         7     -5        0
  SINCE JUL 1      0                         0      0        0

 COOLING
  YESTERDAY        8                        10     -2       10
  MONTH TO DATE  317                       313      4      356
  SINCE JUN 1   1030                       906    124     1102
  SINCE JAN 1   1176                      1025    151     1198
..................................................................


WIND (MPH)
  RESULTANT WIND SPEED   9   RESULTANT WIND DIRECTION  NW (310)
  HIGHEST WIND SPEED    18   HIGHEST WIND DIRECTION     W (290)
  HIGHEST GUST SPEED    22   HIGHEST GUST DIRECTION     W (290)


SKY COVER
  POSSIBLE SUNSHINE  MM
  AVERAGE SKY COVER 0.0


WEATHER CONDITIONS
 THE FOLLOWING WEATHER WAS RECORDED YESTERDAY.
  NO SIGNIFICANT WEATHER WAS OBSERVED.


RELATIVE HUMIDITY (PERCENT)
 HIGHEST    93           600 AM
 LOWEST     28           400 PM
 AVERAGE    61

..........................................................


THE STOCKTON AIRPORT CA CLIMATE NORMALS FOR TODAY
                         NORMAL    RECORD    YEAR
 MAXIMUM TEMPERATURE (F)   91       105      2007
                                             1968
 MINIMUM TEMPERATURE (F)   59        48      1957


SUNRISE AND SUNSET
AUGUST 30 2016........SUNRISE   634 AM PDT   SUNSET   736 PM PDT
AUGUST 31 2016........SUNRISE   635 AM PDT   SUNSET   735 PM PDT


-  INDICATES NEGATIVE NUMBERS.
R  INDICATES RECORD WAS SET OR TIED.
MM INDICATES DATA IS MISSING.
T  INDICATES TRACE AMOUNT.




$$
