000
CDUS46 KSTO 220837
CLISCK


CLIMATE REPORT
NATIONAL WEATHER SERVICE SACRAMENTO, CA
136 AM PDT FRI MAY 22 2015


...................................

...THE STOCKTON AIRPORT CA CLIMATE SUMMARY FOR MAY 21 2015...

CLIMATE NORMAL PERIOD 1981 TO 2010
CLIMATE RECORD PERIOD 1948 TO 2015


WEATHER ITEM   OBSERVED TIME   RECORD YEAR NORMAL DEPARTURE LAST
                VALUE   (LST)  VALUE       VALUE  FROM      YEAR
                                                  NORMAL
..................................................................
TEMPERATURE (F)
 YESTERDAY
  MAXIMUM         74    401 PM 101    2001  82     -8       84
                                      2000
  MINIMUM         49    512 AM  44    1999  53     -4       55
                                      1960
  AVERAGE         62

PRECIPITATION (IN)
  YESTERDAY        0.00          0.50 2006   0.02  -0.02     0.00
  MONTH TO DATE    0.01                      0.40  -0.39      T
  SINCE OCT 1     10.61                     13.55  -2.94     7.22
  SINCE JAN 1      2.77                      8.82  -6.05     5.79

SNOWFALL (IN)
  YESTERDAY        0.0          MM      MM
  MONTH TO DATE    0.0
  SINCE MAR 1      0.0
  SINCE JUL 1      0.0
  SNOW DEPTH       0

DEGREE DAYS
 HEATING
  YESTERDAY        3                         1      2        0
  MONTH TO DATE   42                        49     -7       13
  SINCE MAR 1    274                       563   -289      327
  SINCE JUL 1   1713                      2625   -912     2160

 COOLING
  YESTERDAY        0                         4     -4        5
  MONTH TO DATE   19                        57    -38       78
  SINCE MAR 1     68                        74     -6      107
  SINCE JAN 1     68                        74     -6      107
..................................................................


WIND (MPH)
  RESULTANT WIND SPEED   7   RESULTANT WIND DIRECTION   W (280)
  HIGHEST WIND SPEED    18   HIGHEST WIND DIRECTION     W (250)
  HIGHEST GUST SPEED    24   HIGHEST GUST DIRECTION     W (280)


SKY COVER
  POSSIBLE SUNSHINE  MM
  AVERAGE SKY COVER 0.4


WEATHER CONDITIONS
 THE FOLLOWING WEATHER WAS RECORDED YESTERDAY.
  NO SIGNIFICANT WEATHER WAS OBSERVED.


RELATIVE HUMIDITY (PERCENT)
 HIGHEST    93           400 AM
 LOWEST     38           400 PM
 AVERAGE    66

..........................................................


THE STOCKTON AIRPORT CA CLIMATE NORMALS FOR TODAY
                         NORMAL    RECORD    YEAR
 MAXIMUM TEMPERATURE (F)   83       102      2000
 MINIMUM TEMPERATURE (F)   53        39      1960


SUNRISE AND SUNSET
MAY 22 2015...........SUNRISE   550 AM PDT   SUNSET   814 PM PDT
MAY 23 2015...........SUNRISE   549 AM PDT   SUNSET   815 PM PDT


-  INDICATES NEGATIVE NUMBERS.
R  INDICATES RECORD WAS SET OR TIED.
MM INDICATES DATA IS MISSING.
T  INDICATES TRACE AMOUNT.




$$
