000
CDUS46 KSTO 190844
CLISCK


CLIMATE REPORT
NATIONAL WEATHER SERVICE SACRAMENTO, CA
144 AM PDT THU OCT 19 2017


...................................

...THE STOCKTON AIRPORT CA CLIMATE SUMMARY FOR OCTOBER 18 2017...

CLIMATE NORMAL PERIOD 1981 TO 2010
CLIMATE RECORD PERIOD 1948 TO 2017


WEATHER ITEM   OBSERVED TIME   RECORD YEAR NORMAL DEPARTURE LAST
                VALUE   (LST)  VALUE       VALUE  FROM      YEAR
                                                  NORMAL
..................................................................
TEMPERATURE (F)
 YESTERDAY
  MAXIMUM         84    334 PM  92    1961  77      7       74
  MINIMUM         43    639 AM  40    1998  49     -6       47
                                      1971
  AVERAGE         64

PRECIPITATION (IN)
  YESTERDAY        0.00          0.23 1953   0.03  -0.03     0.00
  MONTH TO DATE    0.00                      0.35  -0.35     1.02
  SINCE OCT 1      0.00                      0.35  -0.35     1.02
  SINCE JAN 1     15.63                      9.68   5.95    13.14

SNOWFALL (IN)
  YESTERDAY        0.0           0.0  2002
                                      2001
  MONTH TO DATE    0.0
  SINCE SEP 1      0.0
  SINCE JUL 1      0.0
  SNOW DEPTH       0

DEGREE DAYS
 HEATING
  YESTERDAY        1                         3     -2        4
  MONTH TO DATE   17                        30    -13       28
  SINCE SEP 1     20                        36    -16       32
  SINCE JUL 1     20                        36    -16       32

 COOLING
  YESTERDAY        0                         1     -1        0
  MONTH TO DATE   22                        47    -25       22
  SINCE SEP 1    337                       269     68      246
  SINCE JAN 1   1768                      1313    455     1444
..................................................................


WIND (MPH)
  RESULTANT WIND SPEED   3   RESULTANT WIND DIRECTION   W (290)
  HIGHEST WIND SPEED    14   HIGHEST WIND DIRECTION    NW (300)
  HIGHEST GUST SPEED    16   HIGHEST GUST DIRECTION     W (280)


SKY COVER
  POSSIBLE SUNSHINE  MM
  AVERAGE SKY COVER 0.0


WEATHER CONDITIONS
 THE FOLLOWING WEATHER WAS RECORDED YESTERDAY.
  FOG
  HAZE


RELATIVE HUMIDITY (PERCENT)
 HIGHEST    92           700 AM
 LOWEST     16           400 PM
 AVERAGE    54

..........................................................


THE STOCKTON AIRPORT CA CLIMATE NORMALS FOR TODAY
                         NORMAL    RECORD    YEAR
 MAXIMUM TEMPERATURE (F)   77        90      1995
 MINIMUM TEMPERATURE (F)   49        40      1949


SUNRISE AND SUNSET
OCTOBER 19 2017.......SUNRISE   718 AM PDT   SUNSET   621 PM PDT
OCTOBER 20 2017.......SUNRISE   719 AM PDT   SUNSET   620 PM PDT


-  INDICATES NEGATIVE NUMBERS.
R  INDICATES RECORD WAS SET OR TIED.
MM INDICATES DATA IS MISSING.
T  INDICATES TRACE AMOUNT.




$$
