000
CDUS46 KLOX 200909
CLISDB


CLIMATE REPORT
NATIONAL WEATHER SERVICE LOS ANGELES/OXNARD CA
108 AM PST TUE FEB 20 2018


...................................

...THE SANDBERG CA CLIMATE SUMMARY FOR FEBRUARY 19 2018...

CLIMATE NORMAL PERIOD 1981 TO 2010
CLIMATE RECORD PERIOD 1934 TO 2018


WEATHER ITEM   OBSERVED TIME   RECORD YEAR NORMAL DEPARTURE LAST
                VALUE   (LST)  VALUE       VALUE  FROM      YEAR
                                                  NORMAL
..................................................................
TEMPERATURE (F)
 YESTERDAY
  MAXIMUM         33    304 PM  72    2015  50    -17       45
  MINIMUM         24    726 AM  21    1955  38    -14       37
  AVERAGE         29                        44    -15       41

PRECIPITATION (IN)
  YESTERDAY        0.02          2.26 1958   0.14  -0.12     0.11
  MONTH TO DATE    0.10                      2.01  -1.91     5.19
  SINCE OCT 1      3.22                      8.05  -4.83    12.26
  SINCE JAN 1      3.17                      4.42  -1.25     8.42

DEGREE DAYS
 HEATING
  YESTERDAY       36                        21     15       24
  MONTH TO DATE  242                       411   -169      284
  SINCE DEC 1    968                      1797   -829     1582
  SINCE JUL 1   1326                      2576  -1250     2031

 COOLING
  YESTERDAY        0                         0      0        0
  MONTH TO DATE    2                         0      2        0
  SINCE DEC 1      2                         0      2        0
  SINCE JAN 1      2                         0      2        0
..................................................................


WIND (MPH)
  HIGHEST WIND SPEED    33   HIGHEST WIND DIRECTION    NW (330)
  HIGHEST GUST SPEED    43   HIGHEST GUST DIRECTION    NW (320)
  AVERAGE WIND SPEED    17.8


SKY COVER
  POSSIBLE SUNSHINE  MM
  AVERAGE SKY COVER 0.9


WEATHER CONDITIONS
 THE FOLLOWING WEATHER WAS RECORDED YESTERDAY.
  SNOW
  LIGHT SNOW
  FOG


RELATIVE HUMIDITY (PERCENT)
 HIGHEST    92          1200 AM
 LOWEST     58           400 PM
 AVERAGE    75

..........................................................


THE SANDBERG CA CLIMATE NORMALS FOR TODAY
                         NORMAL    RECORD    YEAR
 MAXIMUM TEMPERATURE (F)   50        68      1995
 MINIMUM TEMPERATURE (F)   38        19      1971


SUNRISE AND SUNSET
FEBRUARY 20 2018......SUNRISE   635 AM PST   SUNSET   543 PM PST
FEBRUARY 21 2018......SUNRISE   634 AM PST   SUNSET   544 PM PST


-  INDICATES NEGATIVE NUMBERS.
R  INDICATES RECORD WAS SET OR TIED.
MM INDICATES DATA IS MISSING.
T  INDICATES TRACE AMOUNT.




$$
