690
CDUS46 KLOX 130912
CLISDB


CLIMATE REPORT
NATIONAL WEATHER SERVICE LOS ANGELES/OXNARD CA
112 AM PST SAT FEB 13 2016


...................................

...THE SANDBERG CA CLIMATE SUMMARY FOR FEBRUARY 12 2016...

CLIMATE NORMAL PERIOD 1981 TO 2010
CLIMATE RECORD PERIOD 1934 TO 2016


WEATHER ITEM   OBSERVED TIME   RECORD YEAR NORMAL DEPARTURE LAST
                VALUE   (LST)  VALUE       VALUE  FROM      YEAR
                                                  NORMAL
..................................................................
TEMPERATURE (F)
 YESTERDAY
  MAXIMUM         72    259 PM  75    2014  49     23       66
  MINIMUM         55    652 AM  20    1949  38     17       51
  AVERAGE         64                        44     20       59

PRECIPITATION (IN)
  YESTERDAY        0.00          4.27 2003   0.10  -0.10     0.00
  MONTH TO DATE    0.01                      1.04  -1.03     0.01
  SINCE OCT 1      4.72                      7.08  -2.36     6.41
  SINCE JAN 1      3.02                      3.45  -0.43     1.51

DEGREE DAYS
 HEATING
  YESTERDAY        1                        22    -21        6
  MONTH TO DATE  181                       264    -83       83
  SINCE DEC 1   1497                      1650   -153     1073
  SINCE JUL 1   2113                      2429   -316     1463

 COOLING
  YESTERDAY        0                         0      0        0
  MONTH TO DATE    0                         0      0        1
  SINCE DEC 1      0                         0      0        1
  SINCE JAN 1      0                         0      0        1
..................................................................


WIND (MPH)
  HIGHEST WIND SPEED    15   HIGHEST WIND DIRECTION     E (70)
  HIGHEST GUST SPEED    19   HIGHEST GUST DIRECTION     E (70)
  AVERAGE WIND SPEED     8.2


SKY COVER
  POSSIBLE SUNSHINE  MM
  AVERAGE SKY COVER 0.0


WEATHER CONDITIONS
 THE FOLLOWING WEATHER WAS RECORDED YESTERDAY.
  NO SIGNIFICANT WEATHER WAS OBSERVED.


RELATIVE HUMIDITY (PERCENT)
 HIGHEST    35           800 PM
 LOWEST     19           200 PM
 AVERAGE    27

..........................................................


THE SANDBERG CA CLIMATE NORMALS FOR TODAY
                         NORMAL    RECORD    YEAR
 MAXIMUM TEMPERATURE (F)   49        78      2014
 MINIMUM TEMPERATURE (F)   38        19      1949


SUNRISE AND SUNSET
FEBRUARY 13 2016......SUNRISE   643 AM PST   SUNSET   536 PM PST
FEBRUARY 14 2016......SUNRISE   642 AM PST   SUNSET   537 PM PST


-  INDICATES NEGATIVE NUMBERS.
R  INDICATES RECORD WAS SET OR TIED.
MM INDICATES DATA IS MISSING.
T  INDICATES TRACE AMOUNT.




$$
