000
CDUS46 KLOX 010124
CLISDB


CLIMATE REPORT
NATIONAL WEATHER SERVICE LOS ANGELES/OXNARD CA
624 PM PDT SUN AUG 31 2014


...................................

...THE SANDBERG CA CLIMATE SUMMARY FOR AUGUST 31 2014...
VALID TODAY AS OF 0600 PM LOCAL TIME.

CLIMATE NORMAL PERIOD 1981 TO 2010
CLIMATE RECORD PERIOD 1934 TO 2014


WEATHER ITEM   OBSERVED TIME   RECORD YEAR NORMAL DEPARTURE LAST
                VALUE   (LST)  VALUE       VALUE  FROM      YEAR
                                                  NORMAL
..................................................................
TEMPERATURE (F)
 TODAY
  MAXIMUM         86    208 PM  96    1995  83      3       89
  MINIMUM         67    540 AM  44    1964  63      4       68
  AVERAGE         77                        73      4       79

PRECIPITATION (IN)
  TODAY            0.00          0.00   MM   0.00   0.00     0.00
  MONTH TO DATE    0.16                      0.03   0.13     0.00
  SINCE JUL 1      0.17                      0.05   0.12     0.06
  SINCE JAN 1      3.75                      8.53  -4.78     2.97

DEGREE DAYS
 HEATING
  TODAY            0                         1     -1        0
  MONTH TO DATE    0                         5     -5        0
  SINCE JUN 1      7                       101    -94       16
  SINCE JUL 1      0                        17    -17        0

 COOLING
  TODAY           12                         8      4       14
  MONTH TO DATE  360                       294     66      393
  SINCE JUN 1   1030                       712    318     1102
  SINCE JAN 1   1180                       757    423     1232
..................................................................


WIND (MPH)
  HIGHEST WIND SPEED    41   HIGHEST WIND DIRECTION     N (340)
  HIGHEST GUST SPEED    54   HIGHEST GUST DIRECTION     N (350)
  AVERAGE WIND SPEED    21.3


SKY COVER
  POSSIBLE SUNSHINE  MM
  AVERAGE SKY COVER 0.0


WEATHER CONDITIONS
 THE FOLLOWING WEATHER WAS RECORDED TODAY.
  NO SIGNIFICANT WEATHER WAS OBSERVED.


RELATIVE HUMIDITY (PERCENT)
 HIGHEST    29           200 AM
 LOWEST     12           300 PM
 AVERAGE    21

..........................................................


THE SANDBERG CA CLIMATE NORMALS FOR TOMORROW
                         NORMAL    RECORD    YEAR
 MAXIMUM TEMPERATURE (F)   83        96      1995
 MINIMUM TEMPERATURE (F)   63        43      1964


SUNRISE AND SUNSET
AUGUST 31 2014........SUNRISE   627 AM PDT   SUNSET   723 PM PDT
SEPTEMBER  1 2014.....SUNRISE   628 AM PDT   SUNSET   721 PM PDT


-  INDICATES NEGATIVE NUMBERS.
R  INDICATES RECORD WAS SET OR TIED.
MM INDICATES DATA IS MISSING.
T  INDICATES TRACE AMOUNT.




$$
