631
CDUS46 KLOX 040910
CLISDB


CLIMATE REPORT
NATIONAL WEATHER SERVICE LOS ANGELES/OXNARD CA
209 AM PDT WED MAY 4 2016


...................................

...THE SANDBERG CA CLIMATE SUMMARY FOR MAY 3 2016...

CLIMATE NORMAL PERIOD 1981 TO 2010
CLIMATE RECORD PERIOD 1934 TO 2016


WEATHER ITEM   OBSERVED TIME   RECORD YEAR NORMAL DEPARTURE LAST
                VALUE   (LST)  VALUE       VALUE  FROM      YEAR
                                                  NORMAL
..................................................................
TEMPERATURE (F)
 YESTERDAY
  MAXIMUM         78    151 PM  99    2014  63     15       74
  MINIMUM         57    450 AM  29    1964  46     11       56
  AVERAGE         68                        54     14       65

PRECIPITATION (IN)
  YESTERDAY        0.00          0.76 2003   0.02  -0.02     0.00
  MONTH TO DATE    0.05                      0.07  -0.02     0.00
  SINCE OCT 1      6.69                     11.71  -5.02     7.02
  SINCE JAN 1      4.99                      8.08  -3.09     2.12

DEGREE DAYS
 HEATING
  YESTERDAY        0                        11    -11        0
  MONTH TO DATE    4                        33    -29        0
  SINCE MAR 1    613                      1049   -436      506
  SINCE JUL 1   2873                      3808   -935     2137

 COOLING
  YESTERDAY        3                         1      2        0
  MONTH TO DATE    3                         1      2        8
  SINCE MAR 1     22                         9     13       63
  SINCE JAN 1     22                         9     13       66
..................................................................


WIND (MPH)
  HIGHEST WIND SPEED    28   HIGHEST WIND DIRECTION     E (110)
  HIGHEST GUST SPEED    34   HIGHEST GUST DIRECTION     E (100)
  AVERAGE WIND SPEED    12.7


SKY COVER
  POSSIBLE SUNSHINE  MM
  AVERAGE SKY COVER 0.0


WEATHER CONDITIONS
 THE FOLLOWING WEATHER WAS RECORDED YESTERDAY.
  NO SIGNIFICANT WEATHER WAS OBSERVED.


RELATIVE HUMIDITY (PERCENT)
 HIGHEST    51          1200 AM
 LOWEST     19          1100 AM
 AVERAGE    35

..........................................................


THE SANDBERG CA CLIMATE NORMALS FOR TODAY
                         NORMAL    RECORD    YEAR
 MAXIMUM TEMPERATURE (F)   64        86      1947
                                             1989
 MINIMUM TEMPERATURE (F)   46        26      1975


SUNRISE AND SUNSET
MAY  4 2016...........SUNRISE   601 AM PDT   SUNSET   743 PM PDT
MAY  5 2016...........SUNRISE   600 AM PDT   SUNSET   744 PM PDT


-  INDICATES NEGATIVE NUMBERS.
R  INDICATES RECORD WAS SET OR TIED.
MM INDICATES DATA IS MISSING.
T  INDICATES TRACE AMOUNT.




$$
