000
CDUS46 KLOX 240129
CLISDB


CLIMATE REPORT
NATIONAL WEATHER SERVICE LOS ANGELES/OXNARD CA
629 PM PDT SUN JUL 23 2017


...................................

...THE SANDBERG CA CLIMATE SUMMARY FOR JULY 23 2017...
VALID TODAY AS OF 0600 PM LOCAL TIME.

CLIMATE NORMAL PERIOD 1981 TO 2010
CLIMATE RECORD PERIOD 1934 TO 2017


WEATHER ITEM   OBSERVED TIME   RECORD YEAR NORMAL DEPARTURE LAST
                VALUE   (LST)  VALUE       VALUE  FROM      YEAR
                                                  NORMAL
..................................................................
TEMPERATURE (F)
 TODAY
  MAXIMUM         96    131 PM  98    1942  86     10       95
  MINIMUM         73    459 AM  53    1987  65      8       70
  AVERAGE         85                        75     10       83

PRECIPITATION (IN)
  TODAY            0.00          0.06 1986   0.01  -0.01     0.00
  MONTH TO DATE    T                         0.02  -0.02     0.00
  SINCE OCT 1     12.79                     12.13   0.66     6.93
  SINCE JAN 1      8.95                      8.50   0.45     5.23

DEGREE DAYS
 HEATING
  TODAY            0                         0      0        0
  MONTH TO DATE    0                         4     -4        0
  SINCE JUN 1     40                        88    -48       21
  SINCE JUL 1      0                         4     -4        0

 COOLING
  TODAY           20                        10     10       18
  MONTH TO DATE  385                       205    180      269
  SINCE JUN 1    741                       336    405      640
  SINCE JAN 1    886                       381    505      721
..................................................................


WIND (MPH)
  HIGHEST WIND SPEED    22   HIGHEST WIND DIRECTION     S (170)
  HIGHEST GUST SPEED    30   HIGHEST GUST DIRECTION     S (190)
  AVERAGE WIND SPEED    12.8


SKY COVER
  POSSIBLE SUNSHINE  MM
  AVERAGE SKY COVER 0.0


WEATHER CONDITIONS
 THE FOLLOWING WEATHER WAS RECORDED TODAY.
  NO SIGNIFICANT WEATHER WAS OBSERVED.


RELATIVE HUMIDITY (PERCENT)
 HIGHEST    31           100 AM
 LOWEST      6           900 AM
 AVERAGE    19

..........................................................


THE SANDBERG CA CLIMATE NORMALS FOR TOMORROW
                         NORMAL    RECORD    YEAR
 MAXIMUM TEMPERATURE (F)   86        97      2006
                                             1959
 MINIMUM TEMPERATURE (F)   65        54      1993


SUNRISE AND SUNSET
JULY 23 2017..........SUNRISE   559 AM PDT   SUNSET   804 PM PDT
JULY 24 2017..........SUNRISE   559 AM PDT   SUNSET   803 PM PDT


-  INDICATES NEGATIVE NUMBERS.
R  INDICATES RECORD WAS SET OR TIED.
MM INDICATES DATA IS MISSING.
T  INDICATES TRACE AMOUNT.




$$
