000
CDUS46 KLOX 011055
CLISDB


CLIMATE REPORT
NATIONAL WEATHER SERVICE LOS ANGELES/OXNARD CA
355 AM PDT FRI AUG 1 2014


...................................

...THE SANDBERG CA CLIMATE SUMMARY FOR JULY 31 2014...

CLIMATE NORMAL PERIOD 1981 TO 2010
CLIMATE RECORD PERIOD 1948 TO 2014


WEATHER ITEM   OBSERVED TIME   RECORD YEAR NORMAL DEPARTURE LAST
                VALUE   (LST)  VALUE       VALUE  FROM      YEAR
                                                  NORMAL
..................................................................
TEMPERATURE (F)
 YESTERDAY
  MAXIMUM         94    310 PM  98    1995  86      8       88
  MINIMUM         75    530 AM  53    1998  65     10       64
  AVERAGE         85                        75     10       76

PRECIPITATION (IN)
  YESTERDAY        0.00          T    2011   0.00   0.00     0.00
  MONTH TO DATE    0.01                      0.02  -0.01     0.06
  SINCE JUL 1      0.01                      0.02  -0.01     0.06
  SINCE JAN 1      3.59                      8.50  -4.91     2.97

DEGREE DAYS
 HEATING
  YESTERDAY        0                         0      0        0
  MONTH TO DATE    0                         4     -4        0
  SINCE JUN 1      7                        92    -85       16
  SINCE JUL 1      0                         8     -8        0

 COOLING
  YESTERDAY       20                        10     10       11
  MONTH TO DATE  430                       287    143      460
  SINCE JUN 1    670                       418    252      709
  SINCE JAN 1    820                       463    357      839
..................................................................


WIND (MPH)
  HIGHEST WIND SPEED    23   HIGHEST WIND DIRECTION     N (340)
  HIGHEST GUST SPEED    28   HIGHEST GUST DIRECTION     N (350)
  AVERAGE WIND SPEED    11.8


SKY COVER
  POSSIBLE SUNSHINE  MM
  AVERAGE SKY COVER 0.0


WEATHER CONDITIONS
 THE FOLLOWING WEATHER WAS RECORDED YESTERDAY.
  NO SIGNIFICANT WEATHER WAS OBSERVED.


RELATIVE HUMIDITY (PERCENT)
 HIGHEST    36           400 AM
 LOWEST     16          1100 AM
 AVERAGE    26

..........................................................


THE SANDBERG CA CLIMATE NORMALS FOR TODAY
                         NORMAL    RECORD    YEAR
 MAXIMUM TEMPERATURE (F)   86        98      1995
 MINIMUM TEMPERATURE (F)   65        50      1976


SUNRISE AND SUNSET
AUGUST  1 2014........SUNRISE   605 AM PDT   SUNSET   757 PM PDT
AUGUST  2 2014........SUNRISE   606 AM PDT   SUNSET   756 PM PDT


-  INDICATES NEGATIVE NUMBERS.
R  INDICATES RECORD WAS SET OR TIED.
MM INDICATES DATA IS MISSING.
T  INDICATES TRACE AMOUNT.




$$
