000
CDUS46 KLOX 030916
CLISDB


CLIMATE REPORT
NATIONAL WEATHER SERVICE LOS ANGELES/OXNARD CA
115 AM PST SAT DEC 3 2016


...................................

...THE SANDBERG CA CLIMATE SUMMARY FOR DECEMBER 2 2016...

CLIMATE NORMAL PERIOD 1981 TO 2010
CLIMATE RECORD PERIOD 1934 TO 2016


WEATHER ITEM   OBSERVED TIME   RECORD YEAR NORMAL DEPARTURE LAST
                VALUE   (LST)  VALUE       VALUE  FROM      YEAR
                                                  NORMAL
..................................................................
TEMPERATURE (F)
 YESTERDAY
  MAXIMUM         46    238 PM  73    2013  50     -4       56
  MINIMUM         32    719 AM  25    1968  38     -6       44
  AVERAGE         39                        44     -5       50

PRECIPITATION (IN)
  YESTERDAY        0.00          1.49 2014   0.04  -0.04     0.00
  MONTH TO DATE    T                         0.08  -0.08     0.00
  SINCE OCT 1      1.41                      1.46  -0.05     1.08
  SINCE JAN 1      6.64                     10.16  -3.52     5.65

DEGREE DAYS
 HEATING
  YESTERDAY       26                        21      5       15
  MONTH TO DATE   47                        42      5       36
  SINCE DEC 1     47                        42      5       36
  SINCE JUL 1    496                       821   -325      652

 COOLING
  YESTERDAY        0                         0      0        0
  MONTH TO DATE    0                         0      0        0
  SINCE DEC 1      0                         0      0        0
  SINCE JAN 1   1673                       998    675     1499
..................................................................


WIND (MPH)
  HIGHEST WIND SPEED    39   HIGHEST WIND DIRECTION     E (80)
  HIGHEST GUST SPEED    48   HIGHEST GUST DIRECTION     E (80)
  AVERAGE WIND SPEED    19.8


SKY COVER
  POSSIBLE SUNSHINE  MM
  AVERAGE SKY COVER 0.1


WEATHER CONDITIONS
 THE FOLLOWING WEATHER WAS RECORDED YESTERDAY.
  FOG
  FOG W/VISIBILITY <= 1/4 MILE
  HAZE


RELATIVE HUMIDITY (PERCENT)
 HIGHEST    96           600 AM
 LOWEST     18           400 PM
 AVERAGE    57

..........................................................


THE SANDBERG CA CLIMATE NORMALS FOR TODAY
                         NORMAL    RECORD    YEAR
 MAXIMUM TEMPERATURE (F)   50        70      1958
 MINIMUM TEMPERATURE (F)   38        25      1971


SUNRISE AND SUNSET
DECEMBER  3 2016......SUNRISE   646 AM PST   SUNSET   444 PM PST
DECEMBER  4 2016......SUNRISE   647 AM PST   SUNSET   444 PM PST


-  INDICATES NEGATIVE NUMBERS.
R  INDICATES RECORD WAS SET OR TIED.
MM INDICATES DATA IS MISSING.
T  INDICATES TRACE AMOUNT.




$$
