000
CDUS43 KLMK 270628
CLISDF


CLIMATE REPORT
NATIONAL WEATHER SERVICE LOUISVILLE KY
227 AM EDT MON MAR 27 2017


...................................

...THE LOUISVILLE KY CLIMATE SUMMARY FOR MARCH 26 2017...

CLIMATE NORMAL PERIOD 1981 TO 2010
CLIMATE RECORD PERIOD 1871 TO 2017


WEATHER ITEM   OBSERVED TIME   RECORD YEAR NORMAL DEPARTURE LAST
                VALUE   (LST)  VALUE       VALUE  FROM      YEAR
                                                  NORMAL
..................................................................
TEMPERATURE (F)
 YESTERDAY
  MAXIMUM         73    425 PM  84    2007  62     11       69
                                      1907
  MINIMUM         56   1130 PM  12    1955  41     15       34
  AVERAGE         65                        51     14       52

PRECIPITATION (IN)
  YESTERDAY        0.43          1.91 1948   0.15   0.28     0.00
  MONTH TO DATE    2.98                      3.47  -0.49     3.46
  SINCE MAR 1      2.98                      3.47  -0.49     3.46
  SINCE JAN 1      9.25                      9.89  -0.64     9.28

SNOWFALL (IN)
  YESTERDAY        0.0           0.9  1969   0.0    0.0      0.0
  MONTH TO DATE    T                         1.3   -1.3      0.5
  SINCE MAR 1      T                         1.3   -1.3      0.5
  SINCE JUL 1      2.7                      12.3   -9.6     14.9
  SNOW DEPTH       0

DEGREE DAYS
 HEATING
  YESTERDAY        0                        14    -14       13
  MONTH TO DATE  438                       472    -34      305
  SINCE MAR 1    438                       472    -34      305
  SINCE JUL 1   2903                      3713   -810     2927

 COOLING
  YESTERDAY        0                         0      0        0
  MONTH TO DATE    8                         0      8        6
  SINCE MAR 1      8                         0      8        6
  SINCE JAN 1     13                         0     13        6
..................................................................


WIND (MPH)
  HIGHEST WIND SPEED    24   HIGHEST WIND DIRECTION    SW (220)
  HIGHEST GUST SPEED    31   HIGHEST GUST DIRECTION    SW (220)
  AVERAGE WIND SPEED    10.0


SKY COVER
  POSSIBLE SUNSHINE  MM
  AVERAGE SKY COVER 0.8


WEATHER CONDITIONS
 THE FOLLOWING WEATHER WAS RECORDED YESTERDAY.
  RAIN
  LIGHT RAIN
  FOG


RELATIVE HUMIDITY (PERCENT)
 HIGHEST    93           500 AM
 LOWEST     44           400 PM
 AVERAGE    69

..........................................................


THE LOUISVILLE KY CLIMATE NORMALS FOR TODAY
                         NORMAL    RECORD    YEAR
 MAXIMUM TEMPERATURE (F)   62        87      1910
 MINIMUM TEMPERATURE (F)   41        14      1947


SUNRISE AND SUNSET
MARCH 27 2017.........SUNRISE   735 AM EDT   SUNSET   802 PM EDT
MARCH 28 2017.........SUNRISE   734 AM EDT   SUNSET   803 PM EDT


-  INDICATES NEGATIVE NUMBERS.
R  INDICATES RECORD WAS SET OR TIED.
MM INDICATES DATA IS MISSING.
T  INDICATES TRACE AMOUNT.




$$
