000
CDUS43 KLMK 210627
CLISDF


CLIMATE REPORT
NATIONAL WEATHER SERVICE LOUISVILLE KY
127 AM EST WED FEB 21 2018


...................................

...THE LOUISVILLE KY CLIMATE SUMMARY FOR FEBRUARY 20 2018...

CLIMATE NORMAL PERIOD 1981 TO 2010
CLIMATE RECORD PERIOD 1871 TO 2018


WEATHER ITEM   OBSERVED TIME   RECORD YEAR NORMAL DEPARTURE LAST
                VALUE   (LST)  VALUE       VALUE  FROM      YEAR
                                                  NORMAL
..................................................................
TEMPERATURE (F)
 YESTERDAY
  MAXIMUM         82R   209 PM  76    2016  49     33       74
  MINIMUM         66    844 AM  -6    2015  31     35       41
  AVERAGE         74                        40     34       58

PRECIPITATION (IN)
  YESTERDAY        0.00          2.97 1882   0.11  -0.11     0.00
  MONTH TO DATE    3.35                      2.26   1.09     0.71
  SINCE DEC 1      7.84                      9.33  -1.49    10.22
  SINCE JAN 1      5.11                      5.50  -0.39     4.92

SNOWFALL (IN)
  YESTERDAY        0.0           3.6  1927   0.1   -0.1      0.0
  MONTH TO DATE    0.8                       3.5   -2.7       T
  SINCE DEC 1      6.0                       9.8   -3.8      2.7
  SINCE JUL 1      6.0                      10.0   -4.0      2.7
  SNOW DEPTH       0

DEGREE DAYS
 HEATING
  YESTERDAY        0                        25    -25        7
  MONTH TO DATE  482                       543    -61      375
  SINCE DEC 1   2338                      2317     21     1927
  SINCE JUL 1   3004                      3052    -48     2394

 COOLING
  YESTERDAY        9                         0      9        0
  MONTH TO DATE   12                         0     12        0
  SINCE DEC 1     12                         1     11        1
  SINCE JAN 1     12                         0     12        0
..................................................................


WIND (MPH)
  HIGHEST WIND SPEED    29   HIGHEST WIND DIRECTION    SW (220)
  HIGHEST GUST SPEED    44   HIGHEST GUST DIRECTION    SW (220)
  AVERAGE WIND SPEED    16.7


SKY COVER
  POSSIBLE SUNSHINE  MM
  AVERAGE SKY COVER 0.9


WEATHER CONDITIONS
 THE FOLLOWING WEATHER WAS RECORDED YESTERDAY.
  NO SIGNIFICANT WEATHER WAS OBSERVED.


RELATIVE HUMIDITY (PERCENT)
 HIGHEST    73           700 AM
 LOWEST     39           100 PM
 AVERAGE    56

..........................................................


THE LOUISVILLE KY CLIMATE NORMALS FOR TODAY
                         NORMAL    RECORD    YEAR
 MAXIMUM TEMPERATURE (F)   50        72      2017
 MINIMUM TEMPERATURE (F)   31         3      1963


SUNRISE AND SUNSET
FEBRUARY 21 2018......SUNRISE   726 AM EST   SUNSET   628 PM EST
FEBRUARY 22 2018......SUNRISE   724 AM EST   SUNSET   629 PM EST


-  INDICATES NEGATIVE NUMBERS.
R  INDICATES RECORD WAS SET OR TIED.
MM INDICATES DATA IS MISSING.
T  INDICATES TRACE AMOUNT.




$$
