000
CDUS43 KLMK 262132
CLISDF


CLIMATE REPORT
NATIONAL WEATHER SERVICE LOUISVILLE KY
431 PM EST SUN FEB 26 2017


...................................

...THE LOUISVILLE KY CLIMATE SUMMARY FOR FEBRUARY 26 2017...
VALID TODAY AS OF 0400 PM LOCAL TIME.

CLIMATE NORMAL PERIOD 1981 TO 2010
CLIMATE RECORD PERIOD 1871 TO 2017


WEATHER ITEM   OBSERVED TIME   RECORD YEAR NORMAL DEPARTURE LAST
                VALUE   (LST)  VALUE       VALUE  FROM      YEAR
                                                  NORMAL
..................................................................
TEMPERATURE (F)
 TODAY
  MAXIMUM         51    359 PM  76    2000  51      0       45
  MINIMUM         26    741 AM   5    1967  33     -7       35
                                      1934
  AVERAGE         39                        42     -3       40

PRECIPITATION (IN)
  TODAY            0.00          2.85 1945   0.11  -0.11     0.00
  MONTH TO DATE    1.57                      2.95  -1.38     4.69
  SINCE DEC 1     11.08                     10.02   1.06    12.28
  SINCE JAN 1      5.78                      6.19  -0.41     5.70

SNOWFALL (IN)
  TODAY            0.0           5.5  1906   0.1   -0.1      0.0
  MONTH TO DATE    T                         4.3   -4.3      6.2
  SINCE DEC 1      2.7                      10.6   -7.9     14.4
  SINCE JUL 1      2.7                      10.8   -8.1     14.4
  SNOW DEPTH       0

DEGREE DAYS
 HEATING
  TODAY           26                        23      3       25
  MONTH TO DATE  426                       686   -260      664
  SINCE DEC 1   1978                      2460   -482     2056
  SINCE JUL 1   2445                      3195   -750     2580

 COOLING
  TODAY            0                         0      0        0
  MONTH TO DATE    5                         0      5        0
  SINCE DEC 1      6                         1      5        3
  SINCE JAN 1      5                         0      5        0
..................................................................


WIND (MPH)
  HIGHEST WIND SPEED    14   HIGHEST WIND DIRECTION     S (180)
  HIGHEST GUST SPEED    17   HIGHEST GUST DIRECTION     S (180)
  AVERAGE WIND SPEED     6.2


SKY COVER
  POSSIBLE SUNSHINE  MM
  AVERAGE SKY COVER 0.1


WEATHER CONDITIONS
 THE FOLLOWING WEATHER WAS RECORDED TODAY.
  NO SIGNIFICANT WEATHER WAS OBSERVED.


RELATIVE HUMIDITY (PERCENT)
 HIGHEST    63           300 AM
 LOWEST     17           400 PM
 AVERAGE    40

..........................................................


THE LOUISVILLE KY CLIMATE NORMALS FOR TOMORROW
                         NORMAL    RECORD    YEAR
 MAXIMUM TEMPERATURE (F)   52        73      1948
                                             1896
 MINIMUM TEMPERATURE (F)   33         1      1934


SUNRISE AND SUNSET
FEBRUARY 26 2017......SUNRISE   719 AM EST   SUNSET   633 PM EST
FEBRUARY 27 2017......SUNRISE   717 AM EST   SUNSET   634 PM EST


-  INDICATES NEGATIVE NUMBERS.
R  INDICATES RECORD WAS SET OR TIED.
MM INDICATES DATA IS MISSING.
T  INDICATES TRACE AMOUNT.




$$
