000
CDUS46 KSEW 010121
CLISEW


CLIMATE REPORT
NATIONAL WEATHER SERVICE SEATTLE WA
520 PM PST SAT FEB 28 2015


...................................

...THE SEATTLE WA WFO CLIMATE SUMMARY FOR FEBRUARY 28 2015...
VALID TODAY AS OF 0500 PM LOCAL TIME.

CLIMATE NORMAL PERIOD 1981 TO 2010
CLIMATE RECORD PERIOD 1986 TO 2015


WEATHER ITEM   OBSERVED TIME   RECORD YEAR     LAST
                VALUE   (LST)  VALUE           YEAR
....................................................
TEMPERATURE (F)
 TODAY
  MAXIMUM         55        MM  66    1990    54
  MINIMUM         41        MM  28    2001    41
  AVERAGE         48                          48

PRECIPITATION (IN)
  TODAY            0.00          0.62 2006     0.00
  MONTH TO DATE    4.40                        5.13
  SINCE OCT 1     23.62                       15.00
  SINCE JAN 1      7.06                        9.15

SNOWFALL (IN)
  TODAY            0.0                         0.0
  MONTH TO DATE    0.0                         2.0
  SINCE OCT 1      T                           2.9
  SINCE JUL 1      T                           2.9
  SNOW DEPTH       0

DEGREE DAYS
 HEATING
  TODAY           17                          17
  MONTH TO DATE  460                         674
  SINCE DEC 1   1668                        2168
  SINCE JUL 1   2480                        3264

 COOLING
  TODAY            0                           0
  MONTH TO DATE    0                           0
  SINCE DEC 1      0                           0
  SINCE JAN 1      0                           0
....................................................


WIND (MPH)
  HIGHEST WIND SPEED    MM   HIGHEST WIND DIRECTION    MM
  HIGHEST GUST SPEED    MM   HIGHEST GUST DIRECTION    MM
  AVERAGE WIND SPEED    MM



WEATHER CONDITIONS
 THE FOLLOWING WEATHER WAS RECORDED TODAY.
  NO SIGNIFICANT WEATHER WAS OBSERVED.






-  INDICATES NEGATIVE NUMBERS.
R  INDICATES RECORD WAS SET OR TIED.
MM INDICATES DATA IS MISSING.
T  INDICATES TRACE AMOUNT.




$$
