000
CDUS46 KMTR 290845
CLISFD


CLIMATE REPORT
NATIONAL WEATHER SERVICE SAN FRANCISCO BAY AREA
145 AM PDT WED MAR 29 2017


...................................

...THE SAN FRANCISCO DWTN CA CLIMATE SUMMARY FOR MARCH 28 2017...

CLIMATE NORMAL PERIOD 1981 TO 2010
CLIMATE RECORD PERIOD 1850 TO 2017


WEATHER ITEM   OBSERVED TIME   RECORD YEAR NORMAL DEPARTURE LAST
                VALUE   (LST)  VALUE       VALUE  FROM      YEAR
                                                  NORMAL
..................................................................
TEMPERATURE (F)
 YESTERDAY
  MAXIMUM         67    143 PM  81    1986  62      5       58
  MINIMUM         50    643 AM  42    1897  49      1       48
  AVERAGE         59                        55      4       53

PRECIPITATION (IN)
  YESTERDAY        0.00          1.33 1897   0.09  -0.09     0.00
  MONTH TO DATE    3.93                      3.03   0.90     6.83
  SINCE OCT 1     29.98                     20.83   9.15    21.45
  SINCE JAN 1     20.95                     11.99   8.96    14.84

DEGREE DAYS
 HEATING
  YESTERDAY        6                        MM     MM       12
  MONTH TO DATE  223                        MM     MM      218
  SINCE MAR 1    223                        MM     MM      218
  SINCE JUL 1   2070                        MM     MM     1543

 COOLING
  YESTERDAY        0                        MM     MM        0
  MONTH TO DATE    1                         0      1        0
  SINCE MAR 1      1                         0      1        0
  SINCE JAN 1      1                         0      1        3
..................................................................







THE SAN FRANCISCO DWTN CA CLIMATE NORMALS FOR TODAY
                         NORMAL    RECORD    YEAR
 MAXIMUM TEMPERATURE (F)   62        79      1987
 MINIMUM TEMPERATURE (F)   49        39      1897


SUNRISE AND SUNSET
MARCH 29 2017.........SUNRISE   659 AM PDT   SUNSET   730 PM PDT
MARCH 30 2017.........SUNRISE   658 AM PDT   SUNSET   731 PM PDT


-  INDICATES NEGATIVE NUMBERS.
R  INDICATES RECORD WAS SET OR TIED.
MM INDICATES DATA IS MISSING.
T  INDICATES TRACE AMOUNT.




$$
