000
CDUS46 KMTR 240845
CLISFD


CLIMATE REPORT
NATIONAL WEATHER SERVICE SAN FRANCISCO BAY AREA
145 AM PDT SUN JUL 24 2016


...................................

...THE SAN FRANCISCO DWTN CA CLIMATE SUMMARY FOR JULY 23 2016...

CLIMATE NORMAL PERIOD 1981 TO 2010
CLIMATE RECORD PERIOD 1850 TO 2016


WEATHER ITEM   OBSERVED TIME   RECORD YEAR NORMAL DEPARTURE LAST
                VALUE   (LST)  VALUE       VALUE  FROM      YEAR
                                                  NORMAL
..................................................................
TEMPERATURE (F)
 YESTERDAY
  MAXIMUM         73    243 PM  83    2006  66      7       66
  MINIMUM         55    543 AM  49    1881  54      1       59
  AVERAGE         64                        60      4       63

PRECIPITATION (IN)
  YESTERDAY        0.00          0.03 1986   0.00   0.00     0.00
  MONTH TO DATE    0.02                      0.00   0.02     0.09
  SINCE OCT 1     23.08                     23.38  -0.30    17.64
  SINCE JAN 1     16.47                     14.54   1.93     3.19

DEGREE DAYS
 HEATING
  YESTERDAY        1                        MM     MM        2
  MONTH TO DATE  128                        MM     MM       32
  SINCE JUN 1    268                        MM     MM      168
  SINCE JUL 1    128                        MM     MM       32

 COOLING
  YESTERDAY        0                        MM     MM        0
  MONTH TO DATE    0                         0      0       14
  SINCE JUN 1      5                         0      5       16
  SINCE JAN 1     31                         0     31       30
..................................................................







THE SAN FRANCISCO DWTN CA CLIMATE NORMALS FOR TODAY
                         NORMAL    RECORD    YEAR
 MAXIMUM TEMPERATURE (F)   66        78      1974
 MINIMUM TEMPERATURE (F)   54        49      1898


SUNRISE AND SUNSET
JULY 24 2016..........SUNRISE   607 AM PDT   SUNSET   825 PM PDT
JULY 25 2016..........SUNRISE   608 AM PDT   SUNSET   824 PM PDT


-  INDICATES NEGATIVE NUMBERS.
R  INDICATES RECORD WAS SET OR TIED.
MM INDICATES DATA IS MISSING.
T  INDICATES TRACE AMOUNT.




$$
