000
CDUS46 KMTR 310027
CLISFD


CLIMATE REPORT
NATIONAL WEATHER SERVICE SAN FRANCISCO BAY AREA
526 PM PDT SAT AUG 30 2014


...................................

...THE SAN FRANCISCO DWTN CA CLIMATE SUMMARY FOR AUGUST 30 2014...
VALID TODAY AS OF 0500 PM LOCAL TIME.

CLIMATE NORMAL PERIOD 1981 TO 2010
CLIMATE RECORD PERIOD 1850 TO 2014


WEATHER ITEM   OBSERVED TIME   RECORD YEAR NORMAL DEPARTURE LAST
                VALUE   (LST)  VALUE       VALUE  FROM      YEAR
                                                  NORMAL
..................................................................
TEMPERATURE (F)
 TODAY
  MAXIMUM         71    143 PM  89    1879  70      1       77
  MINIMUM         60    743 AM  49    1911  55      5       59
  AVERAGE         66                        62      4       68

PRECIPITATION (IN)
  TODAY            0.00          0.24 1984   0.01  -0.01     0.00
  MONTH TO DATE    0.01                      0.06  -0.05     0.04
  SINCE JUL 1      0.09                      0.06   0.03     0.04
  SINCE JAN 1     10.55                     14.60  -4.05     3.55

DEGREE DAYS
 HEATING
  TODAY            0                        MM     MM        0
  MONTH TO DATE   56                        MM     MM      106
  SINCE JUN 1    281                        MM     MM      405
  SINCE JUL 1    130                        MM     MM      266

 COOLING
  TODAY            1                        MM     MM        3
  MONTH TO DATE    1                         0      1        3
  SINCE JUN 1     18                         0     18       15
  SINCE JAN 1     67                         0     67       28
..................................................................







THE SAN FRANCISCO DWTN CA CLIMATE NORMALS FOR TOMORROW
                         NORMAL    RECORD    YEAR
 MAXIMUM TEMPERATURE (F)   70        87      1943
 MINIMUM TEMPERATURE (F)   55        48      1910


SUNRISE AND SUNSET
AUGUST 30 2014........SUNRISE   638 AM PDT   SUNSET   742 PM PDT
AUGUST 31 2014........SUNRISE   639 AM PDT   SUNSET   740 PM PDT


-  INDICATES NEGATIVE NUMBERS.
R  INDICATES RECORD WAS SET OR TIED.
MM INDICATES DATA IS MISSING.
T  INDICATES TRACE AMOUNT.




$$
