000
CDUS46 KMTR 250839
CLISFD


CLIMATE REPORT
NATIONAL WEATHER SERVICE SAN FRANCISCO BAY AREA
139 AM PDT SAT OCT 25 2014


...................................

...THE SAN FRANCISCO DWTN CA CLIMATE SUMMARY FOR OCTOBER 24 2014...

CLIMATE NORMAL PERIOD 1981 TO 2010
CLIMATE RECORD PERIOD 1850 TO 2014


WEATHER ITEM   OBSERVED TIME   RECORD YEAR NORMAL DEPARTURE LAST
                VALUE   (LST)  VALUE       VALUE  FROM      YEAR
                                                  NORMAL
..................................................................
TEMPERATURE (F)
 YESTERDAY
  MAXIMUM         68    243 PM  90    1965  68      0       57
  MINIMUM         58    643 AM  48    1881  53      5       50
  AVERAGE         63                        61      2       54

PRECIPITATION (IN)
  YESTERDAY        0.00          0.91 1998   0.06  -0.06     0.00
  MONTH TO DATE    0.05                      0.70  -0.65     0.00
  SINCE JUL 1      0.69                      0.97  -0.28     0.43
  SINCE JAN 1     11.15                     15.51  -4.36     3.94

DEGREE DAYS
 HEATING
  YESTERDAY        2                        MM     MM       11
  MONTH TO DATE   38                        MM     MM      123
  SINCE SEP 1     69                        MM     MM      176
  SINCE JUL 1    199                        MM     MM      446

 COOLING
  YESTERDAY        0                        MM     MM        0
  MONTH TO DATE   64                         0     64       27
  SINCE SEP 1     90                         0     90       43
  SINCE JAN 1    157                         0    157       71
..................................................................







THE SAN FRANCISCO DWTN CA CLIMATE NORMALS FOR TODAY
                         NORMAL    RECORD    YEAR
 MAXIMUM TEMPERATURE (F)   68        91      2003
 MINIMUM TEMPERATURE (F)   53        48      1893


SUNRISE AND SUNSET
OCTOBER 25 2014.......SUNRISE   728 AM PDT   SUNSET   619 PM PDT
OCTOBER 26 2014.......SUNRISE   729 AM PDT   SUNSET   618 PM PDT


-  INDICATES NEGATIVE NUMBERS.
R  INDICATES RECORD WAS SET OR TIED.
MM INDICATES DATA IS MISSING.
T  INDICATES TRACE AMOUNT.




$$
