000
CDUS46 KMTR 030852
CLISFD


CLIMATE REPORT
NATIONAL WEATHER SERVICE SAN FRANCISCO BAY AREA
1252 AM PST SAT DEC 3 2016


...................................

...THE SAN FRANCISCO DWTN CA CLIMATE SUMMARY FOR DECEMBER 2 2016...

CLIMATE NORMAL PERIOD 1981 TO 2010
CLIMATE RECORD PERIOD 1850 TO 2016


WEATHER ITEM   OBSERVED TIME   RECORD YEAR NORMAL DEPARTURE LAST
                VALUE   (LST)  VALUE       VALUE  FROM      YEAR
                                                  NORMAL
..................................................................
TEMPERATURE (F)
 YESTERDAY
  MAXIMUM         62    243 PM  73    2011  59      3       60
  MINIMUM         52    643 AM  40    1906  48      4       50
  AVERAGE         57                        53      4       55

PRECIPITATION (IN)
  YESTERDAY        0.00          1.61 2014   0.13  -0.13     0.00
  MONTH TO DATE    0.00                      0.26  -0.26     0.00
  SINCE OCT 1      4.64                      4.54   0.10     1.43
  SINCE JAN 1     21.13                     19.35   1.78     4.73

DEGREE DAYS
 HEATING
  YESTERDAY        8                        MM     MM       10
  MONTH TO DATE   21                        MM     MM       23
  SINCE DEC 1     21                        MM     MM       23
  SINCE JUL 1    737                        MM     MM      414

 COOLING
  YESTERDAY        0                        MM     MM        0
  MONTH TO DATE    0                         0      0        0
  SINCE DEC 1      0                         0      0        0
  SINCE JAN 1     93                         0     93      217
..................................................................







THE SAN FRANCISCO DWTN CA CLIMATE NORMALS FOR TODAY
                         NORMAL    RECORD    YEAR
 MAXIMUM TEMPERATURE (F)   59        73      1958
 MINIMUM TEMPERATURE (F)   47        41      1906


SUNRISE AND SUNSET
DECEMBER  3 2016......SUNRISE   709 AM PST   SUNSET   451 PM PST
DECEMBER  4 2016......SUNRISE   710 AM PST   SUNSET   451 PM PST


-  INDICATES NEGATIVE NUMBERS.
R  INDICATES RECORD WAS SET OR TIED.
MM INDICATES DATA IS MISSING.
T  INDICATES TRACE AMOUNT.




$$
