000
CDUS46 KMTR 310826
CLISFD


CLIMATE REPORT
NATIONAL WEATHER SERVICE SAN FRANCISCO BAY AREA
125 AM PDT THU JUL 31 2014


...................................

...THE SAN FRANCISCO DWTN CA CLIMATE SUMMARY FOR JULY 30 2014...

CLIMATE NORMAL PERIOD 1981 TO 2010
CLIMATE RECORD PERIOD 1850 TO 2014


WEATHER ITEM   OBSERVED TIME   RECORD YEAR NORMAL DEPARTURE LAST
                VALUE   (LST)  VALUE       VALUE  FROM      YEAR
                                                  NORMAL
..................................................................
TEMPERATURE (F)
 YESTERDAY
  MAXIMUM         67    143 PM  99    1995  67      0       64
  MINIMUM         56    643 AM  48    1893  55      1       54
  AVERAGE         62                        61      1       59

PRECIPITATION (IN)
  YESTERDAY        0.00          0.03 1949   0.00   0.00     0.00
  MONTH TO DATE    0.08                      0.00   0.08     0.00
  SINCE JUL 1      0.08                      0.00   0.08     0.00
  SINCE JAN 1     10.54                     14.54  -4.00     3.51

DEGREE DAYS
 HEATING
  YESTERDAY        3                        MM     MM        6
  MONTH TO DATE   70                        MM     MM      153
  SINCE JUN 1    221                        MM     MM      292
  SINCE JUL 1     70                        MM     MM      153

 COOLING
  YESTERDAY        0                        MM     MM        0
  MONTH TO DATE   16                         0     16        5
  SINCE JUN 1     17                         0     17       12
  SINCE JAN 1     66                         0     66       25
..................................................................







THE SAN FRANCISCO DWTN CA CLIMATE NORMALS FOR TODAY
                         NORMAL    RECORD    YEAR
 MAXIMUM TEMPERATURE (F)   67        99      1993
 MINIMUM TEMPERATURE (F)   55        47      1893


SUNRISE AND SUNSET
JULY 31 2014..........SUNRISE   613 AM PDT   SUNSET   819 PM PDT
AUGUST  1 2014........SUNRISE   613 AM PDT   SUNSET   818 PM PDT


-  INDICATES NEGATIVE NUMBERS.
R  INDICATES RECORD WAS SET OR TIED.
MM INDICATES DATA IS MISSING.
T  INDICATES TRACE AMOUNT.




$$
