000
CDUS46 KMTR 220825
CLISFD


CLIMATE REPORT
NATIONAL WEATHER SERVICE SAN FRANCISCO BAY AREA
125 AM PDT MON SEP 22 2014


...................................

...THE SAN FRANCISCO DWTN CA CLIMATE SUMMARY FOR SEPTEMBER 21 2014...

CLIMATE NORMAL PERIOD 1981 TO 2010
CLIMATE RECORD PERIOD 1850 TO 2014


WEATHER ITEM   OBSERVED TIME   RECORD YEAR NORMAL DEPARTURE LAST
                VALUE   (LST)  VALUE       VALUE  FROM      YEAR
                                                  NORMAL
..................................................................
TEMPERATURE (F)
 YESTERDAY
  MAXIMUM         67    143 PM  99    1928  70     -3       67
  MINIMUM         62    143 AM  50    1886  55      7       58
  AVERAGE         65                        63      2       63

PRECIPITATION (IN)
  YESTERDAY        0.00          0.47 1916   0.01  -0.01     0.39
  MONTH TO DATE    0.09                      0.11  -0.02     0.39
  SINCE JUL 1      0.18                      0.17   0.01     0.43
  SINCE JAN 1     10.64                     14.71  -4.07     3.94

DEGREE DAYS
 HEATING
  YESTERDAY        0                        MM     MM        2
  MONTH TO DATE   25                        MM     MM       34
  SINCE SEP 1     25                        MM     MM       34
  SINCE JUL 1    155                        MM     MM      304

 COOLING
  YESTERDAY        0                        MM     MM        0
  MONTH TO DATE   19                         0     19       14
  SINCE SEP 1     19                         0     19       14
  SINCE JAN 1     86                         0     86       42
..................................................................







THE SAN FRANCISCO DWTN CA CLIMATE NORMALS FOR TODAY
                         NORMAL    RECORD    YEAR
 MAXIMUM TEMPERATURE (F)   70        97      1939
 MINIMUM TEMPERATURE (F)   55        48      1910


SUNRISE AND SUNSET
SEPTEMBER 22 2014.....SUNRISE   658 AM PDT   SUNSET   706 PM PDT
SEPTEMBER 23 2014.....SUNRISE   658 AM PDT   SUNSET   705 PM PDT


-  INDICATES NEGATIVE NUMBERS.
R  INDICATES RECORD WAS SET OR TIED.
MM INDICATES DATA IS MISSING.
T  INDICATES TRACE AMOUNT.




$$
