384
CDUS46 KMTR 240836
CLISFD


CLIMATE REPORT
NATIONAL WEATHER SERVICE SAN FRANCISCO BAY AREA
136 AM PDT TUE MAY 24 2016


...................................

...THE SAN FRANCISCO DWTN CA CLIMATE SUMMARY FOR MAY 23 2016...

CLIMATE NORMAL PERIOD 1981 TO 2010
CLIMATE RECORD PERIOD 1850 TO 2016


WEATHER ITEM   OBSERVED TIME   RECORD YEAR NORMAL DEPARTURE LAST
                VALUE   (LST)  VALUE       VALUE  FROM      YEAR
                                                  NORMAL
..................................................................
TEMPERATURE (F)
 YESTERDAY
  MAXIMUM         63    243 PM  91    1943  65     -2       62
  MINIMUM         53    243 AM  47    1903  52      1       52
  AVERAGE         58                        58      0       57

PRECIPITATION (IN)
  YESTERDAY        0.00          0.28 1860   0.02  -0.02     0.00
  MONTH TO DATE    0.15                      0.57  -0.42     0.06
  SINCE OCT 1     23.06                     23.09  -0.03    17.40
  SINCE JAN 1     16.45                     14.25   2.20     2.95

DEGREE DAYS
 HEATING
  YESTERDAY        7                        MM     MM        8
  MONTH TO DATE  146                        MM     MM      198
  SINCE MAR 1    570                        MM     MM      595
  SINCE JUL 1   1895                        MM     MM     1669

 COOLING
  YESTERDAY        0                        MM     MM        0
  MONTH TO DATE    4                         0      4        0
  SINCE MAR 1     23                         0     23       14
  SINCE JAN 1     26                         0     26       14
..................................................................







THE SAN FRANCISCO DWTN CA CLIMATE NORMALS FOR TODAY
                         NORMAL    RECORD    YEAR
 MAXIMUM TEMPERATURE (F)   65        88      1927
 MINIMUM TEMPERATURE (F)   52        46      1911


SUNRISE AND SUNSET
MAY 24 2016...........SUNRISE   553 AM PDT   SUNSET   821 PM PDT
MAY 25 2016...........SUNRISE   552 AM PDT   SUNSET   821 PM PDT


-  INDICATES NEGATIVE NUMBERS.
R  INDICATES RECORD WAS SET OR TIED.
MM INDICATES DATA IS MISSING.
T  INDICATES TRACE AMOUNT.




$$
