000
CDUS46 KMTR 010826
CLISFD


CLIMATE REPORT
NATIONAL WEATHER SERVICE SAN FRANCISCO BAY AREA
126 AM PDT MON SEP 1 2014


...................................

...THE SAN FRANCISCO DWTN CA CLIMATE SUMMARY FOR AUGUST 31 2014...

CLIMATE NORMAL PERIOD 1981 TO 2010
CLIMATE RECORD PERIOD 1850 TO 2014


WEATHER ITEM   OBSERVED TIME   RECORD YEAR NORMAL DEPARTURE LAST
                VALUE   (LST)  VALUE       VALUE  FROM      YEAR
                                                  NORMAL
..................................................................
TEMPERATURE (F)
 YESTERDAY
  MAXIMUM         71   1143 AM  87    1943  70      1       65
  MINIMUM         59    443 AM  48    1910  55      4       56
  AVERAGE         65                        63      2       61

PRECIPITATION (IN)
  YESTERDAY        0.00          0.02 1944   0.00   0.00     0.00
  MONTH TO DATE    0.01                      0.06  -0.05     0.04
  SINCE JUL 1      0.09                      0.06   0.03     0.04
  SINCE JAN 1     10.55                     14.60  -4.05     3.55

DEGREE DAYS
 HEATING
  YESTERDAY        0                        MM     MM        4
  MONTH TO DATE   56                        MM     MM      110
  SINCE JUN 1    281                       449   -168      409
  SINCE JUL 1    130                       275   -145      270

 COOLING
  YESTERDAY        0                        MM     MM        0
  MONTH TO DATE    1                        15    -14        3
  SINCE JUN 1     18                        37    -19       15
  SINCE JAN 1     67                        54     13       28
..................................................................







THE SAN FRANCISCO DWTN CA CLIMATE NORMALS FOR TODAY
                         NORMAL    RECORD    YEAR
 MAXIMUM TEMPERATURE (F)   70        90      1952
 MINIMUM TEMPERATURE (F)   55        48      1910


SUNRISE AND SUNSET
SEPTEMBER  1 2014.....SUNRISE   640 AM PDT   SUNSET   739 PM PDT
SEPTEMBER  2 2014.....SUNRISE   641 AM PDT   SUNSET   737 PM PDT


-  INDICATES NEGATIVE NUMBERS.
R  INDICATES RECORD WAS SET OR TIED.
MM INDICATES DATA IS MISSING.
T  INDICATES TRACE AMOUNT.




$$
