000
CDUS46 KOTX 190831
CLISFF


CLIMATE REPORT
NATIONAL WEATHER SERVICE SPOKANE, WA
131 AM PDT FRI SEP 19 2014


...................................

...THE SPOKANE WA FELTS AIRPORT CLIMATE SUMMARY FOR SEPTEMBER 18 2014...

CLIMATE NORMAL PERIOD 1981 TO 2010
CLIMATE RECORD PERIOD 9999 TO 9999


WEATHER ITEM   OBSERVED TIME   RECORD YEAR NORMAL DEPARTURE LAST
                VALUE   (LST)  VALUE       VALUE  FROM      YEAR
                                                  NORMAL
..................................................................
TEMPERATURE (F)
 YESTERDAY
  MAXIMUM         82    108 PM  MM      MM  74      8       68
  MINIMUM         55    428 AM  MM      MM  46      9       50
  AVERAGE         69                        60      9       59

PRECIPITATION (IN)
  YESTERDAY        0.00         MM      MM   0.03  -0.03     0.02
  MONTH TO DATE    0.18                      0.46  -0.28     1.04
  SINCE OCT 1     13.58                     17.40  -3.82    17.36
  SINCE JAN 1     11.30                     11.20   0.10    10.72

SNOWFALL (IN)
  YESTERDAY       MM            MM      MM  MM     MM       MM
  MONTH TO DATE   MM                        MM     MM       MM
  SINCE SEP 1     MM                        MM     MM       MM
  SINCE JUL 1     MM                        MM     MM       MM
  SNOW DEPTH      MM

DEGREE DAYS
 HEATING
  YESTERDAY        0                         6     -6        6
  MONTH TO DATE   60                        67     -7       11
  SINCE SEP 1     60                        67     -7       11
  SINCE JUL 1     66                       113    -47       16

 COOLING
  YESTERDAY        4                         1      3        0
  MONTH TO DATE   15                        28    -13      101
  SINCE SEP 1     15                        28    -13      101
  SINCE JAN 1    620                       404    216      704
..................................................................


WIND (MPH)
  HIGHEST WIND SPEED    22   HIGHEST WIND DIRECTION    SW (230)
  HIGHEST GUST SPEED    33   HIGHEST GUST DIRECTION    SW (220)
  AVERAGE WIND SPEED     8.8


SKY COVER
  POSSIBLE SUNSHINE  MM
  AVERAGE SKY COVER 0.4


WEATHER CONDITIONS
 THE FOLLOWING WEATHER WAS RECORDED YESTERDAY.
  NO SIGNIFICANT WEATHER WAS OBSERVED.


RELATIVE HUMIDITY (PERCENT)
 HIGHEST    72           300 AM
 LOWEST     23           100 PM
 AVERAGE    48

..........................................................


THE SPOKANE WA FELTS AIRPORT CLIMATE NORMALS FOR TODAY
                         NORMAL    RECORD    YEAR
 MAXIMUM TEMPERATURE (F)   74        MM        MM
 MINIMUM TEMPERATURE (F)   45        MM        MM


SUNRISE AND SUNSET
SEPTEMBER 19 2014.....SUNRISE   632 AM PDT   SUNSET   653 PM PDT
SEPTEMBER 20 2014.....SUNRISE   633 AM PDT   SUNSET   651 PM PDT


-  INDICATES NEGATIVE NUMBERS.
R  INDICATES RECORD WAS SET OR TIED.
MM INDICATES DATA IS MISSING.
T  INDICATES TRACE AMOUNT.




$$
