000
CDUS46 KOTX 280833
CLISFF


CLIMATE REPORT
NATIONAL WEATHER SERVICE SPOKANE, WA
133 AM PDT SAT MAY 28 2016


...................................

...THE SPOKANE WA FELTS AIRPORT CLIMATE SUMMARY FOR MAY 27 2016...

CLIMATE NORMAL PERIOD 1981 TO 2010
CLIMATE RECORD PERIOD 9999 TO 9999


WEATHER ITEM   OBSERVED TIME   RECORD YEAR NORMAL DEPARTURE LAST
                VALUE   (LST)  VALUE       VALUE  FROM      YEAR
                                                  NORMAL
..................................................................
TEMPERATURE (F)
 YESTERDAY
  MAXIMUM         64    413 PM  MM      MM  70     -6       77
  MINIMUM         48   1159 PM  MM      MM  46      2       47
  AVERAGE         56                        58     -2       62

PRECIPITATION (IN)
  YESTERDAY        0.04         MM      MM   0.06  -0.02     0.00
  MONTH TO DATE    1.64                      1.46   0.18     0.88
  SINCE OCT 1     14.17                     13.80   0.37    12.03
  SINCE JAN 1      8.63                      7.60   1.03     7.30

SNOWFALL (IN)
  YESTERDAY       MM

DEGREE DAYS
 HEATING
  YESTERDAY        9                         8      1        3
  MONTH TO DATE  141                       292   -151      144
  SINCE MAR 1   1072                      1576   -504     1215
  SINCE JUL 1   4977                      6147  -1170     5033

 COOLING
  YESTERDAY        0                         0      0        0
  MONTH TO DATE   10                         0     10       16
  SINCE MAR 1     15                         0     15       16
  SINCE JAN 1     15                         0     15       16
..................................................................


WIND (MPH)
  HIGHEST WIND SPEED    22   HIGHEST WIND DIRECTION    SW (230)
  HIGHEST GUST SPEED    31   HIGHEST GUST DIRECTION    SW (230)
  AVERAGE WIND SPEED    10.1


SKY COVER
  POSSIBLE SUNSHINE  MM
  AVERAGE SKY COVER 0.6


WEATHER CONDITIONS
 THE FOLLOWING WEATHER WAS RECORDED YESTERDAY.
  LIGHT RAIN


RELATIVE HUMIDITY (PERCENT)
 HIGHEST    71           400 AM
 LOWEST     26           300 PM
 AVERAGE    49

..........................................................


THE SPOKANE WA FELTS AIRPORT CLIMATE NORMALS FOR TODAY
                         NORMAL    RECORD    YEAR
 MAXIMUM TEMPERATURE (F)   70        MM        MM
 MINIMUM TEMPERATURE (F)   46        MM        MM


SUNRISE AND SUNSET
MAY 28 2016...........SUNRISE   458 AM PDT   SUNSET   836 PM PDT
MAY 29 2016...........SUNRISE   457 AM PDT   SUNSET   837 PM PDT


-  INDICATES NEGATIVE NUMBERS.
R  INDICATES RECORD WAS SET OR TIED.
MM INDICATES DATA IS MISSING.
T  INDICATES TRACE AMOUNT.




$$
