000
CDUS46 KOTX 220829
CLISFF


CLIMATE REPORT
NATIONAL WEATHER SERVICE SPOKANE, WA
1229 AM PST THU FEB 22 2018


...................................

...THE SPOKANE WA FELTS AIRPORT CLIMATE SUMMARY FOR FEBRUARY 21 2018...

CLIMATE NORMAL PERIOD 1981 TO 2010
CLIMATE RECORD PERIOD 9999 TO 9999


WEATHER ITEM   OBSERVED TIME   RECORD YEAR NORMAL DEPARTURE LAST
                VALUE   (LST)  VALUE       VALUE  FROM      YEAR
                                                  NORMAL
..................................................................
TEMPERATURE (F)
 YESTERDAY
  MAXIMUM         26    201 PM  MM      MM  44    -18       37
  MINIMUM          5    742 AM  MM      MM  26    -21       33
  AVERAGE         16                        35    -19       35

PRECIPITATION (IN)
  YESTERDAY        0.00         MM      MM   0.03  -0.03     0.29
  MONTH TO DATE    1.54                      1.09   0.45     3.82
  SINCE OCT 1     10.59                      9.24   1.35    14.37
  SINCE JAN 1      3.69                      3.04   0.65     5.28

SNOWFALL (IN)
  YESTERDAY       MM

DEGREE DAYS
 HEATING
  YESTERDAY       49                        30     19       30
  MONTH TO DATE  654                       656     -2      675
  SINCE DEC 1   2662                      2794   -132     3161
  SINCE JUL 1   4067                      4368   -301     4350

 COOLING
  YESTERDAY        0                         0      0        0
  MONTH TO DATE    0                         0      0        0
  SINCE DEC 1      0                         0      0        0
  SINCE JAN 1      0                         0      0        0
..................................................................


WIND (MPH)
  HIGHEST WIND SPEED     8   HIGHEST WIND DIRECTION    SE (130)
  HIGHEST GUST SPEED    11   HIGHEST GUST DIRECTION    SW (220)
  AVERAGE WIND SPEED     2.3


SKY COVER
  POSSIBLE SUNSHINE  MM
  AVERAGE SKY COVER 0.3


WEATHER CONDITIONS
 THE FOLLOWING WEATHER WAS RECORDED YESTERDAY.
  FOG


RELATIVE HUMIDITY (PERCENT)
 HIGHEST    92           100 AM
 LOWEST     42           400 PM
 AVERAGE    67

..........................................................


THE SPOKANE WA FELTS AIRPORT CLIMATE NORMALS FOR TODAY
                         NORMAL    RECORD    YEAR
 MAXIMUM TEMPERATURE (F)   44        MM        MM
 MINIMUM TEMPERATURE (F)   26        MM        MM


SUNRISE AND SUNSET
FEBRUARY 22 2018......SUNRISE   643 AM PST   SUNSET   524 PM PST
FEBRUARY 23 2018......SUNRISE   641 AM PST   SUNSET   525 PM PST


-  INDICATES NEGATIVE NUMBERS.
R  INDICATES RECORD WAS SET OR TIED.
MM INDICATES DATA IS MISSING.
T  INDICATES TRACE AMOUNT.




$$
