000
CDUS46 KMTR 240845
CLISFO


CLIMATE REPORT
NATIONAL WEATHER SERVICE SAN FRANCISCO BAY AREA
145 AM PDT SUN JUL 24 2016


...................................

...THE SAN FRANCISCO AIRPORT CLIMATE SUMMARY FOR JULY 23 2016...

CLIMATE NORMAL PERIOD 1981 TO 2010
CLIMATE RECORD PERIOD 1927 TO 2016


WEATHER ITEM   OBSERVED TIME   RECORD YEAR NORMAL DEPARTURE LAST
                VALUE   (LST)  VALUE       VALUE  FROM      YEAR
                                                  NORMAL
..................................................................
TEMPERATURE (F)
 YESTERDAY
  MAXIMUM         72    325 PM  89    2005  72      0       68
  MINIMUM         56    518 AM  50    1981  56      0       60
  AVERAGE         64                        64      0       64

PRECIPITATION (IN)
  YESTERDAY        0.00          0.01 1986   0.00   0.00     0.00
                                      1944
                                      1932
  MONTH TO DATE    T                         0.00   0.00      T
  SINCE OCT 1     17.23                     20.44  -3.21    16.59
  SINCE JAN 1     12.44                     13.08  -0.64     3.63

SNOWFALL (IN)
  YESTERDAY        0.0           0.0
  MONTH TO DATE    0.0
  SINCE JUN 1      0.0
  SINCE JUL 1      0.0

DEGREE DAYS
 HEATING
  YESTERDAY        1                         2     -1        1
  MONTH TO DATE   50                        46      4        4
  SINCE JUN 1    111                       151    -40       79
  SINCE JUL 1     50                        46      4        4

 COOLING
  YESTERDAY        0                         1     -1        0
  MONTH TO DATE    1                        23    -22       41
  SINCE JUN 1     20                        44    -24       58
  SINCE JAN 1     51                        63    -12       71
..................................................................


WIND (MPH)
  RESULTANT WIND SPEED  15   RESULTANT WIND DIRECTION   W (290)
  HIGHEST WIND SPEED    31   HIGHEST WIND DIRECTION     W (280)
  HIGHEST GUST SPEED    36   HIGHEST GUST DIRECTION     W (280)
  AVERAGE WIND SPEED    15.4


SKY COVER
  POSSIBLE SUNSHINE  MM
  AVERAGE SKY COVER 0.1


WEATHER CONDITIONS
 THE FOLLOWING WEATHER WAS RECORDED YESTERDAY.
  NO SIGNIFICANT WEATHER WAS OBSERVED.


RELATIVE HUMIDITY (PERCENT)
 HIGHEST    83           300 AM
 LOWEST     49           300 PM
 AVERAGE    66

..........................................................


THE SAN FRANCISCO AIRPORT CLIMATE NORMALS FOR TODAY
                         NORMAL    RECORD    YEAR
 MAXIMUM TEMPERATURE (F)   72        90      1974
 MINIMUM TEMPERATURE (F)   56        50      2009
                                             1962


SUNRISE AND SUNSET
JULY 24 2016..........SUNRISE   607 AM PDT   SUNSET   824 PM PDT
JULY 25 2016..........SUNRISE   608 AM PDT   SUNSET   823 PM PDT


-  INDICATES NEGATIVE NUMBERS.
R  INDICATES RECORD WAS SET OR TIED.
MM INDICATES DATA IS MISSING.
T  INDICATES TRACE AMOUNT.




$$
