000
CDUS43 KSGF 142327
CLISGF


CLIMATE REPORT
NATIONAL WEATHER SERVICE SPRINGFIELD MO
527 PM CST SUN FEB 14 2016


...................................

...THE SPRINGFIELD MO CLIMATE SUMMARY FOR FEBRUARY 14 2016...
VALID TODAY AS OF 0500 PM LOCAL TIME.

CLIMATE NORMAL PERIOD 1981 TO 2010
CLIMATE RECORD PERIOD 1888 TO 2016


WEATHER ITEM   OBSERVED TIME   RECORD YEAR NORMAL DEPARTURE LAST
                VALUE   (LST)  VALUE       VALUE  FROM      YEAR
                                                  NORMAL
..................................................................
TEMPERATURE (F)
 TODAY
  MAXIMUM         37    450 PM  75    1954  48    -11       55
                                      1921
  MINIMUM         25   1005 AM   0    1905  26     -1       22
  AVERAGE         31                        37     -6       39

PRECIPITATION (IN)
  TODAY            T             2.10 1908   0.09  -0.09     0.00
  MONTH TO DATE    0.05                      1.16  -1.11     0.40
  SINCE DEC 1     12.40                      6.67   5.73     2.98
  SINCE JAN 1      0.97                      3.63  -2.66     1.21

SNOWFALL (IN)
  TODAY            0.0
  MONTH TO DATE    T
  SINCE DEC 1      3.0
  SINCE JUL 1      3.0
  SNOW DEPTH       0

DEGREE DAYS
 HEATING
  TODAY           34                        28      6       26
  MONTH TO DATE  405                       417    -12      396
  SINCE DEC 1   1999                      2351   -352     2154
  SINCE JUL 1   2644                      3230   -586     3104

 COOLING
  TODAY            0                         0      0        0
  MONTH TO DATE    0                         0      0        0
  SINCE DEC 1      0                         0      0        0
  SINCE JAN 1      0                         0      0        0
..................................................................


WIND (MPH)
  HIGHEST WIND SPEED    25   HIGHEST WIND DIRECTION    SE (140)
  HIGHEST GUST SPEED    31   HIGHEST GUST DIRECTION    SE (130)


SKY COVER
  AVERAGE SKY COVER 1.0


WEATHER CONDITIONS
 THE FOLLOWING WEATHER WAS RECORDED TODAY.
  LT FREEZING RAIN
  HAZE


RELATIVE HUMIDITY (PERCENT)
 HIGHEST    88          1000 AM
 LOWEST     35          1200 AM
 AVERAGE    62

..........................................................


THE SPRINGFIELD MO CLIMATE NORMALS FOR TOMORROW
                         NORMAL    RECORD    YEAR
 MAXIMUM TEMPERATURE (F)   48        76      1911
 MINIMUM TEMPERATURE (F)   26        -5      1905


SUNRISE AND SUNSET
FEBRUARY 14 2016......SUNRISE   704 AM CST   SUNSET   552 PM CST
FEBRUARY 15 2016......SUNRISE   703 AM CST   SUNSET   553 PM CST


-  INDICATES NEGATIVE NUMBERS.
R  INDICATES RECORD WAS SET OR TIED.
MM INDICATES DATA IS MISSING.
T  INDICATES TRACE AMOUNT.




$$
