000
CDUS43 KSGF 302229
CLISGF


CLIMATE REPORT
NATIONAL WEATHER SERVICE SPRINGFIELD MO
529 PM CDT SUN APR 30 2017


...................................

...THE SPRINGFIELD MO CLIMATE SUMMARY FOR APRIL 30 2017...
VALID TODAY AS OF 0500 PM LOCAL TIME.

CLIMATE NORMAL PERIOD 1981 TO 2010
CLIMATE RECORD PERIOD 1888 TO 2017


WEATHER ITEM   OBSERVED TIME   RECORD YEAR NORMAL DEPARTURE LAST
                VALUE   (LST)  VALUE       VALUE  FROM      YEAR
                                                  NORMAL
..................................................................
TEMPERATURE (F)
 TODAY
  MAXIMUM         69   1016 AM  90    1987  71     -2       75
                                      1952
  MINIMUM         60    359 PM  32    1907  49     11       55
                                      1903
  AVERAGE         65                        60      5       65

PRECIPITATION (IN)
  TODAY            0.43          3.42 1970   0.18   0.25     0.11
  MONTH TO DATE   12.03                      4.32   7.71     2.50
  SINCE MAR 1     16.82                      7.94   8.88     5.44
  SINCE JAN 1     21.28                     12.93   8.35     6.72

SNOWFALL (IN)
  TODAY            0.0
  MONTH TO DATE    0.0
  SINCE MAR 1      0.1
  SINCE JUL 1      1.8
  SNOW DEPTH       0

DEGREE DAYS
 HEATING
  TODAY            0                         6     -6        0
  MONTH TO DATE  168                       300   -132      189
  SINCE MAR 1    584                       881   -297      587
  SINCE JUL 1   3273                      4474  -1201     3500

 COOLING
  TODAY            0                         1     -1        0
  MONTH TO DATE   35                        22     13       25
  SINCE MAR 1     41                        25     16       27
  SINCE JAN 1     50                        25     25       27
..................................................................


WIND (MPH)
  HIGHEST WIND SPEED    32   HIGHEST WIND DIRECTION    SW (210)
  HIGHEST GUST SPEED    40   HIGHEST GUST DIRECTION    SW (210)


SKY COVER
  AVERAGE SKY COVER 0.9


WEATHER CONDITIONS
 THE FOLLOWING WEATHER WAS RECORDED TODAY.
  THUNDERSTORM
  HEAVY RAIN
  RAIN
  LIGHT RAIN
  FOG


RELATIVE HUMIDITY (PERCENT)
 HIGHEST    93          1200 AM
 LOWEST     55           400 PM
 AVERAGE    74

..........................................................


THE SPRINGFIELD MO CLIMATE NORMALS FOR TOMORROW
                         NORMAL    RECORD    YEAR
 MAXIMUM TEMPERATURE (F)   72        89      1959
 MINIMUM TEMPERATURE (F)   50        30      1909


SUNRISE AND SUNSET
APRIL 30 2017.........SUNRISE   620 AM CDT   SUNSET   802 PM CDT
MAY  1 2017...........SUNRISE   618 AM CDT   SUNSET   803 PM CDT


-  INDICATES NEGATIVE NUMBERS.
R  INDICATES RECORD WAS SET OR TIED.
MM INDICATES DATA IS MISSING.
T  INDICATES TRACE AMOUNT.




$$
