204
CDUS43 KSGF 260627
CLISGF


CLIMATE REPORT
NATIONAL WEATHER SERVICE SPRINGFIELD MO
127 AM CDT THU MAY 26 2016


...................................

...THE SPRINGFIELD MO CLIMATE SUMMARY FOR MAY 25 2016...

CLIMATE NORMAL PERIOD 1981 TO 2010
CLIMATE RECORD PERIOD 1888 TO 2016


WEATHER ITEM   OBSERVED TIME   RECORD YEAR NORMAL DEPARTURE LAST
                VALUE   (LST)  VALUE       VALUE  FROM      YEAR
                                                  NORMAL
..................................................................
TEMPERATURE (F)
 YESTERDAY
  MAXIMUM         83    244 PM  90    2012  78      5       82
                                      2006
                                      1962
  MINIMUM         64   1005 AM  35    1925  57      7       61
  AVERAGE         74                        67      7       72

PRECIPITATION (IN)
  YESTERDAY        0.40          1.56 1968   0.14   0.26     0.07
  MONTH TO DATE    4.50                      4.20   0.30     4.34
  SINCE MAR 1      9.94                     12.14  -2.20    10.91
  SINCE JAN 1     11.22                     17.13  -5.91    13.51

SNOWFALL (IN)
  YESTERDAY        0.0
  MONTH TO DATE    0.0
  SINCE MAR 1      T
  SINCE JUL 1      3.0
  SNOW DEPTH       0

DEGREE DAYS
 HEATING
  YESTERDAY        0                         2     -2        0
  MONTH TO DATE  129                        87     42       60
  SINCE MAR 1    716                       968   -252      825
  SINCE JUL 1   3629                      4561   -932     4532

 COOLING
  YESTERDAY        9                         4      5        7
  MONTH TO DATE   45                        61    -16       90
  SINCE MAR 1     72                        86    -14      112
  SINCE JAN 1     72                        86    -14      112
..................................................................


WIND (MPH)
  HIGHEST WIND SPEED    35   HIGHEST WIND DIRECTION    SE (150)
  HIGHEST GUST SPEED    39   HIGHEST GUST DIRECTION    SE (140)
  AVERAGE WIND SPEED    13.2


SKY COVER
  AVERAGE SKY COVER 0.5


WEATHER CONDITIONS
 THE FOLLOWING WEATHER WAS RECORDED YESTERDAY.
  THUNDERSTORM
  RAIN
  LIGHT RAIN
  FOG


RELATIVE HUMIDITY (PERCENT)
 HIGHEST    93           200 AM
 LOWEST     51           300 PM
 AVERAGE    72

..........................................................


THE SPRINGFIELD MO CLIMATE NORMALS FOR TODAY
                         NORMAL    RECORD    YEAR
 MAXIMUM TEMPERATURE (F)   78        93      2012
 MINIMUM TEMPERATURE (F)   58        38      1901


SUNRISE AND SUNSET
MAY 26 2016...........SUNRISE   557 AM CDT   SUNSET   824 PM CDT
MAY 27 2016...........SUNRISE   557 AM CDT   SUNSET   825 PM CDT


-  INDICATES NEGATIVE NUMBERS.
R  INDICATES RECORD WAS SET OR TIED.
MM INDICATES DATA IS MISSING.
T  INDICATES TRACE AMOUNT.




$$
