000
CDUS43 KSGF 310628
CLISGF


CLIMATE REPORT
NATIONAL WEATHER SERVICE SPRINGFIELD MO
128 AM CDT FRI OCT 31 2014


...................................

...THE SPRINGFIELD MO CLIMATE SUMMARY FOR OCTOBER 30 2014...

CLIMATE NORMAL PERIOD 1981 TO 2010
CLIMATE RECORD PERIOD 1888 TO 2014


WEATHER ITEM   OBSERVED TIME   RECORD YEAR NORMAL DEPARTURE LAST
                VALUE   (LST)  VALUE       VALUE  FROM      YEAR
                                                  NORMAL
..................................................................
TEMPERATURE (F)
 YESTERDAY
  MAXIMUM         67    110 PM  88    1937  64      3       67
  MINIMUM         43    536 AM  19    1917  42      1       62
  AVERAGE         55                        53      2       65

PRECIPITATION (IN)
  YESTERDAY        0.06          1.96 1967   0.11  -0.05     0.42
  MONTH TO DATE    7.55                      3.47   4.08     6.41
  SINCE SEP 1     12.55                      8.08   4.47     8.59
  SINCE JAN 1     34.52                     38.19  -3.67    46.74

SNOWFALL (IN)
  YESTERDAY        0.0
  MONTH TO DATE    0.0
  SINCE SEP 1      0.0
  SINCE JUL 1      0.0
  SNOW DEPTH       0

DEGREE DAYS
 HEATING
  YESTERDAY       10                        12     -2        0
  MONTH TO DATE  176                       240    -64      281
  SINCE SEP 1    207                       293    -86      295
  SINCE JUL 1    207                       295    -88      295

 COOLING
  YESTERDAY        0                         0      0        0
  MONTH TO DATE   45                        27     18       44
  SINCE SEP 1    224                       200     24      274
  SINCE JAN 1   1470                      1386     84     1417
..................................................................


WIND (MPH)
  HIGHEST WIND SPEED    24   HIGHEST WIND DIRECTION     W (260)
  HIGHEST GUST SPEED    31   HIGHEST GUST DIRECTION     W (260)
  AVERAGE WIND SPEED    11.1


SKY COVER
  AVERAGE SKY COVER 0.1


WEATHER CONDITIONS
 THE FOLLOWING WEATHER WAS RECORDED YESTERDAY.
  LIGHT RAIN


RELATIVE HUMIDITY (PERCENT)
 HIGHEST    82           100 AM
 LOWEST     40           400 PM
 AVERAGE    61

..........................................................


THE SPRINGFIELD MO CLIMATE NORMALS FOR TODAY
                         NORMAL    RECORD    YEAR
 MAXIMUM TEMPERATURE (F)   64        83      1950
 MINIMUM TEMPERATURE (F)   42        18      1993


SUNRISE AND SUNSET
OCTOBER 31 2014.......SUNRISE   737 AM CDT   SUNSET   617 PM CDT
NOVEMBER  1 2014......SUNRISE   738 AM CDT   SUNSET   616 PM CDT


-  INDICATES NEGATIVE NUMBERS.
R  INDICATES RECORD WAS SET OR TIED.
MM INDICATES DATA IS MISSING.
T  INDICATES TRACE AMOUNT.




$$
