000
CDUS45 KBYZ 092322
CLISHR


CLIMATE REPORT
NATIONAL WEATHER SERVICE BILLINGS MT
421 PM MST TUE FEB 9 2016


...................................

...THE SHERIDAN WY CLIMATE SUMMARY FOR FEBRUARY 9 2016...
VALID TODAY AS OF 0400 PM LOCAL TIME.

CLIMATE NORMAL PERIOD 1981 TO 2010
CLIMATE RECORD PERIOD 1907 TO 2016


WEATHER ITEM   OBSERVED TIME   RECORD YEAR NORMAL DEPARTURE LAST
                VALUE   (LST)  VALUE       VALUE  FROM      YEAR
                                                  NORMAL
..................................................................
TEMPERATURE (F)
 TODAY
  MAXIMUM         60    249 PM  68    1996  38     22       57
  MINIMUM         32    353 AM -29    1933  13     19       24
  AVERAGE         46                        25     21       41

PRECIPITATION (IN)
  TODAY            0.00          0.51 1955   0.02  -0.02     0.00
  MONTH TO DATE    0.29                      0.17   0.12     0.17
  SINCE OCT 1      3.00                      3.41  -0.41     3.01
  SINCE JAN 1      0.85                      0.73   0.12     0.62

DEGREE DAYS
 HEATING
  TODAY           19                        40    -21       24
  MONTH TO DATE  312                       360    -48      260
  SINCE DEC 1   2695                      2942   -247     2687
  SINCE JUL 1   4247                      4820   -573     4513

 COOLING
  TODAY            0                         0      0        0
  MONTH TO DATE    0                         0      0        0
  SINCE DEC 1      0                         0      0        0
  SINCE JAN 1      0                         0      0        0
..................................................................


WIND (MPH)
  HIGHEST WIND SPEED    24   HIGHEST WIND DIRECTION    NW (330)
  HIGHEST GUST SPEED    29   HIGHEST GUST DIRECTION    NW (330)
  AVERAGE WIND SPEED     9.9


SKY COVER
  POSSIBLE SUNSHINE  MM
  AVERAGE SKY COVER 0.0


WEATHER CONDITIONS
 THE FOLLOWING WEATHER WAS RECORDED TODAY.
  NO SIGNIFICANT WEATHER WAS OBSERVED.


RELATIVE HUMIDITY (PERCENT)
 HIGHEST    78           400 AM
 LOWEST     23           300 PM
 AVERAGE    51

..........................................................


THE SHERIDAN WY CLIMATE NORMALS FOR TOMORROW
                         NORMAL    RECORD    YEAR
 MAXIMUM TEMPERATURE (F)   38        73      1951
 MINIMUM TEMPERATURE (F)   13       -24      1981


SUNRISE AND SUNSET
FEBRUARY  9 2016......SUNRISE   717 AM MST   SUNSET   527 PM MST
FEBRUARY 10 2016......SUNRISE   716 AM MST   SUNSET   529 PM MST


-  INDICATES NEGATIVE NUMBERS.
R  INDICATES RECORD WAS SET OR TIED.
MM INDICATES DATA IS MISSING.
T  INDICATES TRACE AMOUNT.




$$
