000
CDUS45 KBYZ 060933
CLISHR


CLIMATE REPORT
NATIONAL WEATHER SERVICE BILLINGS MT
331 AM MDT FRI MAY 6 2016


...................................

...THE SHERIDAN WY CLIMATE SUMMARY FOR MAY 5 2016...

CLIMATE NORMAL PERIOD 1981 TO 2010
CLIMATE RECORD PERIOD 1907 TO 2016


WEATHER ITEM   OBSERVED TIME   RECORD YEAR NORMAL DEPARTURE LAST
                VALUE   (LST)  VALUE       VALUE  FROM      YEAR
                                                  NORMAL
..................................................................
TEMPERATURE (F)
 YESTERDAY
  MAXIMUM         85    306 PM  88    1934  64     21       73
  MINIMUM         41    509 AM  24    2006  35      6       36
                                      1996
  AVERAGE         63                        49     14       55

PRECIPITATION (IN)
  YESTERDAY        0.00          1.59 2007   0.07  -0.07     0.00
  MONTH TO DATE    0.00                      0.37  -0.37     0.02
  SINCE OCT 1      8.55                      6.73   1.82     5.97
  SINCE JAN 1      6.40                      4.05   2.35     3.58

DEGREE DAYS
 HEATING
  YESTERDAY        2                        16    -14       10
  MONTH TO DATE   51                        82    -31       48
  SINCE MAR 1   1368                      1648   -280     1367
  SINCE JUL 1   6114                      7183  -1069     6597

 COOLING
  YESTERDAY        0                         0      0        0
  MONTH TO DATE    0                         0      0        0
  SINCE MAR 1      0                         0      0        0
  SINCE JAN 1      0                         0      0        0
..................................................................


WIND (MPH)
  HIGHEST WIND SPEED    10   HIGHEST WIND DIRECTION    SW (210)
  HIGHEST GUST SPEED    12   HIGHEST GUST DIRECTION    SW (210)
  AVERAGE WIND SPEED     2.7


SKY COVER
  POSSIBLE SUNSHINE  MM
  AVERAGE SKY COVER 0.0


WEATHER CONDITIONS
 THE FOLLOWING WEATHER WAS RECORDED YESTERDAY.
  NO SIGNIFICANT WEATHER WAS OBSERVED.


RELATIVE HUMIDITY (PERCENT)
 HIGHEST    77           600 AM
 LOWEST     17           400 PM
 AVERAGE    47

..........................................................


THE SHERIDAN WY CLIMATE NORMALS FOR TODAY
                         NORMAL    RECORD    YEAR
 MAXIMUM TEMPERATURE (F)   64        87      1928
 MINIMUM TEMPERATURE (F)   35        24      1909


SUNRISE AND SUNSET
MAY  6 2016...........SUNRISE   550 AM MDT   SUNSET   820 PM MDT
MAY  7 2016...........SUNRISE   549 AM MDT   SUNSET   821 PM MDT


-  INDICATES NEGATIVE NUMBERS.
R  INDICATES RECORD WAS SET OR TIED.
MM INDICATES DATA IS MISSING.
T  INDICATES TRACE AMOUNT.




$$
