000
CDUS45 KBYZ 250841
CLISHR


CLIMATE REPORT
NATIONAL WEATHER SERVICE BILLINGS MT
140 AM MST SAT NOV 25 2017


...................................

...THE SHERIDAN WY CLIMATE SUMMARY FOR NOVEMBER 24 2017...

CLIMATE NORMAL PERIOD 1981 TO 2010
CLIMATE RECORD PERIOD 1907 TO 2017


WEATHER ITEM   OBSERVED TIME   RECORD YEAR NORMAL DEPARTURE LAST
                VALUE   (LST)  VALUE       VALUE  FROM      YEAR
                                                  NORMAL
..................................................................
TEMPERATURE (F)
 YESTERDAY
  MAXIMUM         65    111 AM  72    1990  41     24       45
  MINIMUM         24   1138 PM -17    2010  16      8       20
  AVERAGE         45                        28     17       33

PRECIPITATION (IN)
  YESTERDAY        0.08          0.43 1942   0.03   0.05      T
  MONTH TO DATE    1.43                      0.59   0.84     1.25
  SINCE OCT 1      1.77                      2.00  -0.23     2.70
  SINCE JAN 1     17.55                     13.48   4.07    15.92

DEGREE DAYS
 HEATING
  YESTERDAY       20                        37    -17       32
  MONTH TO DATE  719                       744    -25      554
  SINCE SEP 1   1598                      1590      8     1239
  SINCE JUL 1   1622                      1652    -30     1282

 COOLING
  YESTERDAY        0                         0      0        0
  MONTH TO DATE    0                         0      0        0
  SINCE SEP 1     52                        29     23       30
  SINCE JAN 1    481                       419     62      549
..................................................................


WIND (MPH)
  HIGHEST WIND SPEED    45   HIGHEST WIND DIRECTION    NW (330)
  HIGHEST GUST SPEED    56   HIGHEST GUST DIRECTION    NW (330)
  AVERAGE WIND SPEED    11.1


SKY COVER
  POSSIBLE SUNSHINE  MM
  AVERAGE SKY COVER 0.2


WEATHER CONDITIONS
 THE FOLLOWING WEATHER WAS RECORDED YESTERDAY.
  LIGHT RAIN
  FOG


RELATIVE HUMIDITY (PERCENT)
 HIGHEST    86           600 AM
 LOWEST     26           200 PM
 AVERAGE    56

..........................................................


THE SHERIDAN WY CLIMATE NORMALS FOR TODAY
                         NORMAL    RECORD    YEAR
 MAXIMUM TEMPERATURE (F)   41        73      1960
 MINIMUM TEMPERATURE (F)   15        -9      1985


SUNRISE AND SUNSET
NOVEMBER 25 2017......SUNRISE   718 AM MST   SUNSET   431 PM MST
NOVEMBER 26 2017......SUNRISE   720 AM MST   SUNSET   431 PM MST


-  INDICATES NEGATIVE NUMBERS.
R  INDICATES RECORD WAS SET OR TIED.
MM INDICATES DATA IS MISSING.
T  INDICATES TRACE AMOUNT.




$$
