000
CDUS45 KBYZ 081044
CLISHR


CLIMATE REPORT
NATIONAL WEATHER SERVICE BILLINGS MT
343 AM MST THU DEC 8 2016


...................................

...THE SHERIDAN WY CLIMATE SUMMARY FOR DECEMBER 7 2016...

CLIMATE NORMAL PERIOD 1981 TO 2010
CLIMATE RECORD PERIOD 1907 TO 2016


WEATHER ITEM   OBSERVED TIME   RECORD YEAR NORMAL DEPARTURE LAST
                VALUE   (LST)  VALUE       VALUE  FROM      YEAR
                                                  NORMAL
..................................................................
TEMPERATURE (F)
 YESTERDAY
  MAXIMUM          6    242 PM  62    1970  36    -30       51
  MINIMUM         -9   1156 PM -28    2013  11    -20       30
  AVERAGE         -1                        24    -25       41

PRECIPITATION (IN)
  YESTERDAY        0.00          0.42 1938   0.02  -0.02     0.00
  MONTH TO DATE    0.12                      0.14  -0.02     0.00
  SINCE OCT 1      2.85                      2.26   0.59     1.91
  SINCE JAN 1     16.07                     13.74   2.33    15.65

DEGREE DAYS
 HEATING
  YESTERDAY       66                        41     25       24
  MONTH TO DATE  312                       284     28      225
  SINCE DEC 1    312                       284     28      225
  SINCE JUL 1   1789                      2162   -373     1777

 COOLING
  YESTERDAY        0                         0      0        0
  MONTH TO DATE    0                         0      0        0
  SINCE DEC 1      0                         0      0        0
  SINCE JAN 1    549                       419    130      479
..................................................................


WIND (MPH)
  HIGHEST WIND SPEED    18   HIGHEST WIND DIRECTION     W (280)
  HIGHEST GUST SPEED    22   HIGHEST GUST DIRECTION     W (290)
  AVERAGE WIND SPEED     7.1


SKY COVER
  POSSIBLE SUNSHINE  MM
  AVERAGE SKY COVER 0.4


WEATHER CONDITIONS
 THE FOLLOWING WEATHER WAS RECORDED YESTERDAY.
  HAZE


RELATIVE HUMIDITY (PERCENT)
 HIGHEST    87           100 AM
 LOWEST     60           100 PM
 AVERAGE    74

..........................................................


THE SHERIDAN WY CLIMATE NORMALS FOR TODAY
                         NORMAL    RECORD    YEAR
 MAXIMUM TEMPERATURE (F)   36        63      1990
 MINIMUM TEMPERATURE (F)   11       -39      1919


SUNRISE AND SUNSET
DECEMBER  8 2016......SUNRISE   733 AM MST   SUNSET   427 PM MST
DECEMBER  9 2016......SUNRISE   734 AM MST   SUNSET   427 PM MST


-  INDICATES NEGATIVE NUMBERS.
R  INDICATES RECORD WAS SET OR TIED.
MM INDICATES DATA IS MISSING.
T  INDICATES TRACE AMOUNT.




$$
