000
CDUS45 KBYZ 292229
CLISHR


CLIMATE REPORT
NATIONAL WEATHER SERVICE BILLINGS MT
422 PM MDT WED MAR 29 2017


...................................

...THE SHERIDAN WY CLIMATE SUMMARY FOR MARCH 29 2017...
VALID TODAY AS OF 0400 PM LOCAL TIME.

CLIMATE NORMAL PERIOD 1981 TO 2010
CLIMATE RECORD PERIOD 1907 TO 2017


WEATHER ITEM   OBSERVED TIME   RECORD YEAR NORMAL DEPARTURE LAST
                VALUE   (LST)  VALUE       VALUE  FROM      YEAR
                                                  NORMAL
..................................................................
TEMPERATURE (F)
 TODAY
  MAXIMUM         61    259 PM  77    1978  52      9       36
  MINIMUM         27    529 AM -10    1987  26      1       33
  AVERAGE         44                        39      5       35

PRECIPITATION (IN)
  TODAY            0.00          0.67 1977   0.04  -0.04     0.43
  MONTH TO DATE    2.38                      0.90   1.48     1.38
  SINCE OCT 1      7.81                      4.68   3.13     4.98
  SINCE JAN 1      4.08                      2.00   2.08     2.83

DEGREE DAYS
 HEATING
  TODAY           21                        26     -5       30
  MONTH TO DATE  692                       873   -181      720
  SINCE MAR 1    692                       873   -181      720
  SINCE JUL 1   6214                      6408   -194     5466

 COOLING
  TODAY            0                         0      0        0
  MONTH TO DATE    0                         0      0        0
  SINCE MAR 1      0                         0      0        0
  SINCE JAN 1      0                         0      0        0
..................................................................


WIND (MPH)
  HIGHEST WIND SPEED     8   HIGHEST WIND DIRECTION     N (20)
  HIGHEST GUST SPEED    10   HIGHEST GUST DIRECTION     E (80)
  AVERAGE WIND SPEED     3.2


SKY COVER
  POSSIBLE SUNSHINE  MM
  AVERAGE SKY COVER 0.0


WEATHER CONDITIONS
 THE FOLLOWING WEATHER WAS RECORDED TODAY.
  NO SIGNIFICANT WEATHER WAS OBSERVED.


RELATIVE HUMIDITY (PERCENT)
 HIGHEST    92           100 AM
 LOWEST     32           300 PM
 AVERAGE    62

..........................................................


THE SHERIDAN WY CLIMATE NORMALS FOR TOMORROW
                         NORMAL    RECORD    YEAR
 MAXIMUM TEMPERATURE (F)   53        78      2004
 MINIMUM TEMPERATURE (F)   26       -17      1936


SUNRISE AND SUNSET
MARCH 29 2017.........SUNRISE   654 AM MDT   SUNSET   732 PM MDT
MARCH 30 2017.........SUNRISE   652 AM MDT   SUNSET   733 PM MDT


-  INDICATES NEGATIVE NUMBERS.
R  INDICATES RECORD WAS SET OR TIED.
MM INDICATES DATA IS MISSING.
T  INDICATES TRACE AMOUNT.




$$
