000
CDUS45 KBYZ 132233
CLISHR


CLIMATE REPORT
NATIONAL WEATHER SERVICE BILLINGS MT
431 PM MDT SUN JUL 13 2014


...................................

...THE SHERIDAN WY CLIMATE SUMMARY FOR JULY 13 2014...
VALID TODAY AS OF 0400 PM LOCAL TIME.

CLIMATE NORMAL PERIOD 1981 TO 2010
CLIMATE RECORD PERIOD 1907 TO 2014


WEATHER ITEM   OBSERVED TIME   RECORD YEAR NORMAL DEPARTURE LAST
                VALUE   (LST)  VALUE       VALUE  FROM      YEAR
                                                  NORMAL
..................................................................
TEMPERATURE (F)
 TODAY
  MAXIMUM         89    319 PM 107    2005  87      2       95
  MINIMUM         53    516 AM  40    1943  53      0       53
  AVERAGE         71                        70      1       74

PRECIPITATION (IN)
  TODAY            0.00          1.15 1948   0.04  -0.04     0.00
  MONTH TO DATE    0.35                      0.52  -0.17     0.37
  SINCE OCT 1     13.12                     11.35   1.77    12.42
  SINCE JAN 1      9.36                      8.67   0.69     9.88

SNOWFALL (IN)
  TODAY           MM             0.0  2001   0.0   MM       MM
  MONTH TO DATE   MM                         0.0   MM       MM
  SINCE JUN 1     MM                         T     MM       MM
  SINCE JUL 1     MM                         0.0   MM       MM
  SNOW DEPTH      MM

DEGREE DAYS
 HEATING
  TODAY            0                         1     -1        0
  MONTH TO DATE    7                        17    -10        0
  SINCE JUN 1    189                       166     23      120
  SINCE JUL 1      7                        17    -10        0

 COOLING
  TODAY            6                         6      0        9
  MONTH TO DATE   69                        63      6      100
  SINCE JUN 1     77                       109    -32      148
  SINCE JAN 1     85                       113    -28      156
..................................................................


WIND (MPH)
  HIGHEST WIND SPEED    23   HIGHEST WIND DIRECTION     N (350)
  HIGHEST GUST SPEED    29   HIGHEST GUST DIRECTION     N (350)
  AVERAGE WIND SPEED    MM


SKY COVER
  POSSIBLE SUNSHINE  MM
  AVERAGE SKY COVER  MM


WEATHER CONDITIONS
 THE FOLLOWING WEATHER WAS RECORDED TODAY.
  NO SIGNIFICANT WEATHER WAS OBSERVED.


RELATIVE HUMIDITY (PERCENT)
 HIGHEST    MM
 LOWEST     MM
 AVERAGE    MM

..........................................................


THE SHERIDAN WY CLIMATE NORMALS FOR TOMORROW
                         NORMAL    RECORD    YEAR
 MAXIMUM TEMPERATURE (F)   87       107      2002
 MINIMUM TEMPERATURE (F)   53        41      1943


SUNRISE AND SUNSET
JULY 13 2014..........SUNRISE   535 AM MDT   SUNSET   852 PM MDT
JULY 14 2014..........SUNRISE   535 AM MDT   SUNSET   852 PM MDT


-  INDICATES NEGATIVE NUMBERS.
R  INDICATES RECORD WAS SET OR TIED.
MM INDICATES DATA IS MISSING.
T  INDICATES TRACE AMOUNT.




$$
