000
CDUS45 KBYZ 150933
CLISHR


CLIMATE REPORT
NATIONAL WEATHER SERVICE BILLINGS MT
331 AM MDT MON SEP 15 2014


...................................

...THE SHERIDAN WY CLIMATE SUMMARY FOR SEPTEMBER 14 2014...

CLIMATE NORMAL PERIOD 1981 TO 2010
CLIMATE RECORD PERIOD 1907 TO 2014


WEATHER ITEM   OBSERVED TIME   RECORD YEAR NORMAL DEPARTURE LAST
                VALUE   (LST)  VALUE       VALUE  FROM      YEAR
                                                  NORMAL
..................................................................
TEMPERATURE (F)
 YESTERDAY
  MAXIMUM         65    456 PM  99    1948  75    -10       69
  MINIMUM         32    622 AM  24    1993  42    -10       52
  AVERAGE         49                        59    -10       61

PRECIPITATION (IN)
  YESTERDAY        0.00          1.49 2013   0.05  -0.05     1.49
  MONTH TO DATE    1.52                      0.58   0.94     2.41
  SINCE OCT 1     16.35                     13.31   3.04    14.94
  SINCE JAN 1     12.59                     10.63   1.96    12.40

SNOWFALL (IN)
  YESTERDAY       MM             5.4  1982   0.1   MM       MM
  MONTH TO DATE   MM                         0.7   MM       MM
  SINCE SEP 1     MM                         0.7   MM       MM
  SINCE JUL 1     MM                         0.7   MM       MM
  SNOW DEPTH      MM

DEGREE DAYS
 HEATING
  YESTERDAY       16                         7      9        4
  MONTH TO DATE  172                        71    101        5
  SINCE SEP 1    172                        71    101        5
  SINCE JUL 1    222                       133     89        6

 COOLING
  YESTERDAY        0                         1     -1        0
  MONTH TO DATE    7                        22    -15       76
  SINCE SEP 1      7                        22    -15       76
  SINCE JAN 1    325                       412    -87      586
..................................................................


WIND (MPH)
  HIGHEST WIND SPEED    15   HIGHEST WIND DIRECTION    NW (330)
  HIGHEST GUST SPEED    18   HIGHEST GUST DIRECTION    NW (330)
  AVERAGE WIND SPEED     3.8


SKY COVER
  POSSIBLE SUNSHINE  MM
  AVERAGE SKY COVER 0.0


WEATHER CONDITIONS
 THE FOLLOWING WEATHER WAS RECORDED YESTERDAY.
  NO SIGNIFICANT WEATHER WAS OBSERVED.


RELATIVE HUMIDITY (PERCENT)
 HIGHEST    96           300 AM
 LOWEST     43           300 PM
 AVERAGE    70

..........................................................


THE SHERIDAN WY CLIMATE NORMALS FOR TODAY
                         NORMAL    RECORD    YEAR
 MAXIMUM TEMPERATURE (F)   75        97      1948
 MINIMUM TEMPERATURE (F)   42        25      1916


SUNRISE AND SUNSET
SEPTEMBER 15 2014.....SUNRISE   647 AM MDT   SUNSET   718 PM MDT
SEPTEMBER 16 2014.....SUNRISE   648 AM MDT   SUNSET   717 PM MDT


-  INDICATES NEGATIVE NUMBERS.
R  INDICATES RECORD WAS SET OR TIED.
MM INDICATES DATA IS MISSING.
T  INDICATES TRACE AMOUNT.




$$
