000
CDUS45 KBYZ 280937
CLISHR


CLIMATE REPORT
NATIONAL WEATHER SERVICE BILLINGS MT
336 AM MDT SAT MAY 28 2016


...................................

...THE SHERIDAN WY CLIMATE SUMMARY FOR MAY 27 2016...

CLIMATE NORMAL PERIOD 1981 TO 2010
CLIMATE RECORD PERIOD 1907 TO 2016


WEATHER ITEM   OBSERVED TIME   RECORD YEAR NORMAL DEPARTURE LAST
                VALUE   (LST)  VALUE       VALUE  FROM      YEAR
                                                  NORMAL
..................................................................
TEMPERATURE (F)
 YESTERDAY
  MAXIMUM         69    346 PM  93    1934  70     -1       70
  MINIMUM         38    433 AM  29    1965  41     -3       46
  AVERAGE         54                        56     -2       58

PRECIPITATION (IN)
  YESTERDAY        0.00          0.92 1956   0.07  -0.07      T
  MONTH TO DATE    0.97                      2.04  -1.07     4.35
  SINCE OCT 1      9.52                      8.40   1.12    10.30
  SINCE JAN 1      7.37                      5.72   1.65     7.91

DEGREE DAYS
 HEATING
  YESTERDAY       11                        10      1        7
  MONTH TO DATE  336                       357    -21      415
  SINCE MAR 1   1653                      1923   -270     1734
  SINCE JUL 1   6399                      7458  -1059     6964

 COOLING
  YESTERDAY        0                         0      0        0
  MONTH TO DATE    2                         0      2        0
  SINCE MAR 1      2                         0      2        0
  SINCE JAN 1      2                         0      2        0
..................................................................


WIND (MPH)
  HIGHEST WIND SPEED    28   HIGHEST WIND DIRECTION    NW (310)
  HIGHEST GUST SPEED    33   HIGHEST GUST DIRECTION    NW (310)
  AVERAGE WIND SPEED     5.1


SKY COVER
  POSSIBLE SUNSHINE  MM
  AVERAGE SKY COVER 0.4


WEATHER CONDITIONS
 THE FOLLOWING WEATHER WAS RECORDED YESTERDAY.
  NO SIGNIFICANT WEATHER WAS OBSERVED.


RELATIVE HUMIDITY (PERCENT)
 HIGHEST    86           500 AM
 LOWEST     42           100 PM
 AVERAGE    64

..........................................................


THE SHERIDAN WY CLIMATE NORMALS FOR TODAY
                         NORMAL    RECORD    YEAR
 MAXIMUM TEMPERATURE (F)   70        93      2014
                                             1934
 MINIMUM TEMPERATURE (F)   42        28      1947


SUNRISE AND SUNSET
MAY 28 2016...........SUNRISE   527 AM MDT   SUNSET   844 PM MDT
MAY 29 2016...........SUNRISE   527 AM MDT   SUNSET   845 PM MDT


-  INDICATES NEGATIVE NUMBERS.
R  INDICATES RECORD WAS SET OR TIED.
MM INDICATES DATA IS MISSING.
T  INDICATES TRACE AMOUNT.




$$
