000
CDUS45 KBYZ 272323
CLISHR


CLIMATE REPORT
NATIONAL WEATHER SERVICE BILLINGS MT
422 PM MST SAT DEC 27 2014


...................................

...THE SHERIDAN WY CLIMATE SUMMARY FOR DECEMBER 27 2014...
VALID TODAY AS OF 0400 PM LOCAL TIME.

CLIMATE NORMAL PERIOD 1981 TO 2010
CLIMATE RECORD PERIOD 1907 TO 2014


WEATHER ITEM   OBSERVED TIME   RECORD YEAR NORMAL DEPARTURE LAST
                VALUE   (LST)  VALUE       VALUE  FROM      YEAR
                                                  NORMAL
..................................................................
TEMPERATURE (F)
 TODAY
  MAXIMUM         23    323 PM  66    1980  35    -12       54
  MINIMUM         -5    807 AM -16    1916  10    -15       25
  AVERAGE          9                        22    -13       40

PRECIPITATION (IN)
  TODAY            0.00          0.50        0.01  -0.01     0.00
  MONTH TO DATE    0.67                      0.49   0.18     0.90
  SINCE OCT 1      2.32                      2.61  -0.29     3.54
  SINCE JAN 1     15.02                     14.09   0.93    17.79

DEGREE DAYS
 HEATING
  TODAY           56                        43     13       25
  MONTH TO DATE  986                      1138   -152     1268
  SINCE DEC 1    986                      1138   -152     1268
  SINCE JUL 1   2812                      3016   -204     3073

 COOLING
  TODAY            0                         0      0        0
  MONTH TO DATE    0                         0      0        0
  SINCE DEC 1      0                         0      0        0
  SINCE JAN 1    346                       419    -73      592
..................................................................


WIND (MPH)
  HIGHEST WIND SPEED     9   HIGHEST WIND DIRECTION     S (190)
  HIGHEST GUST SPEED    10   HIGHEST GUST DIRECTION     S (180)
  AVERAGE WIND SPEED     3.1


SKY COVER
  POSSIBLE SUNSHINE  MM
  AVERAGE SKY COVER 0.1


WEATHER CONDITIONS
 THE FOLLOWING WEATHER WAS RECORDED TODAY.
  NO SIGNIFICANT WEATHER WAS OBSERVED.


RELATIVE HUMIDITY (PERCENT)
 HIGHEST    91           100 AM
 LOWEST     61           100 PM
 AVERAGE    76

..........................................................


THE SHERIDAN WY CLIMATE NORMALS FOR TOMORROW
                         NORMAL    RECORD    YEAR
 MAXIMUM TEMPERATURE (F)   35        60      1965
 MINIMUM TEMPERATURE (F)   10       -22      1990


SUNRISE AND SUNSET
DECEMBER 27 2014......SUNRISE   744 AM MST   SUNSET   434 PM MST
DECEMBER 28 2014......SUNRISE   745 AM MST   SUNSET   434 PM MST


-  INDICATES NEGATIVE NUMBERS.
R  INDICATES RECORD WAS SET OR TIED.
MM INDICATES DATA IS MISSING.
T  INDICATES TRACE AMOUNT.




$$
