000
CDUS44 KSHV 210736
CLISHV


CLIMATE REPORT
NATIONAL WEATHER SERVICE SHREVEPORT, LA
236 AM CDT MON APR 21 2014


...................................

...THE SHREVEPORT CLIMATE SUMMARY FOR APRIL 20 2014...

CLIMATE NORMAL PERIOD 1981 TO 2010
CLIMATE RECORD PERIOD 1874 TO 2014


WEATHER ITEM   OBSERVED TIME   RECORD YEAR NORMAL DEPARTURE LAST
                VALUE   (LST)  VALUE       VALUE  FROM      YEAR
                                                  NORMAL
..................................................................
TEMPERATURE (F)
 YESTERDAY
  MAXIMUM         83    340 PM  94    1987  78      5       71
  MINIMUM         55    615 AM  38    2013  55      0       38
  AVERAGE         69                        66      3       55

PRECIPITATION (IN)
  YESTERDAY        0.00          2.98 1892   0.14  -0.14     0.00
  MONTH TO DATE    3.89                      2.76   1.13     3.18
  SINCE DEC 1     16.33                     20.62  -4.29    19.86
  SINCE JAN 1     11.35                     15.85  -4.50    14.20

SNOWFALL (IN)
  YESTERDAY        0.0
  MONTH TO DATE    0.0
  SINCE MAR 1      T
  SINCE JUL 1      1.0
  SNOW DEPTH       0

DEGREE DAYS
 HEATING
  YESTERDAY        0                         2     -2       10
  MONTH TO DATE  102                        72     30      102
  SINCE MAR 1    424                       323    101      408
  SINCE JUL 1   2535                      2205    330     2022

 COOLING
  YESTERDAY        4                         3      1        0
  MONTH TO DATE   47                        51     -4       64
  SINCE MAR 1     60                        82    -22       81
  SINCE JAN 1     66                        92    -26       89
..................................................................


WIND (MPH)
  HIGHEST WIND SPEED    13   HIGHEST WIND DIRECTION     S (170)
  HIGHEST GUST SPEED    16   HIGHEST GUST DIRECTION     S (170)
  AVERAGE WIND SPEED     2.7


SKY COVER
  POSSIBLE SUNSHINE  MM
  AVERAGE SKY COVER 0.8


WEATHER CONDITIONS
 THE FOLLOWING WEATHER WAS RECORDED YESTERDAY.
  FOG


RELATIVE HUMIDITY (PERCENT)
 HIGHEST    93           400 AM
 LOWEST     39           400 PM
 AVERAGE    66

..........................................................


THE SHREVEPORT CLIMATE NORMALS FOR TODAY
                         NORMAL    RECORD    YEAR
 MAXIMUM TEMPERATURE (F)   78        91      1925
 MINIMUM TEMPERATURE (F)   55        40      1918


SUNRISE AND SUNSET
APRIL 21 2014.........SUNRISE   639 AM CDT   SUNSET   749 PM CDT
APRIL 22 2014.........SUNRISE   638 AM CDT   SUNSET   750 PM CDT


-  INDICATES NEGATIVE NUMBERS.
R  INDICATES RECORD WAS SET OR TIED.
MM INDICATES DATA IS MISSING.
T  INDICATES TRACE AMOUNT.




$$
