000
CDUS44 KSHV 250737
CLISHV


CLIMATE REPORT
NATIONAL WEATHER SERVICE SHREVEPORT, LA
234 AM CDT SAT OCT 25 2014


...................................

...THE SHREVEPORT CLIMATE SUMMARY FOR OCTOBER 24 2014...

CLIMATE NORMAL PERIOD 1981 TO 2010
CLIMATE RECORD PERIOD 1874 TO 2014


WEATHER ITEM   OBSERVED TIME   RECORD YEAR NORMAL DEPARTURE LAST
                VALUE   (LST)  VALUE       VALUE  FROM      YEAR
                                                  NORMAL
..................................................................
TEMPERATURE (F)
 YESTERDAY
  MAXIMUM         78    430 PM  89    1893  76      2       80
  MINIMUM         49    624 AM  35    1917  52     -3       52
  AVERAGE         64                        64      0       66

PRECIPITATION (IN)
  YESTERDAY        0.00          3.09 1905   0.17  -0.17     0.00
  MONTH TO DATE    5.71                      3.79   1.92     3.90
  SINCE DEC 1     37.89                     45.71  -7.82    45.83
  SINCE JAN 1     32.91                     40.94  -8.03    40.17

SNOWFALL (IN)
  YESTERDAY        0.0
  MONTH TO DATE    T
  SINCE SEP 1      T
  SINCE JUL 1      T
  SNOW DEPTH       0

DEGREE DAYS
 HEATING
  YESTERDAY        1                         4     -3        0
  MONTH TO DATE   10                        49    -39       27
  SINCE SEP 1     10                        55    -45       27
  SINCE JUL 1     10                        55    -45       27

 COOLING
  YESTERDAY        0                         3     -3        1
  MONTH TO DATE  130                       110     20      118
  SINCE SEP 1    570                       473     97      634
  SINCE JAN 1   2462                      2435     27     2679
..................................................................


WIND (MPH)
  HIGHEST WIND SPEED     8   HIGHEST WIND DIRECTION     N (360)
  HIGHEST GUST SPEED    10   HIGHEST GUST DIRECTION     N (350)
  AVERAGE WIND SPEED     0.9


SKY COVER
  POSSIBLE SUNSHINE  MM
  AVERAGE SKY COVER 0.3


WEATHER CONDITIONS
 THE FOLLOWING WEATHER WAS RECORDED YESTERDAY.
  NO SIGNIFICANT WEATHER WAS OBSERVED.


RELATIVE HUMIDITY (PERCENT)
 HIGHEST   100           600 AM
 LOWEST     42           300 PM
 AVERAGE    71

..........................................................


THE SHREVEPORT CLIMATE NORMALS FOR TODAY
                         NORMAL    RECORD    YEAR
 MAXIMUM TEMPERATURE (F)   75        90      1931
 MINIMUM TEMPERATURE (F)   52        33      1980


SUNRISE AND SUNSET
OCTOBER 25 2014.......SUNRISE   727 AM CDT   SUNSET   631 PM CDT
OCTOBER 26 2014.......SUNRISE   728 AM CDT   SUNSET   630 PM CDT


-  INDICATES NEGATIVE NUMBERS.
R  INDICATES RECORD WAS SET OR TIED.
MM INDICATES DATA IS MISSING.
T  INDICATES TRACE AMOUNT.




$$
