000
CDUS44 KSHV 300735
CLISHV


CLIMATE REPORT
NATIONAL WEATHER SERVICE SHREVEPORT, LA
232 AM CDT THU OCT 30 2014


...................................

...THE SHREVEPORT CLIMATE SUMMARY FOR OCTOBER 29 2014...

CLIMATE NORMAL PERIOD 1981 TO 2010
CLIMATE RECORD PERIOD 1874 TO 2014


WEATHER ITEM   OBSERVED TIME   RECORD YEAR NORMAL DEPARTURE LAST
                VALUE   (LST)  VALUE       VALUE  FROM      YEAR
                                                  NORMAL
..................................................................
TEMPERATURE (F)
 YESTERDAY
  MAXIMUM         76    235 PM  90    1937  74      2       81
  MINIMUM         50   1159 PM  31    1952  51     -1       62
  AVERAGE         63                        62      1       72

PRECIPITATION (IN)
  YESTERDAY        0.13          5.88 2009   0.17  -0.04     0.00
  MONTH TO DATE    5.84                      4.63   1.21     3.94
  SINCE DEC 1     38.02                     46.55  -8.53    45.87
  SINCE JAN 1     33.04                     41.78  -8.74    40.21

SNOWFALL (IN)
  YESTERDAY        0.0
  MONTH TO DATE    T
  SINCE SEP 1      T
  SINCE JUL 1      T
  SNOW DEPTH       0

DEGREE DAYS
 HEATING
  YESTERDAY        2                         5     -3        0
  MONTH TO DATE   12                        71    -59       38
  SINCE SEP 1     12                        77    -65       38
  SINCE JUL 1     12                        77    -65       38

 COOLING
  YESTERDAY        0                         2     -2        7
  MONTH TO DATE  153                       121     32      128
  SINCE SEP 1    593                       484    109      644
  SINCE JAN 1   2485                      2446     39     2689
..................................................................


WIND (MPH)
  HIGHEST WIND SPEED    16   HIGHEST WIND DIRECTION    NE (40)
  HIGHEST GUST SPEED    22   HIGHEST GUST DIRECTION    NE (60)
  AVERAGE WIND SPEED     7.5


SKY COVER
  POSSIBLE SUNSHINE  MM
  AVERAGE SKY COVER 0.4


WEATHER CONDITIONS
 THE FOLLOWING WEATHER WAS RECORDED YESTERDAY.
  HEAVY RAIN
  LIGHT RAIN
  FOG


RELATIVE HUMIDITY (PERCENT)
 HIGHEST    93           200 AM
 LOWEST     33           300 PM
 AVERAGE    63

..........................................................


THE SHREVEPORT CLIMATE NORMALS FOR TODAY
                         NORMAL    RECORD    YEAR
 MAXIMUM TEMPERATURE (F)   74        90      1937
 MINIMUM TEMPERATURE (F)   50        29      1917


SUNRISE AND SUNSET
OCTOBER 30 2014.......SUNRISE   731 AM CDT   SUNSET   627 PM CDT
OCTOBER 31 2014.......SUNRISE   732 AM CDT   SUNSET   626 PM CDT


-  INDICATES NEGATIVE NUMBERS.
R  INDICATES RECORD WAS SET OR TIED.
MM INDICATES DATA IS MISSING.
T  INDICATES TRACE AMOUNT.




$$
