000
CDUS44 KSHV 190836
CLISHV


CLIMATE REPORT
NATIONAL WEATHER SERVICE SHREVEPORT, LA
236 AM CST SUN FEB 19 2017


...................................

...THE SHREVEPORT CLIMATE SUMMARY FOR FEBRUARY 18 2017...

CLIMATE NORMAL PERIOD 1981 TO 2010
CLIMATE RECORD PERIOD 1874 TO 2017


WEATHER ITEM   OBSERVED TIME   RECORD YEAR NORMAL DEPARTURE LAST
                VALUE   (LST)  VALUE       VALUE  FROM      YEAR
                                                  NORMAL
..................................................................
TEMPERATURE (F)
 YESTERDAY
  MAXIMUM         76    355 PM  87    1986  62     14       79
  MINIMUM         56    507 AM  12    1910  40     16       45
  AVERAGE         66                        51     15       62

PRECIPITATION (IN)
  YESTERDAY        0.00          2.43 1988   0.18  -0.18     0.00
  MONTH TO DATE    0.93                      3.09  -2.16     1.16
  SINCE DEC 1      6.63                     12.06  -5.43     6.92
  SINCE JAN 1      3.49                      7.29  -3.80     4.03

SNOWFALL (IN)
  YESTERDAY        0.0
  MONTH TO DATE    0.0
  SINCE DEC 1      0.0
  SINCE JUL 1      0.0
  SNOW DEPTH       0

DEGREE DAYS
 HEATING
  YESTERDAY        0                        14    -14        3
  MONTH TO DATE  132                       283   -151      209
  SINCE DEC 1    850                      1384   -534     1036
  SINCE JUL 1   1004                      1755   -751     1213

 COOLING
  YESTERDAY        1                         0      1        0
  MONTH TO DATE   27                         0     27        3
  SINCE DEC 1     74                        11     63       45
  SINCE JAN 1     49                         4     45        9
..................................................................


WIND (MPH)
  HIGHEST WIND SPEED    12   HIGHEST WIND DIRECTION     E (100)
  HIGHEST GUST SPEED    15   HIGHEST GUST DIRECTION     S (190)
  AVERAGE WIND SPEED     6.7


SKY COVER
  POSSIBLE SUNSHINE  MM
  AVERAGE SKY COVER 0.7


WEATHER CONDITIONS
 THE FOLLOWING WEATHER WAS RECORDED YESTERDAY.
  FOG


RELATIVE HUMIDITY (PERCENT)
 HIGHEST    93           200 AM
 LOWEST     58           400 PM
 AVERAGE    76

..........................................................


THE SHREVEPORT CLIMATE NORMALS FOR TODAY
                         NORMAL    RECORD    YEAR
 MAXIMUM TEMPERATURE (F)   62        84      1986
 MINIMUM TEMPERATURE (F)   41        15      1978


SUNRISE AND SUNSET
FEBRUARY 19 2017......SUNRISE   654 AM CST   SUNSET   605 PM CST
FEBRUARY 20 2017......SUNRISE   653 AM CST   SUNSET   606 PM CST


-  INDICATES NEGATIVE NUMBERS.
R  INDICATES RECORD WAS SET OR TIED.
MM INDICATES DATA IS MISSING.
T  INDICATES TRACE AMOUNT.




$$

19
