598
CDUS44 KSHV 030837
CLISHV


CLIMATE REPORT
NATIONAL WEATHER SERVICE SHREVEPORT, LA
236 AM CST SAT DEC 3 2016


...................................

...THE SHREVEPORT CLIMATE SUMMARY FOR DECEMBER 2 2016...

CLIMATE NORMAL PERIOD 1981 TO 2010
CLIMATE RECORD PERIOD 1874 TO 2016


WEATHER ITEM   OBSERVED TIME   RECORD YEAR NORMAL DEPARTURE LAST
                VALUE   (LST)  VALUE       VALUE  FROM      YEAR
                                                  NORMAL
..................................................................
TEMPERATURE (F)
 YESTERDAY
  MAXIMUM         65    315 PM  80    2012  62      3       61
  MINIMUM         36    450 AM  25    1960  40     -4       40
                                      1929
                                      1896
  AVERAGE         51                        51      0       51

PRECIPITATION (IN)
  YESTERDAY        0.02          2.50 1953   0.16  -0.14     0.00
  MONTH TO DATE    0.02                      0.32  -0.30     0.00
  SINCE DEC 1      0.02                      0.32  -0.30     0.00
  SINCE JAN 1     55.89                     46.96   8.93    62.37

SNOWFALL (IN)
  YESTERDAY        0.0
  MONTH TO DATE    0.0
  SINCE DEC 1      0.0
  SINCE JUL 1      0.0
  SNOW DEPTH       0

DEGREE DAYS
 HEATING
  YESTERDAY       14                        14      0       14
  MONTH TO DATE   30                        28      2       29
  SINCE DEC 1     30                        28      2       29
  SINCE JUL 1    184                       399   -215      206

 COOLING
  YESTERDAY        0                         0      0        0
  MONTH TO DATE    0                         0      0        0
  SINCE DEC 1      0                         0      0        0
  SINCE JAN 1   3009                      2474    535     2996
..................................................................


WIND (MPH)
  HIGHEST WIND SPEED    13   HIGHEST WIND DIRECTION     E (100)
  HIGHEST GUST SPEED    17   HIGHEST GUST DIRECTION    SE (130)
  AVERAGE WIND SPEED     5.1


SKY COVER
  POSSIBLE SUNSHINE  MM
  AVERAGE SKY COVER 0.6


WEATHER CONDITIONS
 THE FOLLOWING WEATHER WAS RECORDED YESTERDAY.
  LIGHT RAIN


RELATIVE HUMIDITY (PERCENT)
 HIGHEST    92           400 AM
 LOWEST     31           200 PM
 AVERAGE    62

..........................................................


THE SHREVEPORT CLIMATE NORMALS FOR TODAY
                         NORMAL    RECORD    YEAR
 MAXIMUM TEMPERATURE (F)   61        84      2005
 MINIMUM TEMPERATURE (F)   40        21      1929


SUNRISE AND SUNSET
DECEMBER  3 2016......SUNRISE   701 AM CST   SUNSET   509 PM CST
DECEMBER  4 2016......SUNRISE   702 AM CST   SUNSET   509 PM CST


-  INDICATES NEGATIVE NUMBERS.
R  INDICATES RECORD WAS SET OR TIED.
MM INDICATES DATA IS MISSING.
T  INDICATES TRACE AMOUNT.




$$

19
