000
CDUS44 KSHV 010746
CLISHV


CLIMATE REPORT
NATIONAL WEATHER SERVICE SHREVEPORT, LA
241 AM CDT WED OCT 1 2014


...................................

...THE SHREVEPORT CLIMATE SUMMARY FOR SEPTEMBER 30 2014...

CLIMATE NORMAL PERIOD 1981 TO 2010
CLIMATE RECORD PERIOD 1874 TO 2014


WEATHER ITEM   OBSERVED TIME   RECORD YEAR NORMAL DEPARTURE LAST
                VALUE   (LST)  VALUE       VALUE  FROM      YEAR
                                                  NORMAL
..................................................................
TEMPERATURE (F)
 YESTERDAY
  MAXIMUM         92    152 PM  99    1953  83      9       85
  MINIMUM         67    630 AM  42    1984  60      7       72
  AVERAGE         80                        72      8       79

PRECIPITATION (IN)
  YESTERDAY        0.00          1.66 2012   0.13  -0.13     0.01
  MONTH TO DATE    1.21                      3.16  -1.95     9.31
  SINCE DEC 1     32.18                     41.92  -9.74    41.93
  SINCE JAN 1     27.20                     37.15  -9.95    36.27

SNOWFALL (IN)
  YESTERDAY        0.0
  MONTH TO DATE    0.0
  SINCE SEP 1      0.0
  SINCE JUL 1      0.0
  SNOW DEPTH       0

DEGREE DAYS
 HEATING
  YESTERDAY        0                         1     -1        0
  MONTH TO DATE    0                         4     -4        0
  SINCE SEP 1      0                         6     -6        0
  SINCE JUL 1      0                         6     -6        0

 COOLING
  YESTERDAY       15                         7      8       14
  MONTH TO DATE  440                       363     77      516
  SINCE SEP 1    440                       363     77      516
  SINCE JAN 1   2332                      2325      7     2561
..................................................................


WIND (MPH)
  HIGHEST WIND SPEED    14   HIGHEST WIND DIRECTION    SE (150)
  HIGHEST GUST SPEED    19   HIGHEST GUST DIRECTION    SE (130)
  AVERAGE WIND SPEED     4.9


SKY COVER
  POSSIBLE SUNSHINE  MM
  AVERAGE SKY COVER 0.6


WEATHER CONDITIONS
 THE FOLLOWING WEATHER WAS RECORDED YESTERDAY.
  HAZE


RELATIVE HUMIDITY (PERCENT)
 HIGHEST    87           600 AM
 LOWEST     41           300 PM
 AVERAGE    64

..........................................................


THE SHREVEPORT CLIMATE NORMALS FOR TODAY
                         NORMAL    RECORD    YEAR
 MAXIMUM TEMPERATURE (F)   83        99      1938
 MINIMUM TEMPERATURE (F)   60        40      1984


SUNRISE AND SUNSET
OCTOBER  1 2014.......SUNRISE   709 AM CDT   SUNSET   700 PM CDT
OCTOBER  2 2014.......SUNRISE   710 AM CDT   SUNSET   659 PM CDT


-  INDICATES NEGATIVE NUMBERS.
R  INDICATES RECORD WAS SET OR TIED.
MM INDICATES DATA IS MISSING.
T  INDICATES TRACE AMOUNT.




$$
