000
CDUS44 KSHV 250742
CLISHV


CLIMATE REPORT
NATIONAL WEATHER SERVICE SHREVEPORT, LA
241 AM CDT FRI JUL 25 2014


...................................

...THE SHREVEPORT CLIMATE SUMMARY FOR JULY 24 2014...

CLIMATE NORMAL PERIOD 1981 TO 2010
CLIMATE RECORD PERIOD 1874 TO 2014


WEATHER ITEM   OBSERVED TIME   RECORD YEAR NORMAL DEPARTURE LAST
                VALUE   (LST)  VALUE       VALUE  FROM      YEAR
                                                  NORMAL
..................................................................
TEMPERATURE (F)
 YESTERDAY
  MAXIMUM         87    527 PM 106    1954  94     -7       91
  MINIMUM         70    636 AM  63    1947  73     -3       74
  AVERAGE         79                        83     -4       83

PRECIPITATION (IN)
  YESTERDAY        0.00         12.05 1933   0.11  -0.11     0.00
  MONTH TO DATE    3.10                      2.89   0.21     0.82
  SINCE DEC 1     29.25                     35.27  -6.02    31.08
  SINCE JAN 1     24.27                     30.50  -6.23    25.42

SNOWFALL (IN)
  YESTERDAY        0.0
  MONTH TO DATE    0.0
  SINCE JUN 1      0.0
  SINCE JUL 1      0.0
  SNOW DEPTH       0

DEGREE DAYS
 HEATING
  YESTERDAY        0                         0      0        0
  MONTH TO DATE    0                         0      0        0
  SINCE JUN 1      0                         0      0        0
  SINCE JUL 1      0                         0      0        0

 COOLING
  YESTERDAY       14                        18     -4       18
  MONTH TO DATE  367                       427    -60      409
  SINCE JUN 1    836                       871    -35      907
  SINCE JAN 1   1206                      1269    -63     1294
..................................................................


WIND (MPH)
  HIGHEST WIND SPEED     9   HIGHEST WIND DIRECTION     N (350)
  HIGHEST GUST SPEED    15   HIGHEST GUST DIRECTION    NW (310)
  AVERAGE WIND SPEED     3.9


SKY COVER
  POSSIBLE SUNSHINE  MM
  AVERAGE SKY COVER 0.7


WEATHER CONDITIONS
 THE FOLLOWING WEATHER WAS RECORDED YESTERDAY.
  FOG


RELATIVE HUMIDITY (PERCENT)
 HIGHEST   100           500 AM
 LOWEST     61           300 PM
 AVERAGE    81

..........................................................


THE SHREVEPORT CLIMATE NORMALS FOR TODAY
                         NORMAL    RECORD    YEAR
 MAXIMUM TEMPERATURE (F)   94       103      1954
 MINIMUM TEMPERATURE (F)   73        63      1911


SUNRISE AND SUNSET
JULY 25 2014..........SUNRISE   625 AM CDT   SUNSET   818 PM CDT
JULY 26 2014..........SUNRISE   626 AM CDT   SUNSET   817 PM CDT


-  INDICATES NEGATIVE NUMBERS.
R  INDICATES RECORD WAS SET OR TIED.
MM INDICATES DATA IS MISSING.
T  INDICATES TRACE AMOUNT.




$$

19
