000
CDUS44 KSHV 162251
CLISHV


CLIMATE REPORT
NATIONAL WEATHER SERVICE SHREVEPORT, LA
451 PM CST MON JAN 16 2017


...................................

...THE SHREVEPORT CLIMATE SUMMARY FOR JANUARY 16 2017...
VALID TODAY AS OF 0400 PM LOCAL TIME.

CLIMATE NORMAL PERIOD 1981 TO 2010
CLIMATE RECORD PERIOD 1874 TO 2017


WEATHER ITEM   OBSERVED TIME   RECORD YEAR NORMAL DEPARTURE LAST
                VALUE   (LST)  VALUE       VALUE  FROM      YEAR
                                                  NORMAL
..................................................................
TEMPERATURE (F)
 TODAY
  MAXIMUM         74   1256 PM  81    1943  57     17       50
  MINIMUM         63    717 AM  17    1992  36     27       39
                                      1972
  AVERAGE         69                        47     22       45

PRECIPITATION (IN)
  TODAY            0.06          2.33 2011   0.13  -0.07     0.03
  MONTH TO DATE    0.54                      2.04  -1.50     1.53
  SINCE DEC 1      3.68                      6.81  -3.13     4.42
  SINCE JAN 1      0.54                      2.04  -1.50     1.53

SNOWFALL (IN)
  TODAY            0.0
  MONTH TO DATE    0.0
  SINCE DEC 1      0.0
  SINCE JUL 1      0.0
  SNOW DEPTH       0

DEGREE DAYS
 HEATING
  TODAY            0                        19    -19       20
  MONTH TO DATE  186                       304   -118      290
  SINCE DEC 1    586                       835   -249      590
  SINCE JUL 1    740                      1206   -466      767

 COOLING
  TODAY            4                         0      4        0
  MONTH TO DATE   22                         0     22        0
  SINCE DEC 1     47                         7     40       36
  SINCE JAN 1     22                         0     22        0
..................................................................


WIND (MPH)
  HIGHEST WIND SPEED    22   HIGHEST WIND DIRECTION     S (200)
  HIGHEST GUST SPEED    30   HIGHEST GUST DIRECTION     S (190)
  AVERAGE WIND SPEED    11.7


SKY COVER
  POSSIBLE SUNSHINE  MM
  AVERAGE SKY COVER 0.9


WEATHER CONDITIONS
 THE FOLLOWING WEATHER WAS RECORDED TODAY.
  LIGHT RAIN
  FOG


RELATIVE HUMIDITY (PERCENT)
 HIGHEST   100           900 AM
 LOWEST     73           100 PM
 AVERAGE    87

..........................................................


THE SHREVEPORT CLIMATE NORMALS FOR TOMORROW
                         NORMAL    RECORD    YEAR
 MAXIMUM TEMPERATURE (F)   57        79      1999
                                             1907
 MINIMUM TEMPERATURE (F)   36        11      1930


SUNRISE AND SUNSET
JANUARY 16 2017.......SUNRISE   717 AM CST   SUNSET   534 PM CST
JANUARY 17 2017.......SUNRISE   717 AM CST   SUNSET   535 PM CST


-  INDICATES NEGATIVE NUMBERS.
R  INDICATES RECORD WAS SET OR TIED.
MM INDICATES DATA IS MISSING.
T  INDICATES TRACE AMOUNT.




$$
