000
CDUS44 KSHV 310745
CLISHV


CLIMATE REPORT
NATIONAL WEATHER SERVICE SHREVEPORT, LA
243 AM CDT SUN JUL 31 2016


...................................

...THE SHREVEPORT CLIMATE SUMMARY FOR JULY 30 2016...

CLIMATE NORMAL PERIOD 1981 TO 2010
CLIMATE RECORD PERIOD 1874 TO 2016


WEATHER ITEM   OBSERVED TIME   RECORD YEAR NORMAL DEPARTURE LAST
                VALUE   (LST)  VALUE       VALUE  FROM      YEAR
                                                  NORMAL
..................................................................
TEMPERATURE (F)
 YESTERDAY
  MAXIMUM         96    132 PM 105    1998  94      2      104
  MINIMUM         76    559 AM  66    1923  73      3       78
                                      1881
                                      1874
  AVERAGE         86                        84      2       91

PRECIPITATION (IN)
  YESTERDAY        0.68          1.74 1952   0.10   0.58      T
  MONTH TO DATE    3.89                      3.54   0.35     0.59
  SINCE DEC 1     45.45                     35.92   9.53    46.49
  SINCE JAN 1     42.56                     31.15  11.41    42.74

SNOWFALL (IN)
  YESTERDAY        0.0
  MONTH TO DATE    0.0
  SINCE JUN 1      0.0
  SINCE JUL 1      0.0
  SNOW DEPTH       0

DEGREE DAYS
 HEATING
  YESTERDAY        0                         0      0        0
  MONTH TO DATE    0                         0      0        0
  SINCE JUN 1      0                         0      0        0
  SINCE JUL 1      0                         0      0        0

 COOLING
  YESTERDAY       21                        19      2       26
  MONTH TO DATE  630                       539     91      640
  SINCE JUN 1   1157                       983    174     1157
  SINCE JAN 1   1617                      1381    236     1629
..................................................................


WIND (MPH)
  HIGHEST WIND SPEED    26   HIGHEST WIND DIRECTION    SE (150)
  HIGHEST GUST SPEED    36   HIGHEST GUST DIRECTION    SE (150)
  AVERAGE WIND SPEED     5.8


SKY COVER
  POSSIBLE SUNSHINE  MM
  AVERAGE SKY COVER 0.4


WEATHER CONDITIONS
 THE FOLLOWING WEATHER WAS RECORDED YESTERDAY.
  THUNDERSTORM
  HEAVY RAIN
  RAIN
  LIGHT RAIN
  FOG


RELATIVE HUMIDITY (PERCENT)
 HIGHEST   100           300 AM
 LOWEST     53           100 PM
 AVERAGE    77

..........................................................


THE SHREVEPORT CLIMATE NORMALS FOR TODAY
                         NORMAL    RECORD    YEAR
 MAXIMUM TEMPERATURE (F)   94       107      1998
 MINIMUM TEMPERATURE (F)   73        63      1971


SUNRISE AND SUNSET
JULY 31 2016..........SUNRISE   629 AM CDT   SUNSET   813 PM CDT
AUGUST  1 2016........SUNRISE   630 AM CDT   SUNSET   813 PM CDT


-  INDICATES NEGATIVE NUMBERS.
R  INDICATES RECORD WAS SET OR TIED.
MM INDICATES DATA IS MISSING.
T  INDICATES TRACE AMOUNT.




$$
