000
CDUS44 KSHV 270750
CLISHV


CLIMATE REPORT
NATIONAL WEATHER SERVICE SHREVEPORT, LA
250 AM CDT THU APR 27 2017


...................................

...THE SHREVEPORT CLIMATE SUMMARY FOR APRIL 26 2017...

CLIMATE NORMAL PERIOD 1981 TO 2010
CLIMATE RECORD PERIOD 1874 TO 2017


WEATHER ITEM   OBSERVED TIME   RECORD YEAR NORMAL DEPARTURE LAST
                VALUE   (LST)  VALUE       VALUE  FROM      YEAR
                                                  NORMAL
..................................................................
TEMPERATURE (F)
 YESTERDAY
  MAXIMUM         82    146 PM  92    1882  79      3       87
  MINIMUM         54   1159 PM  41    1910  57     -3       72
  AVERAGE         68                        68      0       80

PRECIPITATION (IN)
  YESTERDAY        0.45          2.80 1915   0.15   0.30     0.00
  MONTH TO DATE    4.03                      3.63   0.40     9.20
  SINCE DEC 1     12.76                     21.49  -8.73    29.94
  SINCE JAN 1      9.62                     16.72  -7.10    27.05

SNOWFALL (IN)
  YESTERDAY        0.0
  MONTH TO DATE    0.0
  SINCE MAR 1      0.0
  SINCE JUL 1      0.0
  SNOW DEPTH       0

DEGREE DAYS
 HEATING
  YESTERDAY        0                         1     -1        0
  MONTH TO DATE   25                        82    -57       33
  SINCE MAR 1    159                       333   -174      146
  SINCE JUL 1   1190                      2215  -1025     1449

 COOLING
  YESTERDAY        3                         4     -1       15
  MONTH TO DATE  129                        75     54       90
  SINCE MAR 1    230                       106    124      144
  SINCE JAN 1    300                       116    184      162
..................................................................


WIND (MPH)
  HIGHEST WIND SPEED    29   HIGHEST WIND DIRECTION     W (290)
  HIGHEST GUST SPEED    36   HIGHEST GUST DIRECTION     W (290)
  AVERAGE WIND SPEED    13.3


SKY COVER
  POSSIBLE SUNSHINE  MM
  AVERAGE SKY COVER 1.0


WEATHER CONDITIONS
 THE FOLLOWING WEATHER WAS RECORDED YESTERDAY.
  THUNDERSTORM
  HEAVY RAIN
  RAIN
  LIGHT RAIN
  FOG


RELATIVE HUMIDITY (PERCENT)
 HIGHEST    93           600 AM
 LOWEST     69          1200 PM
 AVERAGE    81

..........................................................


THE SHREVEPORT CLIMATE NORMALS FOR TODAY
                         NORMAL    RECORD    YEAR
 MAXIMUM TEMPERATURE (F)   79        92      1987
 MINIMUM TEMPERATURE (F)   57        40      1978


SUNRISE AND SUNSET
APRIL 27 2017.........SUNRISE   632 AM CDT   SUNSET   754 PM CDT
APRIL 28 2017.........SUNRISE   631 AM CDT   SUNSET   755 PM CDT


-  INDICATES NEGATIVE NUMBERS.
R  INDICATES RECORD WAS SET OR TIED.
MM INDICATES DATA IS MISSING.
T  INDICATES TRACE AMOUNT.




$$

19
