000
CDUS44 KSHV 290730
CLISHV


CLIMATE REPORT
NATIONAL WEATHER SERVICE SHREVEPORT, LA
230 AM CDT THU JUN 29 2017


...................................

...THE SHREVEPORT CLIMATE SUMMARY FOR JUNE 28 2017...

CLIMATE NORMAL PERIOD 1981 TO 2010
CLIMATE RECORD PERIOD 1874 TO 2017


WEATHER ITEM   OBSERVED TIME   RECORD YEAR NORMAL DEPARTURE LAST
                VALUE   (LST)  VALUE       VALUE  FROM      YEAR
                                                  NORMAL
..................................................................
TEMPERATURE (F)
 YESTERDAY
  MAXIMUM         90    422 PM 102    2009  92     -2       93
  MINIMUM         69    500 AM  58    1974  72     -3       76
  AVERAGE         80                        82     -2       85

PRECIPITATION (IN)
  YESTERDAY        0.00          6.61 1902   0.17  -0.17     0.00
  MONTH TO DATE    3.05                      5.07  -2.02     4.44
  SINCE DEC 1     23.64                     32.05  -8.41    41.56
  SINCE JAN 1     20.50                     27.28  -6.78    38.67

SNOWFALL (IN)
  YESTERDAY        0.0
  MONTH TO DATE    0.0
  SINCE JUN 1      0.0
  SINCE JUL 1      0.0
  SNOW DEPTH       0

DEGREE DAYS
 HEATING
  YESTERDAY        0                         0      0        0
  MONTH TO DATE    0                         0      0        0
  SINCE JUN 1      0                         0      0        0
  SINCE JUL 1   1201                      2226  -1025     1451

 COOLING
  YESTERDAY       15                        17     -2       20
  MONTH TO DATE  410                       411     -1      488
  SINCE JUN 1    410                       411     -1      488
  SINCE JAN 1    952                       809    143      948
..................................................................


WIND (MPH)
  HIGHEST WIND SPEED    14   HIGHEST WIND DIRECTION    SE (140)
  HIGHEST GUST SPEED    20   HIGHEST GUST DIRECTION    SE (120)
  AVERAGE WIND SPEED     6.1


SKY COVER
  POSSIBLE SUNSHINE  MM
  AVERAGE SKY COVER 0.1


WEATHER CONDITIONS
 THE FOLLOWING WEATHER WAS RECORDED YESTERDAY.
  FOG


RELATIVE HUMIDITY (PERCENT)
 HIGHEST   100           400 AM
 LOWEST     47           200 PM
 AVERAGE    74

..........................................................


THE SHREVEPORT CLIMATE NORMALS FOR TODAY
                         NORMAL    RECORD    YEAR
 MAXIMUM TEMPERATURE (F)   92       101      1988
                                             1882
 MINIMUM TEMPERATURE (F)   72        62      1974


SUNRISE AND SUNSET
JUNE 29 2017..........SUNRISE   611 AM CDT   SUNSET   827 PM CDT
JUNE 30 2017..........SUNRISE   611 AM CDT   SUNSET   827 PM CDT


-  INDICATES NEGATIVE NUMBERS.
R  INDICATES RECORD WAS SET OR TIED.
MM INDICATES DATA IS MISSING.
T  INDICATES TRACE AMOUNT.




$$
