000
CDUS46 KMFR 300840
CLISIY


CLIMATE REPORT
NATIONAL WEATHER SERVICE MEDFORD, OR
139 AM PDT TUE AUG 30 2016


...................................

...THE MONTAGUE CA CLIMATE SUMMARY FOR AUGUST 29 2016...

CLIMATE NORMAL PERIOD 1981 TO 2010
CLIMATE RECORD PERIOD 1948 TO 2016


WEATHER ITEM   OBSERVED TIME   RECORD YEAR NORMAL DEPARTURE LAST
                VALUE   (LST)  VALUE       VALUE  FROM      YEAR
                                                  NORMAL
..................................................................
TEMPERATURE (F)
 YESTERDAY
  MAXIMUM         91    413 PM 101    1988  86      5       81
  MINIMUM         49    355 AM  41    1964  48      1       55
  AVERAGE         70                        67      3       68

PRECIPITATION (IN)
  YESTERDAY        0.00          0.19 1979   0.00   0.00      T
  MONTH TO DATE    0.02                      0.33  -0.31     0.01
  SINCE OCT 1     15.14                     17.82  -2.68    13.13
  SINCE JAN 1     10.05                     10.99  -0.94     7.22

SNOWFALL (IN)
  YESTERDAY       MM                        MM     MM       MM
  MONTH TO DATE   MM                        MM     MM       MM
  SINCE JUL 1     MM                        MM     MM       MM
  SNOW DEPTH      MM

DEGREE DAYS
 HEATING
  YESTERDAY        0                         1     -1        0
  MONTH TO DATE    0                         7     -7        0
  SINCE JUN 1     85                       104    -19       17
  SINCE JUL 1     12                        11      1        0

 COOLING
  YESTERDAY        5                         3      2        3
  MONTH TO DATE  265                       182     83      262
  SINCE JUN 1    643                       482    161      820
  SINCE JAN 1    647                       495    152      835
..................................................................


WIND (MPH)
  HIGHEST WIND SPEED    22   HIGHEST WIND DIRECTION     S (170)
  HIGHEST GUST SPEED    26   HIGHEST GUST DIRECTION    SE (140)
  AVERAGE WIND SPEED     7.7


SKY COVER
  POSSIBLE SUNSHINE  MM
  AVERAGE SKY COVER 0.0


WEATHER CONDITIONS
 THE FOLLOWING WEATHER WAS RECORDED YESTERDAY.
  HAZE


RELATIVE HUMIDITY (PERCENT)
 HIGHEST    54           400 AM
 LOWEST      8           400 PM

..........................................................


THE MONTAGUE CA CLIMATE NORMALS FOR TODAY
                         NORMAL    RECORD    YEAR
 MAXIMUM TEMPERATURE (F)   86       100      1950
 MINIMUM TEMPERATURE (F)   48        39      1990


SUNRISE AND SUNSET
AUGUST 30 2016........SUNRISE   634 AM PDT   SUNSET   745 PM PDT
AUGUST 31 2016........SUNRISE   635 AM PDT   SUNSET   744 PM PDT


-  INDICATES NEGATIVE NUMBERS.
R  INDICATES RECORD WAS SET OR TIED.
MM INDICATES DATA IS MISSING.
T  INDICATES TRACE AMOUNT.




$$
