000
CDUS46 KMFR 230835
CLISIY


CLIMATE REPORT
NATIONAL WEATHER SERVICE MEDFORD, OR
135 AM PDT WED AUG 23 2017


...................................

...THE MONTAGUE CA CLIMATE SUMMARY FOR AUGUST 22 2017...

CLIMATE NORMAL PERIOD 1981 TO 2010
CLIMATE RECORD PERIOD 1948 TO 2017


WEATHER ITEM   OBSERVED TIME   RECORD YEAR NORMAL DEPARTURE LAST
                VALUE   (LST)  VALUE       VALUE  FROM      YEAR
                                                  NORMAL
..................................................................
TEMPERATURE (F)
 YESTERDAY
  MAXIMUM         93    244 PM 100    1988  88      5       96
  MINIMUM         56    534 AM  38    1992  50      6       53
  AVERAGE         75                        69      6       75

PRECIPITATION (IN)
  YESTERDAY        T             1.13 1978   0.00   0.00     0.00
  MONTH TO DATE    0.02                      0.30  -0.28     0.02
  SINCE OCT 1     15.91                     17.79  -1.88    15.14
  SINCE JAN 1      7.70                     10.96  -3.26    10.05

SNOWFALL (IN)
  YESTERDAY       MM                        MM     MM       MM
  MONTH TO DATE   MM                        MM     MM       MM
  SINCE JUL 1     MM                        MM     MM       MM
  SNOW DEPTH      MM

DEGREE DAYS
 HEATING
  YESTERDAY        0                         0      0        0
  MONTH TO DATE    0                         0      0        0
  SINCE JUN 1     88                        97     -9       85
  SINCE JUL 1      0                         4     -4       12

 COOLING
  YESTERDAY       10                         5      5       10
  MONTH TO DATE  246                       154     92      219
  SINCE JUN 1    719                       454    265      597
  SINCE JAN 1    734                       467    267      601
..................................................................


WIND (MPH)
  HIGHEST WIND SPEED    14   HIGHEST WIND DIRECTION     N (10)
  HIGHEST GUST SPEED    18   HIGHEST GUST DIRECTION     N (360)
  AVERAGE WIND SPEED     5.6


SKY COVER
  POSSIBLE SUNSHINE  MM
  AVERAGE SKY COVER 0.2


WEATHER CONDITIONS
 THE FOLLOWING WEATHER WAS RECORDED YESTERDAY.
  LIGHT RAIN
  HAZE


RELATIVE HUMIDITY (PERCENT)
 HIGHEST    62           500 AM
 LOWEST     23           200 PM

..........................................................


THE MONTAGUE CA CLIMATE NORMALS FOR TODAY
                         NORMAL    RECORD    YEAR
 MAXIMUM TEMPERATURE (F)   88       101      1982
 MINIMUM TEMPERATURE (F)   50        39      1992


SUNRISE AND SUNSET
AUGUST 23 2017........SUNRISE   627 AM PDT   SUNSET   757 PM PDT
AUGUST 24 2017........SUNRISE   628 AM PDT   SUNSET   756 PM PDT


-  INDICATES NEGATIVE NUMBERS.
R  INDICATES RECORD WAS SET OR TIED.
MM INDICATES DATA IS MISSING.
T  INDICATES TRACE AMOUNT.




$$
