000
CDUS46 KMFR 280849
CLISIY


CLIMATE REPORT
NATIONAL WEATHER SERVICE MEDFORD, OR
149 AM PDT TUE JUL 28 2015


...................................

...THE MONTAGUE CA CLIMATE SUMMARY FOR JULY 28 2015...
VALID TODAY AS OF 0100 AM LOCAL TIME.

CLIMATE NORMAL PERIOD 1981 TO 2010
CLIMATE RECORD PERIOD 1948 TO 2015


WEATHER ITEM   OBSERVED TIME   RECORD YEAR NORMAL DEPARTURE LAST
                VALUE   (LST)  VALUE       VALUE  FROM      YEAR
                                                  NORMAL
..................................................................
TEMPERATURE (F)
 TODAY
  MAXIMUM         65   1200 AM 105    2009  93    -28      102
  MINIMUM         65   1200 AM  42    1948  55     10       56
  AVERAGE         65                        74     -9       79

PRECIPITATION (IN)
  TODAY            0.00          0.86 1956   0.02  -0.02     0.00
  MONTH TO DATE    0.80                      0.39   0.41     0.13
  SINCE OCT 1     13.12                     17.43  -4.31     6.80
  SINCE JAN 1      7.21                     10.60  -3.39     6.16

SNOWFALL (IN)
  TODAY           MM                        MM     MM       MM
  MONTH TO DATE   MM                        MM     MM       MM
  SINCE JUL 1     MM                        MM     MM       MM
  SNOW DEPTH      MM

DEGREE DAYS
 HEATING
  TODAY            0                         0      0        0
  MONTH TO DATE    0                         1     -1        0
  SINCE JUN 1     17                        94    -77       46
  SINCE JUL 1      0                         1     -1        0

 COOLING
  TODAY            0                         9     -9       14
  MONTH TO DATE  268                       215     53      386
  SINCE JUN 1    502                       273    229      469
  SINCE JAN 1    517                       286    231      476
..................................................................


WIND (MPH)
  HIGHEST WIND SPEED    14   HIGHEST WIND DIRECTION     N (350)
  HIGHEST GUST SPEED    MM   HIGHEST GUST DIRECTION    MM
  AVERAGE WIND SPEED    13.8


SKY COVER
  POSSIBLE SUNSHINE   0 PERCENT
  AVERAGE SKY COVER 0.0


WEATHER CONDITIONS
 THE FOLLOWING WEATHER WAS RECORDED TODAY.
  NO SIGNIFICANT WEATHER WAS OBSERVED.


RELATIVE HUMIDITY (PERCENT)
 HIGHEST     0          1200 AM
 LOWEST      0          1200 AM

..........................................................


THE MONTAGUE CA CLIMATE NORMALS FOR TOMORROW
                         NORMAL    RECORD    YEAR
 MAXIMUM TEMPERATURE (F)   93       104      2009
                                             2003
                                             1968
 MINIMUM TEMPERATURE (F)   55        41      1950


SUNRISE AND SUNSET
JULY 28 2015..........SUNRISE   600 AM PDT   SUNSET   832 PM PDT
JULY 29 2015..........SUNRISE   601 AM PDT   SUNSET   831 PM PDT


-  INDICATES NEGATIVE NUMBERS.
R  INDICATES RECORD WAS SET OR TIED.
MM INDICATES DATA IS MISSING.
T  INDICATES TRACE AMOUNT.




$$
