000
CDUS46 KMFR 250853
CLISIY


CLIMATE REPORT
NATIONAL WEATHER SERVICE MEDFORD, OR
1253 AM PST THU DEC 25 2014


...................................

...THE MONTAGUE CA CLIMATE SUMMARY FOR DECEMBER 24 2014...

CLIMATE NORMAL PERIOD 1981 TO 2010
CLIMATE RECORD PERIOD 1948 TO 2014


WEATHER ITEM   OBSERVED TIME   RECORD YEAR NORMAL DEPARTURE LAST
                VALUE   (LST)  VALUE       VALUE  FROM      YEAR
                                                  NORMAL
..................................................................
TEMPERATURE (F)
 YESTERDAY
  MAXIMUM         46   1048 AM  60    2005  44      2       47
  MINIMUM         33   1159 PM   4    1990  26      7       20
  AVERAGE         40                        35      5       34

PRECIPITATION (IN)
  YESTERDAY        0.22          2.26 1964   0.10   0.12     0.00
  MONTH TO DATE    2.66                      2.10   0.56     0.09
  SINCE SEP 1      7.23                      6.91   0.32     1.38
  SINCE JAN 1     13.40                     17.91  -4.51     5.71

SNOWFALL (IN)
  YESTERDAY       MM                        MM     MM       MM
  MONTH TO DATE   MM                        MM     MM       MM
  SINCE JUL 1     MM                        MM     MM        0.0
  SNOW DEPTH      MM

DEGREE DAYS
 HEATING
  YESTERDAY       25                        30     -5       31
  MONTH TO DATE  506                       718   -212      922
  SINCE DEC 1    506                       718   -212      922
  SINCE JUL 1   1511                      2024   -513     2242

 COOLING
  YESTERDAY        0                         0      0        0
  MONTH TO DATE    0                         0      0        0
  SINCE DEC 1      0                         0      0        0
  SINCE JAN 1    913                       544    369      776
..................................................................


WIND (MPH)
  HIGHEST WIND SPEED    24   HIGHEST WIND DIRECTION     N (350)
  HIGHEST GUST SPEED    31   HIGHEST GUST DIRECTION     N (360)
  AVERAGE WIND SPEED     6.9


SKY COVER
  POSSIBLE SUNSHINE  MM
  AVERAGE SKY COVER 0.9


WEATHER CONDITIONS
 THE FOLLOWING WEATHER WAS RECORDED YESTERDAY.
  RAIN
  LIGHT RAIN
  LIGHT SNOW
  FOG


RELATIVE HUMIDITY (PERCENT)
 HIGHEST   100           900 AM
 LOWEST     70           600 PM

..........................................................


THE MONTAGUE CA CLIMATE NORMALS FOR TODAY
                         NORMAL    RECORD    YEAR
 MAXIMUM TEMPERATURE (F)   44        59      1980
 MINIMUM TEMPERATURE (F)   26         5      1990


SUNRISE AND SUNSET
DECEMBER 25 2014......SUNRISE   736 AM PST   SUNSET   445 PM PST
DECEMBER 26 2014......SUNRISE   736 AM PST   SUNSET   445 PM PST


-  INDICATES NEGATIVE NUMBERS.
R  INDICATES RECORD WAS SET OR TIED.
MM INDICATES DATA IS MISSING.
T  INDICATES TRACE AMOUNT.




$$
