000
CDUS46 KMFR 240037
CLISIY


CLIMATE REPORT
NATIONAL WEATHER SERVICE MEDFORD, OR
537 PM PDT TUE MAY 23 2017


...................................

...THE MONTAGUE CA CLIMATE SUMMARY FOR MAY 23 2017...
VALID TODAY AS OF 0500 PM LOCAL TIME.

CLIMATE NORMAL PERIOD 1981 TO 2010
CLIMATE RECORD PERIOD 1948 TO 2017


WEATHER ITEM   OBSERVED TIME   RECORD YEAR NORMAL DEPARTURE LAST
                VALUE   (LST)  VALUE       VALUE  FROM      YEAR
                                                  NORMAL
..................................................................
TEMPERATURE (F)
 TODAY
  MAXIMUM         93    339 PM  94    2001  74     19       66
  MINIMUM         47    509 AM  30    1980  42      5       41
  AVERAGE         70                        58     12       54

PRECIPITATION (IN)
  TODAY            0.00          0.96 1953   0.03  -0.03      T
  MONTH TO DATE    0.49                      1.24  -0.75     0.65
  SINCE OCT 1     15.39                     16.15  -0.76    13.76
  SINCE JAN 1      7.18                      9.32  -2.14     8.67

SNOWFALL (IN)
  TODAY           MM                        MM     MM       MM
  MONTH TO DATE   MM                        MM     MM       MM
  SINCE JUL 1     MM                        MM     MM       MM
  SNOW DEPTH      MM

DEGREE DAYS
 HEATING
  TODAY            0                         8     -8       11
  MONTH TO DATE  233                       233      0      170
  SINCE MAR 1   1407                      1454    -47     1114
  SINCE JUL 1   5304                      5331    -27     4531

 COOLING
  TODAY            5                         1      4        0
  MONTH TO DATE    8                         8      0        1
  SINCE MAR 1      8                         8      0        1
  SINCE JAN 1      8                         8      0        1
..................................................................


WIND (MPH)
  HIGHEST WIND SPEED    10   HIGHEST WIND DIRECTION     N (360)
  HIGHEST GUST SPEED    13   HIGHEST GUST DIRECTION     N (360)
  AVERAGE WIND SPEED     1.0


SKY COVER
  POSSIBLE SUNSHINE  MM
  AVERAGE SKY COVER 0.0


WEATHER CONDITIONS
 THE FOLLOWING WEATHER WAS RECORDED TODAY.
  NO SIGNIFICANT WEATHER WAS OBSERVED.


RELATIVE HUMIDITY (PERCENT)
 HIGHEST    77           300 AM
 LOWEST     13           200 PM

..........................................................


THE MONTAGUE CA CLIMATE NORMALS FOR TOMORROW
                         NORMAL    RECORD    YEAR
 MAXIMUM TEMPERATURE (F)   74        98      1992
 MINIMUM TEMPERATURE (F)   42        30      2011


SUNRISE AND SUNSET
MAY 23 2017...........SUNRISE   543 AM PDT   SUNSET   831 PM PDT
MAY 24 2017...........SUNRISE   542 AM PDT   SUNSET   832 PM PDT


-  INDICATES NEGATIVE NUMBERS.
R  INDICATES RECORD WAS SET OR TIED.
MM INDICATES DATA IS MISSING.
T  INDICATES TRACE AMOUNT.




$$
