000
CDUS46 KMFR 280847
CLISIY


CLIMATE REPORT
NATIONAL WEATHER SERVICE MEDFORD, OR
147 AM PDT TUE MAR 28 2017


...................................

...THE MONTAGUE CA CLIMATE SUMMARY FOR MARCH 27 2017...

CLIMATE NORMAL PERIOD 1981 TO 2010
CLIMATE RECORD PERIOD 1948 TO 2017


WEATHER ITEM   OBSERVED TIME   RECORD YEAR NORMAL DEPARTURE LAST
                VALUE   (LST)  VALUE       VALUE  FROM      YEAR
                                                  NORMAL
..................................................................
TEMPERATURE (F)
 YESTERDAY
  MAXIMUM         55    206 PM  78    2015  57     -2       54
                                      1986
  MINIMUM         30    407 AM  17    2008  30      0       31
  AVERAGE         43                        43      0       43

PRECIPITATION (IN)
  YESTERDAY        T             0.95 1985   0.07  -0.07     0.00
  MONTH TO DATE    1.19                      2.01  -0.82     2.44
  SINCE OCT 1     13.71                     13.05   0.66    12.33
  SINCE JAN 1      5.50                      6.22  -0.72     7.24

SNOWFALL (IN)
  YESTERDAY       MM                        MM     MM       MM
  MONTH TO DATE   MM                        MM     MM       MM
  SINCE JUL 1     MM                        MM     MM       MM
  SNOW DEPTH      MM

DEGREE DAYS
 HEATING
  YESTERDAY       22                        22      0       22
  MONTH TO DATE  531                       599    -68      517
  SINCE MAR 1    531                       599    -68      517
  SINCE JUL 1   4428                      4476    -48     3934

 COOLING
  YESTERDAY        0                         0      0        0
  MONTH TO DATE    0                         0      0        0
  SINCE MAR 1      0                         0      0        0
  SINCE JAN 1      0                         0      0        0
..................................................................


WIND (MPH)
  HIGHEST WIND SPEED    14   HIGHEST WIND DIRECTION     N (10)
  HIGHEST GUST SPEED    19   HIGHEST GUST DIRECTION     W (270)
  AVERAGE WIND SPEED     4.9


SKY COVER
  POSSIBLE SUNSHINE  MM
  AVERAGE SKY COVER 0.6


WEATHER CONDITIONS
 THE FOLLOWING WEATHER WAS RECORDED YESTERDAY.
  NO SIGNIFICANT WEATHER WAS OBSERVED.


RELATIVE HUMIDITY (PERCENT)
 HIGHEST   100          1200 AM
 LOWEST     41           200 PM

..........................................................


THE MONTAGUE CA CLIMATE NORMALS FOR TODAY
                         NORMAL    RECORD    YEAR
 MAXIMUM TEMPERATURE (F)   57        78      1986
 MINIMUM TEMPERATURE (F)   30        20      1985


SUNRISE AND SUNSET
MARCH 28 2017.........SUNRISE   659 AM PDT   SUNSET   731 PM PDT
MARCH 29 2017.........SUNRISE   657 AM PDT   SUNSET   732 PM PDT


-  INDICATES NEGATIVE NUMBERS.
R  INDICATES RECORD WAS SET OR TIED.
MM INDICATES DATA IS MISSING.
T  INDICATES TRACE AMOUNT.




$$
