000
CDUS46 KMFR 270837
CLISIY


CLIMATE REPORT
NATIONAL WEATHER SERVICE MEDFORD, OR
1236 AM PST TUE JAN 27 2015


...................................

...THE MONTAGUE CA CLIMATE SUMMARY FOR JANUARY 26 2015...

CLIMATE NORMAL PERIOD 1981 TO 2010
CLIMATE RECORD PERIOD 1948 TO 2015


WEATHER ITEM   OBSERVED TIME   RECORD YEAR NORMAL DEPARTURE LAST
                VALUE   (LST)  VALUE       VALUE  FROM      YEAR
                                                  NORMAL
..................................................................
TEMPERATURE (F)
 YESTERDAY
  MAXIMUM         54    421 PM  63    1987  45      9       58
  MINIMUM         26    656 AM   4    1957  26      0       17
  AVERAGE         40                        36      4       38

PRECIPITATION (IN)
  YESTERDAY        0.00          1.09 1967   0.05  -0.05     0.00
  MONTH TO DATE    0.71                      2.00  -1.29     0.11
  SINCE OCT 1      6.62                      8.83  -2.21     0.75
  SINCE JAN 1      0.71                      2.00  -1.29     0.11

SNOWFALL (IN)
  YESTERDAY       MM                        MM     MM       MM
  MONTH TO DATE   MM                        MM     MM       MM
  SINCE JUL 1     MM                        MM     MM        0.0
  SNOW DEPTH      MM

DEGREE DAYS
 HEATING
  YESTERDAY       25                        29     -4       27
  MONTH TO DATE  691                       778    -87      793
  SINCE DEC 1   1424                      1705   -281     1951
  SINCE JUL 1   2429                      3011   -582     3271

 COOLING
  YESTERDAY        0                         0      0        0
  MONTH TO DATE    0                         0      0        0
  SINCE DEC 1      0                         0      0        0
  SINCE JAN 1      0                         0      0        0
..................................................................


WIND (MPH)
  HIGHEST WIND SPEED     7   HIGHEST WIND DIRECTION    NE (30)
  HIGHEST GUST SPEED     7   HIGHEST GUST DIRECTION     W (270)
  AVERAGE WIND SPEED     1.4


SKY COVER
  POSSIBLE SUNSHINE  MM
  AVERAGE SKY COVER 0.3


WEATHER CONDITIONS
 THE FOLLOWING WEATHER WAS RECORDED YESTERDAY.
  FOG
  FOG W/VISIBILITY <= 1/4 MILE


RELATIVE HUMIDITY (PERCENT)
 HIGHEST   100           200 AM
 LOWEST     64           300 PM

..........................................................


THE MONTAGUE CA CLIMATE NORMALS FOR TODAY
                         NORMAL    RECORD    YEAR
 MAXIMUM TEMPERATURE (F)   45        59      1987
 MINIMUM TEMPERATURE (F)   26        -3      1957


SUNRISE AND SUNSET
JANUARY 27 2015.......SUNRISE   727 AM PST   SUNSET   519 PM PST
JANUARY 28 2015.......SUNRISE   726 AM PST   SUNSET   520 PM PST


-  INDICATES NEGATIVE NUMBERS.
R  INDICATES RECORD WAS SET OR TIED.
MM INDICATES DATA IS MISSING.
T  INDICATES TRACE AMOUNT.




$$
