000
CDUS46 KMTR 260035
CLISJC


CLIMATE REPORT
NATIONAL WEATHER SERVICE SAN FRANCISCO BAY AREA
535 PM PDT MON MAY 25 2015


...................................

...THE SAN JOSE CA CLIMATE SUMMARY FOR MAY 25 2015...
VALID TODAY AS OF 0500 PM LOCAL TIME.

CLIMATE NORMAL PERIOD 1981 TO 2010
CLIMATE RECORD PERIOD 1893 TO 2015


WEATHER ITEM   OBSERVED TIME   RECORD YEAR NORMAL DEPARTURE LAST
                VALUE   (LST)  VALUE       VALUE  FROM      YEAR
                                                  NORMAL
..................................................................
TEMPERATURE (F)
 TODAY
  MAXIMUM         69   1223 PM  95    1982  77     -8       83
  MINIMUM         56    536 AM  39    1893  54      2       54
  AVERAGE         63                        65     -2       69

PRECIPITATION (IN)
  TODAY            0.00          1.06 1934   0.01  -0.01     0.00
  MONTH TO DATE    0.50                      0.36   0.14      T
  SINCE OCT 1     13.26                     14.55  -1.29     5.68
  SINCE JAN 1      3.31                      9.77  -6.46     4.78

SNOWFALL (IN)
  TODAY            0.0           0.0  1947
  MONTH TO DATE    0.0
  SINCE MAR 1      0.0
  SINCE JUL 1      0.0

DEGREE DAYS
 HEATING
  TODAY            2                         2      0        0
  MONTH TO DATE  119                        72     47       45
  SINCE MAR 1    420                       513    -93      351
  SINCE JUL 1   1640                      1976   -336     1892

 COOLING
  TODAY            0                         2     -2        4
  MONTH TO DATE    6                        39    -33       56
  SINCE MAR 1     27                        58    -31       84
  SINCE JAN 1     27                        58    -31       84
..................................................................


WIND (MPH)
  RESULTANT WIND SPEED   6   RESULTANT WIND DIRECTION  NW (310)
  HIGHEST WIND SPEED    20   HIGHEST WIND DIRECTION    NW (300)
  HIGHEST GUST SPEED    24   HIGHEST GUST DIRECTION    NW (310)
  AVERAGE WIND SPEED     6.5


SKY COVER
  POSSIBLE SUNSHINE  MM
  AVERAGE SKY COVER 0.7


WEATHER CONDITIONS
 THE FOLLOWING WEATHER WAS RECORDED TODAY.
  NO SIGNIFICANT WEATHER WAS OBSERVED.


RELATIVE HUMIDITY (PERCENT)
 HIGHEST    77           500 AM
 LOWEST     55          1200 PM
 AVERAGE    66

..........................................................


THE SAN JOSE CA CLIMATE NORMALS FOR TOMORROW
                         NORMAL    RECORD    YEAR
 MAXIMUM TEMPERATURE (F)   77        95      1896
 MINIMUM TEMPERATURE (F)   54        40      1897


SUNRISE AND SUNSET
MAY 25 2015...........SUNRISE   552 AM PDT   SUNSET   818 PM PDT
MAY 26 2015...........SUNRISE   551 AM PDT   SUNSET   818 PM PDT


-  INDICATES NEGATIVE NUMBERS.
R  INDICATES RECORD WAS SET OR TIED.
MM INDICATES DATA IS MISSING.
T  INDICATES TRACE AMOUNT.




$$
