000
CDUS46 KMTR 210826
CLISJC


CLIMATE REPORT
NATIONAL WEATHER SERVICE SAN FRANCISCO BAY AREA
126 AM PDT THU AUG 21 2014


...................................

...THE SAN JOSE AIRPORT CLIMATE SUMMARY FOR AUGUST 20 2014...

CLIMATE NORMAL PERIOD 1981 TO 2010
CLIMATE RECORD PERIOD 1893 TO 2014


WEATHER ITEM   OBSERVED TIME   RECORD YEAR NORMAL DEPARTURE LAST
                VALUE   (LST)  VALUE       VALUE  FROM      YEAR
                                                  NORMAL
..................................................................
TEMPERATURE (F)
 YESTERDAY
  MAXIMUM         81    301 PM  98    1964  83     -2       82
  MINIMUM         60    609 AM  42    1893  59      1       62
  AVERAGE         71                        71      0       72

PRECIPITATION (IN)
  YESTERDAY        0.00          0.50 1997   0.00   0.00     0.00
  MONTH TO DATE    T                         0.00   0.00      T
  SINCE JUL 1      T                         T      0.00      T
  SINCE JAN 1      4.79                      9.89  -5.10     2.24

SNOWFALL (IN)
  YESTERDAY        0.0                      MM     MM        0.0
  MONTH TO DATE    0.0                      MM     MM        0.0
  SINCE JUN 1      0.0                      MM     MM        0.0
  SINCE JUL 1      0.0                      MM     MM        0.0

DEGREE DAYS
 HEATING
  YESTERDAY        0                         0      0        0
  MONTH TO DATE    0                         0      0        1
  SINCE JUN 1      9                        16     -7       13
  SINCE JUL 1      0                         1     -1        1

 COOLING
  YESTERDAY        6                         6      0        7
  MONTH TO DATE   90                       120    -30       74
  SINCE JUN 1    352                       419    -67      305
  SINCE JAN 1    443                       489    -46      372
..................................................................


WIND (MPH)
  RESULTANT WIND SPEED   3   RESULTANT WIND DIRECTION  SE (150)
  HIGHEST WIND SPEED    16   HIGHEST WIND DIRECTION    NW (310)
  HIGHEST GUST SPEED    21   HIGHEST GUST DIRECTION    NW (320)
  AVERAGE WIND SPEED     9.2


SKY COVER
  POSSIBLE SUNSHINE  MM
  AVERAGE SKY COVER 0.3


WEATHER CONDITIONS
 THE FOLLOWING WEATHER WAS RECORDED YESTERDAY.
  NO SIGNIFICANT WEATHER WAS OBSERVED.


RELATIVE HUMIDITY (PERCENT)
 HIGHEST    84          1200 AM
 LOWEST     36           200 PM
 AVERAGE    60

..........................................................


THE SAN JOSE AIRPORT CLIMATE NORMALS FOR TODAY
                         NORMAL    RECORD    YEAR
 MAXIMUM TEMPERATURE (F)   83        92      1969
 MINIMUM TEMPERATURE (F)   59        45      1893


SUNRISE AND SUNSET
AUGUST 21 2014........SUNRISE   629 AM PDT   SUNSET   752 PM PDT
AUGUST 22 2014........SUNRISE   630 AM PDT   SUNSET   750 PM PDT


-  INDICATES NEGATIVE NUMBERS.
R  INDICATES RECORD WAS SET OR TIED.
MM INDICATES DATA IS MISSING.
T  INDICATES TRACE AMOUNT.




$$
