000
CDUS46 KMTR 240025
CLISJC


CLIMATE REPORT
NATIONAL WEATHER SERVICE SAN FRANCISCO BAY AREA
525 PM PDT SUN APR 23 2017


...................................

...THE SAN JOSE CA CLIMATE SUMMARY FOR APRIL 23 2017...
VALID TODAY AS OF 0500 PM LOCAL TIME.

CLIMATE NORMAL PERIOD 1981 TO 2010
CLIMATE RECORD PERIOD 1893 TO 2017


WEATHER ITEM   OBSERVED TIME   RECORD YEAR NORMAL DEPARTURE LAST
                VALUE   (LST)  VALUE       VALUE  FROM      YEAR
                                                  NORMAL
..................................................................
TEMPERATURE (F)
 TODAY
  MAXIMUM         68    207 PM  90    1946  71     -3       68
  MINIMUM         52    436 AM  34    1894  49      3       48
  AVERAGE         60                        60      0       58

PRECIPITATION (IN)
  TODAY            0.00          0.60 1896   0.04  -0.04     0.00
  MONTH TO DATE    1.68                      0.98   0.70     1.47
  SINCE OCT 1     18.40                     14.79   3.61    14.53
  SINCE JAN 1     14.02                      9.70   4.32     9.83

SNOWFALL (IN)
  TODAY            0.0           0.0  1947
  MONTH TO DATE    0.0
  SINCE MAR 1      0.0
  SINCE JUL 1      0.0

DEGREE DAYS
 HEATING
  TODAY            5                         6     -1        7
  MONTH TO DATE  121                       160    -39       73
  SINCE MAR 1    336                       436   -100      278
  SINCE JUL 1   1767                      2101   -334     1648

 COOLING
  TODAY            0                         1     -1        0
  MONTH TO DATE    0                         6     -6       29
  SINCE MAR 1      2                         8     -6       29
  SINCE JAN 1      2                         8     -6       29
..................................................................


WIND (MPH)
  RESULTANT WIND SPEED  10   RESULTANT WIND DIRECTION  NW (300)
  HIGHEST WIND SPEED    21   HIGHEST WIND DIRECTION    NW (310)
  HIGHEST GUST SPEED    26   HIGHEST GUST DIRECTION    NW (310)
  AVERAGE WIND SPEED    10.8


SKY COVER
  POSSIBLE SUNSHINE  MM
  AVERAGE SKY COVER 0.5


WEATHER CONDITIONS
 THE FOLLOWING WEATHER WAS RECORDED TODAY.
  NO SIGNIFICANT WEATHER WAS OBSERVED.


RELATIVE HUMIDITY (PERCENT)
 HIGHEST    77          1200 AM
 LOWEST     48          1000 AM
 AVERAGE    63

..........................................................


THE SAN JOSE CA CLIMATE NORMALS FOR TOMORROW
                         NORMAL    RECORD    YEAR
 MAXIMUM TEMPERATURE (F)   71        92      1966
 MINIMUM TEMPERATURE (F)   50        34      1894


SUNRISE AND SUNSET
APRIL 23 2017.........SUNRISE   622 AM PDT   SUNSET   750 PM PDT
APRIL 24 2017.........SUNRISE   621 AM PDT   SUNSET   751 PM PDT


-  INDICATES NEGATIVE NUMBERS.
R  INDICATES RECORD WAS SET OR TIED.
MM INDICATES DATA IS MISSING.
T  INDICATES TRACE AMOUNT.




$$
