000
CDUS46 KMTR 220029
CLISJC


CLIMATE REPORT
NATIONAL WEATHER SERVICE SAN FRANCISCO BAY AREA
529 PM PDT TUE OCT 21 2014


...................................

...THE SAN JOSE CA CLIMATE SUMMARY FOR OCTOBER 21 2014...
VALID TODAY AS OF 0500 PM LOCAL TIME.

CLIMATE NORMAL PERIOD 1981 TO 2010
CLIMATE RECORD PERIOD 1893 TO 2014


WEATHER ITEM   OBSERVED TIME   RECORD YEAR NORMAL DEPARTURE LAST
                VALUE   (LST)  VALUE       VALUE  FROM      YEAR
                                                  NORMAL
..................................................................
TEMPERATURE (F)
 TODAY
  MAXIMUM         70    232 PM  89    1901  75     -5       70
  MINIMUM         48    619 AM  36    1893  52     -4       51
  AVERAGE         59                        63     -4       61

PRECIPITATION (IN)
  TODAY            0.00          0.21 1941   0.03  -0.03     0.00
  MONTH TO DATE    T                         0.45  -0.45     0.00
  SINCE JUL 1      0.36                      0.68  -0.32     0.66
  SINCE JAN 1      5.15                     10.57  -5.42     2.90

SNOWFALL (IN)
  TODAY            0.0           0.0  1947
  MONTH TO DATE    0.0
  SINCE SEP 1      0.0
  SINCE JUL 1      0.0

DEGREE DAYS
 HEATING
  TODAY            6                         3      3        4
  MONTH TO DATE   16                        33    -17       48
  SINCE SEP 1     18                        43    -25       56
  SINCE JUL 1     18                        46    -28       57

 COOLING
  TODAY            0                         1     -1        0
  MONTH TO DATE   71                        39     32       13
  SINCE SEP 1    181                       176      5      124
  SINCE JAN 1    682                       722    -40      549
..................................................................


WIND (MPH)
  RESULTANT WIND SPEED   2   RESULTANT WIND DIRECTION  NW (300)
  HIGHEST WIND SPEED    17   HIGHEST WIND DIRECTION    NW (300)
  HIGHEST GUST SPEED    21   HIGHEST GUST DIRECTION    NW (300)
  AVERAGE WIND SPEED     4.3


SKY COVER
  POSSIBLE SUNSHINE  MM
  AVERAGE SKY COVER 0.3


WEATHER CONDITIONS
 THE FOLLOWING WEATHER WAS RECORDED TODAY.
  NO SIGNIFICANT WEATHER WAS OBSERVED.


RELATIVE HUMIDITY (PERCENT)
 HIGHEST    93           400 AM
 LOWEST     37           300 PM
 AVERAGE    65

..........................................................


THE SAN JOSE CA CLIMATE NORMALS FOR TOMORROW
                         NORMAL    RECORD    YEAR
 MAXIMUM TEMPERATURE (F)   75        90      1901
 MINIMUM TEMPERATURE (F)   52        35      1893


SUNRISE AND SUNSET
OCTOBER 21 2014.......SUNRISE   721 AM PDT   SUNSET   623 PM PDT
OCTOBER 22 2014.......SUNRISE   722 AM PDT   SUNSET   621 PM PDT


-  INDICATES NEGATIVE NUMBERS.
R  INDICATES RECORD WAS SET OR TIED.
MM INDICATES DATA IS MISSING.
T  INDICATES TRACE AMOUNT.




$$
