000
CDUS44 KSJT 280804
CLISJT


CLIMATE REPORT
NATIONAL WEATHER SERVICE SAN ANGELO TX
304 AM CDT WED JUN 28 2017


...................................

...THE SAN ANGELO CLIMATE SUMMARY FOR JUNE 27 2017...

CLIMATE NORMAL PERIOD 1981 TO 2010
CLIMATE RECORD PERIOD 1907 TO 2017


WEATHER ITEM   OBSERVED TIME   RECORD YEAR NORMAL DEPARTURE LAST
                VALUE   (LST)  VALUE       VALUE  FROM      YEAR
                                                  NORMAL
..................................................................
TEMPERATURE (F)
 YESTERDAY
  MAXIMUM         92    532 PM 109    1994  94     -2       89
  MINIMUM         64    608 AM  48    1912  70     -6       67
  AVERAGE         78                        82     -4       78

PRECIPITATION (IN)
  YESTERDAY        0.00          3.30 2016   0.06  -0.06     3.30
  MONTH TO DATE    1.52                      2.42  -0.90     7.02
  SINCE JUN 1      1.52                      2.42  -0.90     7.02
  SINCE JAN 1      8.00                     10.44  -2.44    22.65

DEGREE DAYS
 HEATING
  YESTERDAY        0                         0      0        0
  MONTH TO DATE    0                         0      0        0
  SINCE JUN 1      0                         0      0        0
  SINCE JUL 1   1507                      2316   -809     1825

 COOLING
  YESTERDAY       13                        17     -4       13
  MONTH TO DATE  503                       412     91      396
  SINCE JUN 1    503                       412     91      396
  SINCE JAN 1   1079                       872    207      807
..................................................................


WIND (MPH)
  HIGHEST WIND SPEED    16   HIGHEST WIND DIRECTION     E (110)
  HIGHEST GUST SPEED    21   HIGHEST GUST DIRECTION     E (100)
  AVERAGE WIND SPEED     5.8


SKY COVER
  POSSIBLE SUNSHINE  MM
  AVERAGE SKY COVER 0.3


WEATHER CONDITIONS
 THE FOLLOWING WEATHER WAS RECORDED YESTERDAY.
  FOG
  FOG W/VISIBILITY <= 1/4 MILE


RELATIVE HUMIDITY (PERCENT)
 HIGHEST    93           200 AM
 LOWEST     36           500 PM
 AVERAGE    65

..........................................................


THE SAN ANGELO CLIMATE NORMALS FOR TODAY
                         NORMAL    RECORD    YEAR
 MAXIMUM TEMPERATURE (F)   94       110      1994
 MINIMUM TEMPERATURE (F)   70        55      1985


SUNRISE AND SUNSET
JUNE 28 2017..........SUNRISE   640 AM CDT   SUNSET   850 PM CDT
JUNE 29 2017..........SUNRISE   641 AM CDT   SUNSET   850 PM CDT


-  INDICATES NEGATIVE NUMBERS.
R  INDICATES RECORD WAS SET OR TIED.
MM INDICATES DATA IS MISSING.
T  INDICATES TRACE AMOUNT.




$$
