000
CDUS44 KSJT 212230
CLISJT


CLIMATE REPORT
NATIONAL WEATHER SERVICE SAN ANGELO TX
529 PM CDT SAT OCT 21 2017


...................................

...THE SAN ANGELO CLIMATE SUMMARY FOR OCTOBER 21 2017...
VALID TODAY AS OF 0500 PM LOCAL TIME.

CLIMATE NORMAL PERIOD 1981 TO 2010
CLIMATE RECORD PERIOD 1907 TO 2017


WEATHER ITEM   OBSERVED TIME   RECORD YEAR NORMAL DEPARTURE LAST
                VALUE   (LST)  VALUE       VALUE  FROM      YEAR
                                                  NORMAL
..................................................................
TEMPERATURE (F)
 TODAY
  MAXIMUM         85    352 PM  95    1914  77      8       77
  MINIMUM         65    335 AM  30    1911  52     13       40
  AVERAGE         75                        65     10       59

PRECIPITATION (IN)
  TODAY            0.00          1.74 1972   0.09  -0.09     0.00
  MONTH TO DATE    0.79                      1.94  -1.15     1.49
  SINCE SEP 1      4.25                      4.40  -0.15     6.73
  SINCE JAN 1     16.35                     18.47  -2.12    32.25

SNOWFALL (IN)
  TODAY            0.0           0.0  2002   0.0    0.0      0.0
  MONTH TO DATE    0.0                       0.0    0.0      0.0
  SINCE NOV 1      T                         2.2   -2.2      3.1
  SINCE JUL 1      0.0                       0.0    0.0      0.0

DEGREE DAYS
 HEATING
  TODAY            0                         3     -3        6
  MONTH TO DATE   22                        38    -16       12
  SINCE SEP 1     22                        47    -25       12
  SINCE JUL 1     22                        47    -25       12

 COOLING
  TODAY           10                         3      7        0
  MONTH TO DATE  153                        96     57      172
  SINCE SEP 1    528                       425    103      571
  SINCE JAN 1   2802                      2461    341     2731
..................................................................


WIND (MPH)
  HIGHEST WIND SPEED    24   HIGHEST WIND DIRECTION     S (190)
  HIGHEST GUST SPEED    32   HIGHEST GUST DIRECTION    SW (220)
  AVERAGE WIND SPEED    12.2


SKY COVER
  POSSIBLE SUNSHINE  MM
  AVERAGE SKY COVER 0.5


WEATHER CONDITIONS
 THE FOLLOWING WEATHER WAS RECORDED TODAY.
  NO SIGNIFICANT WEATHER WAS OBSERVED.


RELATIVE HUMIDITY (PERCENT)
 HIGHEST    87           100 AM
 LOWEST     44           400 PM
 AVERAGE    66

..........................................................


THE SAN ANGELO CLIMATE NORMALS FOR TOMORROW
                         NORMAL    RECORD    YEAR
 MAXIMUM TEMPERATURE (F)   77        92      1940
 MINIMUM TEMPERATURE (F)   52        33      1993
                                             1990


SUNRISE AND SUNSET
OCTOBER 21 2017.......SUNRISE   749 AM CDT   SUNSET   703 PM CDT
OCTOBER 22 2017.......SUNRISE   750 AM CDT   SUNSET   702 PM CDT


-  INDICATES NEGATIVE NUMBERS.
R  INDICATES RECORD WAS SET OR TIED.
MM INDICATES DATA IS MISSING.
T  INDICATES TRACE AMOUNT.




$$
