000
CDUS44 KSJT 312227
CLISJT


CLIMATE REPORT
NATIONAL WEATHER SERVICE SAN ANGELO TX
526 PM CDT FRI OCT 31 2014


...................................

...THE SAN ANGELO CLIMATE SUMMARY FOR OCTOBER 31 2014...
VALID TODAY AS OF 0500 PM LOCAL TIME.

CLIMATE NORMAL PERIOD 1981 TO 2010
CLIMATE RECORD PERIOD 1907 TO 2014


WEATHER ITEM   OBSERVED TIME   RECORD YEAR NORMAL DEPARTURE LAST
                VALUE   (LST)  VALUE       VALUE  FROM      YEAR
                                                  NORMAL
..................................................................
TEMPERATURE (F)
 TODAY
  MAXIMUM         74    132 PM  95    2010  74      0       75
  MINIMUM         56    722 AM  21    1917  49      7       47
  AVERAGE         65                        61      4       61

PRECIPITATION (IN)
  TODAY            0.00          1.29 1998   0.07  -0.07     0.00
  MONTH TO DATE    0.44                      2.73  -2.29     1.46
  SINCE SEP 1      1.33                      5.19  -3.86     6.08
  SINCE JAN 1     13.31                     19.26  -5.95    17.84

SNOWFALL (IN)
  TODAY            0.0           0.0  2002   0.0    0.0      0.0
  MONTH TO DATE    0.0                       0.0    0.0      0.0
  SINCE NOV 1      1.6                       2.2   -0.6      2.8
  SINCE JUL 1      0.0                       0.0    0.0      0.0

DEGREE DAYS
 HEATING
  TODAY            0                         5     -5        4
  MONTH TO DATE   10                        80    -70       82
  SINCE SEP 1     15                        91    -76       82
  SINCE JUL 1     15                        91    -76       82

 COOLING
  TODAY            0                         2     -2        0
  MONTH TO DATE  210                       119     91      137
  SINCE SEP 1    604                       448    156      525
  SINCE JAN 1   2862                      2484    378     2851
..................................................................


WIND (MPH)
  HIGHEST WIND SPEED    20   HIGHEST WIND DIRECTION    NE (30)
  HIGHEST GUST SPEED    26   HIGHEST GUST DIRECTION    NE (30)
  AVERAGE WIND SPEED    12.7


SKY COVER
  POSSIBLE SUNSHINE  MM
  AVERAGE SKY COVER 0.2


WEATHER CONDITIONS
 THE FOLLOWING WEATHER WAS RECORDED TODAY.
  NO SIGNIFICANT WEATHER WAS OBSERVED.


RELATIVE HUMIDITY (PERCENT)
 HIGHEST    73           200 AM
 LOWEST     23           200 PM
 AVERAGE    48

..........................................................


THE SAN ANGELO CLIMATE NORMALS FOR TOMORROW
                         NORMAL    RECORD    YEAR
 MAXIMUM TEMPERATURE (F)   74        89      1945
                                             1934
 MINIMUM TEMPERATURE (F)   48        27      1917


SUNRISE AND SUNSET
OCTOBER 31 2014.......SUNRISE   757 AM CDT   SUNSET   654 PM CDT
NOVEMBER  1 2014......SUNRISE   758 AM CDT   SUNSET   653 PM CDT


-  INDICATES NEGATIVE NUMBERS.
R  INDICATES RECORD WAS SET OR TIED.
MM INDICATES DATA IS MISSING.
T  INDICATES TRACE AMOUNT.




$$
