000
CDUS44 KSJT 252228
CLISJT


CLIMATE REPORT
NATIONAL WEATHER SERVICE SAN ANGELO TX
528 PM CDT SAT OCT 25 2014


...................................

...THE SAN ANGELO CLIMATE SUMMARY FOR OCTOBER 25 2014...
VALID TODAY AS OF 0500 PM LOCAL TIME.

CLIMATE NORMAL PERIOD 1981 TO 2010
CLIMATE RECORD PERIOD 1907 TO 2014


WEATHER ITEM   OBSERVED TIME   RECORD YEAR NORMAL DEPARTURE LAST
                VALUE   (LST)  VALUE       VALUE  FROM      YEAR
                                                  NORMAL
..................................................................
TEMPERATURE (F)
 TODAY
  MAXIMUM         90    329 PM  91    1950  76     14       76
                                      1933
  MINIMUM         55    659 AM  29    1917  51      4       46
  AVERAGE         73                        64      9       61

PRECIPITATION (IN)
  TODAY            0.00          2.76 1940   0.08  -0.08     0.00
  MONTH TO DATE    0.44                      2.29  -1.85     1.39
  SINCE SEP 1      1.33                      4.75  -3.42     6.01
  SINCE JAN 1     13.31                     18.82  -5.51    17.77

SNOWFALL (IN)
  TODAY            0.0           0.0  2002   0.0    0.0      0.0
  MONTH TO DATE    0.0                       0.0    0.0      0.0
  SINCE NOV 1      1.6                       2.2   -0.6      2.8
  SINCE JUL 1      0.0                       0.0    0.0      0.0

DEGREE DAYS
 HEATING
  TODAY            0                         4     -4        4
  MONTH TO DATE   10                        52    -42       76
  SINCE SEP 1     15                        61    -46       76
  SINCE JUL 1     15                        61    -46       76

 COOLING
  TODAY            8                         2      6        0
  MONTH TO DATE  174                       106     68      112
  SINCE SEP 1    568                       435    133      500
  SINCE JAN 1   2826                      2471    355     2826
..................................................................


WIND (MPH)
  HIGHEST WIND SPEED    17   HIGHEST WIND DIRECTION    SW (210)
  HIGHEST GUST SPEED    21   HIGHEST GUST DIRECTION     S (200)
  AVERAGE WIND SPEED     7.0


SKY COVER
  POSSIBLE SUNSHINE  MM
  AVERAGE SKY COVER 0.0


WEATHER CONDITIONS
 THE FOLLOWING WEATHER WAS RECORDED TODAY.
  NO SIGNIFICANT WEATHER WAS OBSERVED.


RELATIVE HUMIDITY (PERCENT)
 HIGHEST    93           700 AM
 LOWEST     23           400 PM
 AVERAGE    58

..........................................................


THE SAN ANGELO CLIMATE NORMALS FOR TOMORROW
                         NORMAL    RECORD    YEAR
 MAXIMUM TEMPERATURE (F)   76        91      1992
 MINIMUM TEMPERATURE (F)   51        30      1924


SUNRISE AND SUNSET
OCTOBER 25 2014.......SUNRISE   752 AM CDT   SUNSET   659 PM CDT
OCTOBER 26 2014.......SUNRISE   753 AM CDT   SUNSET   658 PM CDT


-  INDICATES NEGATIVE NUMBERS.
R  INDICATES RECORD WAS SET OR TIED.
MM INDICATES DATA IS MISSING.
T  INDICATES TRACE AMOUNT.




$$
