024
CDUS44 KSJT 302225
CLISJT


CLIMATE REPORT
NATIONAL WEATHER SERVICE SAN ANGELO TX
525 PM CDT THU MAR 30 2017


...................................

...THE SAN ANGELO CLIMATE SUMMARY FOR MARCH 30 2017...
VALID TODAY AS OF 0500 PM LOCAL TIME.

CLIMATE NORMAL PERIOD 1981 TO 2010
CLIMATE RECORD PERIOD 1907 TO 2017


WEATHER ITEM   OBSERVED TIME   RECORD YEAR NORMAL DEPARTURE LAST
                VALUE   (LST)  VALUE       VALUE  FROM      YEAR
                                                  NORMAL
..................................................................
TEMPERATURE (F)
 TODAY
  MAXIMUM         83    356 PM  95    1974  75      8       89
  MINIMUM         39    641 AM  23    1987  48     -9       65
  AVERAGE         61                        62     -1       77

PRECIPITATION (IN)
  TODAY            0.00          0.90 2007   0.04  -0.04      T
  MONTH TO DATE    0.25                      1.45  -1.20     3.33
  SINCE MAR 1      0.25                      1.45  -1.20     3.33
  SINCE JAN 1      2.96                      3.73  -0.77     4.13

SNOWFALL (IN)
  TODAY            0.0           T    1972   0.0    0.0      0.0
  MONTH TO DATE    0.0                       0.1   -0.1       T
  SINCE NOV 1      T                         2.2   -2.2      3.1
  SINCE JUL 1      T                         2.2   -2.2      3.1

DEGREE DAYS
 HEATING
  TODAY            4                         5     -1        0
  MONTH TO DATE  120                       253   -133      155
  SINCE MAR 1    120                       253   -133      155
  SINCE JUL 1   1444                      2214   -770     1748

 COOLING
  TODAY            0                         2     -2       12
  MONTH TO DATE  108                        34     74       42
  SINCE MAR 1    108                        34     74       42
  SINCE JAN 1    135                        39     96       52
..................................................................


WIND (MPH)
  HIGHEST WIND SPEED    24   HIGHEST WIND DIRECTION    SW (220)
  HIGHEST GUST SPEED    32   HIGHEST GUST DIRECTION    SW (210)
  AVERAGE WIND SPEED    10.5


SKY COVER
  POSSIBLE SUNSHINE  MM
  AVERAGE SKY COVER 0.0


WEATHER CONDITIONS
 THE FOLLOWING WEATHER WAS RECORDED TODAY.
  NO SIGNIFICANT WEATHER WAS OBSERVED.


RELATIVE HUMIDITY (PERCENT)
 HIGHEST    86           600 AM
 LOWEST     16           400 PM
 AVERAGE    51

..........................................................


THE SAN ANGELO CLIMATE NORMALS FOR TOMORROW
                         NORMAL    RECORD    YEAR
 MAXIMUM TEMPERATURE (F)   76        97      1974
 MINIMUM TEMPERATURE (F)   48        26      1926


SUNRISE AND SUNSET
MARCH 30 2017.........SUNRISE   733 AM CDT   SUNSET   800 PM CDT
MARCH 31 2017.........SUNRISE   732 AM CDT   SUNSET   801 PM CDT


-  INDICATES NEGATIVE NUMBERS.
R  INDICATES RECORD WAS SET OR TIED.
MM INDICATES DATA IS MISSING.
T  INDICATES TRACE AMOUNT.




$$
