000
CDUS44 KSJT 010653
CLISJT


CLIMATE REPORT
NATIONAL WEATHER SERVICE SAN ANGELO TX
152 AM CDT WED JUL 1 2015


...................................

...THE SAN ANGELO CLIMATE SUMMARY FOR JUNE 30 2015...

CLIMATE NORMAL PERIOD 1981 TO 2010
CLIMATE RECORD PERIOD 1907 TO 2015


WEATHER ITEM   OBSERVED TIME   RECORD YEAR NORMAL DEPARTURE LAST
                VALUE   (LST)  VALUE       VALUE  FROM      YEAR
                                                  NORMAL
..................................................................
TEMPERATURE (F)
 YESTERDAY
  MAXIMUM         90    506 PM 106    1928  94     -4       95
  MINIMUM         69    715 AM  59    1985  71     -2       75
  AVERAGE         80                        82     -2       85

PRECIPITATION (IN)
  YESTERDAY        0.30          1.11 1967   0.06   0.24     0.00
  MONTH TO DATE    3.55                      2.59   0.96     2.29
  SINCE JUN 1      3.55                      2.59   0.96     2.29
  SINCE JAN 1     18.41                     10.61   7.80    10.56

DEGREE DAYS
 HEATING
  YESTERDAY        0                         0      0        0
  MONTH TO DATE    0                         0      0        0
  SINCE JUN 1      0                         0      0        0
  SINCE JUL 1   2185                      2316   -131     2497

 COOLING
  YESTERDAY       15                        17     -2       20
  MONTH TO DATE  444                       464    -20      484
  SINCE JUN 1    444                       464    -20      484
  SINCE JAN 1    911                       924    -13     1086
..................................................................


WIND (MPH)
  HIGHEST WIND SPEED    25   HIGHEST WIND DIRECTION    NE (60)
  HIGHEST GUST SPEED    32   HIGHEST GUST DIRECTION    NE (60)
  AVERAGE WIND SPEED     7.8


SKY COVER
  POSSIBLE SUNSHINE  MM
  AVERAGE SKY COVER 0.3


WEATHER CONDITIONS
 THE FOLLOWING WEATHER WAS RECORDED YESTERDAY.
  THUNDERSTORM
  HEAVY RAIN
  RAIN
  LIGHT RAIN
  FOG
  HAZE


RELATIVE HUMIDITY (PERCENT)
 HIGHEST    90           100 AM
 LOWEST     41           600 PM
 AVERAGE    66

..........................................................


THE SAN ANGELO CLIMATE NORMALS FOR TODAY
                         NORMAL    RECORD    YEAR
 MAXIMUM TEMPERATURE (F)   94       107      1994
 MINIMUM TEMPERATURE (F)   71        63      1995
                                             1924


SUNRISE AND SUNSET
JULY  1 2015..........SUNRISE   641 AM CDT   SUNSET   850 PM CDT
JULY  2 2015..........SUNRISE   642 AM CDT   SUNSET   850 PM CDT


-  INDICATES NEGATIVE NUMBERS.
R  INDICATES RECORD WAS SET OR TIED.
MM INDICATES DATA IS MISSING.
T  INDICATES TRACE AMOUNT.




$$
