000
CDUS44 KSJT 200754
CLISJT


CLIMATE REPORT
NATIONAL WEATHER SERVICE SAN ANGELO TX
153 AM CST SAT DEC 20 2014


...................................

...THE SAN ANGELO CLIMATE SUMMARY FOR DECEMBER 19 2014...

CLIMATE NORMAL PERIOD 1981 TO 2010
CLIMATE RECORD PERIOD 1907 TO 2014


WEATHER ITEM   OBSERVED TIME   RECORD YEAR NORMAL DEPARTURE LAST
                VALUE   (LST)  VALUE       VALUE  FROM      YEAR
                                                  NORMAL
..................................................................
TEMPERATURE (F)
 YESTERDAY
  MAXIMUM         51    348 PM  80    1924  59     -8       72
  MINIMUM         44   1159 PM  11    1996  33     11       55
                                      1924
  AVERAGE         48                        46      2       64

PRECIPITATION (IN)
  YESTERDAY        0.00          1.52 1991   0.03  -0.03     0.00
  MONTH TO DATE    0.04                      0.49  -0.45     0.64
  SINCE DEC 1      0.04                      0.49  -0.45     0.64
  SINCE JAN 1     16.39                     20.89  -4.50    19.29

SNOWFALL (IN)
  YESTERDAY        0.0           2.0  1909   0.0    0.0      0.0
  MONTH TO DATE    0.0                       0.2   -0.2      1.5
  SINCE NOV 1      T                         0.5   -0.5      1.5
  SINCE JUL 1      T                         0.5   -0.5      1.5
  SNOW DEPTH       0

DEGREE DAYS
 HEATING
  YESTERDAY       17                        19     -2        1
  MONTH TO DATE  171                       335   -164      365
  SINCE DEC 1    171                       335   -164      365
  SINCE JUL 1    541                       735   -194      841

 COOLING
  YESTERDAY        0                         0      0        0
  MONTH TO DATE    1                         0      1        3
  SINCE DEC 1      1                         0      1        3
  SINCE JAN 1   2877                      2502    375     2863
..................................................................


WIND (MPH)
  HIGHEST WIND SPEED    14   HIGHEST WIND DIRECTION    NE (30)
  HIGHEST GUST SPEED    17   HIGHEST GUST DIRECTION    NE (60)
  AVERAGE WIND SPEED     7.3


SKY COVER
  POSSIBLE SUNSHINE  MM
  AVERAGE SKY COVER 1.0


WEATHER CONDITIONS
 THE FOLLOWING WEATHER WAS RECORDED YESTERDAY.
  NO SIGNIFICANT WEATHER WAS OBSERVED.


RELATIVE HUMIDITY (PERCENT)
 HIGHEST    92           700 AM
 LOWEST     71           200 PM
 AVERAGE    82

..........................................................


THE SAN ANGELO CLIMATE NORMALS FOR TODAY
                         NORMAL    RECORD    YEAR
 MAXIMUM TEMPERATURE (F)   59        85      2010
 MINIMUM TEMPERATURE (F)   33         6      1909


SUNRISE AND SUNSET
DECEMBER 20 2014......SUNRISE   736 AM CST   SUNSET   543 PM CST
DECEMBER 21 2014......SUNRISE   737 AM CST   SUNSET   543 PM CST


-  INDICATES NEGATIVE NUMBERS.
R  INDICATES RECORD WAS SET OR TIED.
MM INDICATES DATA IS MISSING.
T  INDICATES TRACE AMOUNT.




$$
