000
CDUS44 KSJT 022225
CLISJT


CLIMATE REPORT
NATIONAL WEATHER SERVICE SAN ANGELO TX
525 PM CDT WED SEP 2 2015


...................................

...THE SAN ANGELO CLIMATE SUMMARY FOR SEPTEMBER 2 2015...
VALID TODAY AS OF 0500 PM LOCAL TIME.

CLIMATE NORMAL PERIOD 1981 TO 2010
CLIMATE RECORD PERIOD 1907 TO 2015


WEATHER ITEM   OBSERVED TIME   RECORD YEAR NORMAL DEPARTURE LAST
                VALUE   (LST)  VALUE       VALUE  FROM      YEAR
                                                  NORMAL
..................................................................
TEMPERATURE (F)
 TODAY
  MAXIMUM         96    253 PM 106    1927  92      4       97
  MINIMUM         68    647 AM  53    1915  68      0       75
  AVERAGE         82                        80      2       86

PRECIPITATION (IN)
  TODAY            0.00          3.75 1986   0.08  -0.08     0.00
  MONTH TO DATE    0.00                      0.17  -0.17     0.00
  SINCE SEP 1      0.00                      0.17  -0.17     0.00
  SINCE JAN 1     20.24                     14.24   6.00    11.98

DEGREE DAYS
 HEATING
  TODAY            0                         0      0        0
  MONTH TO DATE    0                         0      0        0
  SINCE SEP 1      0                         0      0        0
  SINCE JUL 1      0                         0      0        0

 COOLING
  TODAY           17                        15      2       21
  MONTH TO DATE   35                        30      5       45
  SINCE SEP 1     35                        30      5       45
  SINCE JAN 1   2250                      2066    184     2303
..................................................................


WIND (MPH)
  HIGHEST WIND SPEED    15   HIGHEST WIND DIRECTION     S (170)
  HIGHEST GUST SPEED    23   HIGHEST GUST DIRECTION     S (170)
  AVERAGE WIND SPEED     6.9


SKY COVER
  POSSIBLE SUNSHINE  MM
  AVERAGE SKY COVER 0.2


WEATHER CONDITIONS
 THE FOLLOWING WEATHER WAS RECORDED TODAY.
  NO SIGNIFICANT WEATHER WAS OBSERVED.


RELATIVE HUMIDITY (PERCENT)
 HIGHEST    84           600 AM
 LOWEST     26           400 PM
 AVERAGE    55

..........................................................


THE SAN ANGELO CLIMATE NORMALS FOR TOMORROW
                         NORMAL    RECORD    YEAR
 MAXIMUM TEMPERATURE (F)   92       104      2000
 MINIMUM TEMPERATURE (F)   68        49      1915


SUNRISE AND SUNSET
SEPTEMBER  2 2015.....SUNRISE   718 AM CDT   SUNSET   805 PM CDT
SEPTEMBER  3 2015.....SUNRISE   719 AM CDT   SUNSET   803 PM CDT


-  INDICATES NEGATIVE NUMBERS.
R  INDICATES RECORD WAS SET OR TIED.
MM INDICATES DATA IS MISSING.
T  INDICATES TRACE AMOUNT.




$$
