000
CDUS44 KSJT 210718
CLISJT


CLIMATE REPORT
NATIONAL WEATHER SERVICE SAN ANGELO TX
216 AM CDT MON APR 21 2014


...................................

...THE SAN ANGELO CLIMATE SUMMARY FOR APRIL 20 2014...

CLIMATE NORMAL PERIOD 1981 TO 2010
CLIMATE RECORD PERIOD 1907 TO 2014


WEATHER ITEM   OBSERVED TIME   RECORD YEAR NORMAL DEPARTURE LAST
                VALUE   (LST)  VALUE       VALUE  FROM      YEAR
                                                  NORMAL
..................................................................
TEMPERATURE (F)
 YESTERDAY
  MAXIMUM         74    551 PM  99    1925  81     -7       79
  MINIMUM         61    636 AM  38    1940  53      8       46
                                      1922
  AVERAGE         68                        67      1       63

PRECIPITATION (IN)
  YESTERDAY        0.13          1.08 1964   0.05   0.08     0.00
  MONTH TO DATE    0.41                      0.88  -0.47     0.98
  SINCE MAR 1      0.46                      2.38  -1.92     0.99
  SINCE JAN 1      0.52                      4.66  -4.14     2.81

SNOWFALL (IN)
  YESTERDAY        0.0           0.0  2002   0.0    0.0      0.0
  MONTH TO DATE    0.0                       0.0    0.0       T
  SINCE NOV 1      1.6                       2.2   -0.6      2.8
  SINCE JUL 1      1.6                       2.2   -0.6      2.8
  SNOW DEPTH       0

DEGREE DAYS
 HEATING
  YESTERDAY        0                         2     -2        2
  MONTH TO DATE   65                        73     -8       79
  SINCE MAR 1    347                       330     17      266
  SINCE JUL 1   2467                      2291    176     1868

 COOLING
  YESTERDAY        3                         4     -1        0
  MONTH TO DATE  103                        63     40      117
  SINCE MAR 1    158                        96     62      180
  SINCE JAN 1    161                       101     60      192
..................................................................


WIND (MPH)
  HIGHEST WIND SPEED    22   HIGHEST WIND DIRECTION     S (170)
  HIGHEST GUST SPEED    28   HIGHEST GUST DIRECTION     S (170)
  AVERAGE WIND SPEED    10.4


SKY COVER
  POSSIBLE SUNSHINE  MM
  AVERAGE SKY COVER 0.5


WEATHER CONDITIONS
 THE FOLLOWING WEATHER WAS RECORDED YESTERDAY.
  THUNDERSTORM
  LIGHT RAIN
  FOG


RELATIVE HUMIDITY (PERCENT)
 HIGHEST    93           200 AM
 LOWEST     68           500 PM
 AVERAGE    81

..........................................................


THE SAN ANGELO CLIMATE NORMALS FOR TODAY
                         NORMAL    RECORD    YEAR
 MAXIMUM TEMPERATURE (F)   82       101      1925
 MINIMUM TEMPERATURE (F)   53        36      1912


SUNRISE AND SUNSET
APRIL 21 2014.........SUNRISE   707 AM CDT   SUNSET   815 PM CDT
APRIL 22 2014.........SUNRISE   706 AM CDT   SUNSET   815 PM CDT


-  INDICATES NEGATIVE NUMBERS.
R  INDICATES RECORD WAS SET OR TIED.
MM INDICATES DATA IS MISSING.
T  INDICATES TRACE AMOUNT.




$$
