000
CDUS44 KSJT 220806
CLISJT


CLIMATE REPORT
NATIONAL WEATHER SERVICE SAN ANGELO TX
306 AM CDT TUE AUG 22 2017


...................................

...THE SAN ANGELO CLIMATE SUMMARY FOR AUGUST 21 2017...

CLIMATE NORMAL PERIOD 1981 TO 2010
CLIMATE RECORD PERIOD 1907 TO 2017


WEATHER ITEM   OBSERVED TIME   RECORD YEAR NORMAL DEPARTURE LAST
                VALUE   (LST)  VALUE       VALUE  FROM      YEAR
                                                  NORMAL
..................................................................
TEMPERATURE (F)
 YESTERDAY
  MAXIMUM         96    436 PM 105    1943  94      2       85
  MINIMUM         73    648 AM  57    1940  71      2       68
  AVERAGE         85                        82      3       77

PRECIPITATION (IN)
  YESTERDAY        0.00          1.01 1965   0.09  -0.09     0.00
  MONTH TO DATE    1.70                      1.35   0.35     2.86
  SINCE JUN 1      4.91                      5.14  -0.23     9.88
  SINCE JAN 1     11.39                     13.16  -1.77    25.51

DEGREE DAYS
 HEATING
  YESTERDAY        0                         0      0        0
  MONTH TO DATE    0                         0      0        0
  SINCE JUN 1      0                         0      0        0
  SINCE JUL 1      0                         0      0        0

 COOLING
  YESTERDAY       20                        17      3       12
  MONTH TO DATE  389                       387      2      433
  SINCE JUN 1   1563                      1414    149     1580
  SINCE JAN 1   2139                      1874    265     1991
..................................................................


WIND (MPH)
  HIGHEST WIND SPEED    15   HIGHEST WIND DIRECTION     S (190)
  HIGHEST GUST SPEED    24   HIGHEST GUST DIRECTION     S (180)
  AVERAGE WIND SPEED     9.1


SKY COVER
  POSSIBLE SUNSHINE  MM
  AVERAGE SKY COVER 0.0


WEATHER CONDITIONS
 THE FOLLOWING WEATHER WAS RECORDED YESTERDAY.
  NO SIGNIFICANT WEATHER WAS OBSERVED.


RELATIVE HUMIDITY (PERCENT)
 HIGHEST    68           600 AM
 LOWEST     27           400 PM
 AVERAGE    48

..........................................................


THE SAN ANGELO CLIMATE NORMALS FOR TODAY
                         NORMAL    RECORD    YEAR
 MAXIMUM TEMPERATURE (F)   94       105      2010
                                             1934
                                             1910
 MINIMUM TEMPERATURE (F)   70        60      1981


SUNRISE AND SUNSET
AUGUST 22 2017........SUNRISE   712 AM CDT   SUNSET   817 PM CDT
AUGUST 23 2017........SUNRISE   713 AM CDT   SUNSET   816 PM CDT


-  INDICATES NEGATIVE NUMBERS.
R  INDICATES RECORD WAS SET OR TIED.
MM INDICATES DATA IS MISSING.
T  INDICATES TRACE AMOUNT.




$$
