000
CDCA42 TJSJ 160446
CLISJU


CLIMATE REPORT
NATIONAL WEATHER SERVICE SAN JUAN, PR
1245 AM AST TUE SEP 16 2014


...................................

...THE SAN JUAN/P.R. CLIMATE SUMMARY FOR SEPTEMBER 15 2014...

CLIMATE NORMAL PERIOD 1981 TO 2010
CLIMATE RECORD PERIOD 1898 TO 2014


WEATHER ITEM   OBSERVED TIME   RECORD YEAR NORMAL DEPARTURE LAST
                VALUE   (LST)  VALUE       VALUE  FROM      YEAR
                                                  NORMAL
..................................................................
TEMPERATURE (F)
 YESTERDAY
  MAXIMUM         88    242 PM  92    2012  89     -1       90
                                      2003
                                      1978
  MINIMUM         78    635 AM  69    1960  78      0       78
  AVERAGE         83                        84     -1       84

PRECIPITATION (IN)
  YESTERDAY        0.08          3.82 2004   0.18  -0.10     0.00
  MONTH TO DATE    2.30                      3.07  -0.77     5.94
  SINCE SEP 1      2.30                      3.07  -0.77     5.94
  SINCE JAN 1     35.02                     36.69  -1.67    63.57

SNOWFALL (IN)
  YESTERDAY        0.0
  MONTH TO DATE    0.0
  SINCE SEP 1      0.0
  SINCE JUL 1      0.0

DEGREE DAYS
 HEATING
  YESTERDAY        0                         0      0        0
  MONTH TO DATE    0                         0      0        0
  SINCE SEP 1      0                         0      0        0
  SINCE JUL 1      0                         0      0        0

 COOLING
  YESTERDAY       18                        19     -1       19
  MONTH TO DATE  277                       285     -8      270
  SINCE SEP 1    277                       285     -8      270
  SINCE JAN 1   4492                      4149    343     4186
..................................................................


WIND (MPH)
  RESULTANT WIND SPEED   5   RESULTANT WIND DIRECTION  NE (60)
  HIGHEST WIND SPEED    16   HIGHEST WIND DIRECTION     N (20)
  HIGHEST GUST SPEED    21   HIGHEST GUST DIRECTION     N (10)
  AVERAGE WIND SPEED     4.9


SKY COVER
  AVERAGE SKY COVER 0.4


WEATHER CONDITIONS
 THE FOLLOWING WEATHER WAS RECORDED YESTERDAY.
  LIGHT RAIN
  FOG


RELATIVE HUMIDITY (PERCENT)
 HIGHEST    97
 LOWEST     72
 AVERAGE    85

..........................................................


THE SAN JUAN/P.R. CLIMATE NORMALS FOR TODAY
                         NORMAL    RECORD    YEAR
 MAXIMUM TEMPERATURE (F)   89        93      1900
                                             1985
 MINIMUM TEMPERATURE (F)   78        69      1929


SUNRISE AND SUNSET
SEPTEMBER 16 2014.....SUNRISE   612 AM AST   SUNSET   625 PM AST
SEPTEMBER 17 2014.....SUNRISE   612 AM AST   SUNSET   625 PM AST


-  INDICATES NEGATIVE NUMBERS.
R  INDICATES RECORD WAS SET OR TIED.
MM INDICATES DATA IS MISSING.
T  INDICATES TRACE AMOUNT.




$$
