000
CDCA42 TJSJ 230447
CLISJU


CLIMATE REPORT
NATIONAL WEATHER SERVICE SAN JUAN, PR
1246 AM AST THU FEB 23 2017


...................................

...THE SAN JUAN AREA/PR CLIMATE SUMMARY FOR FEBRUARY 22 2017...

CLIMATE NORMAL PERIOD 1981 TO 2010
CLIMATE RECORD PERIOD 1898 TO 2017


WEATHER ITEM   OBSERVED TIME   RECORD YEAR NORMAL DEPARTURE LAST
                VALUE   (LST)  VALUE       VALUE  FROM      YEAR
                                                  NORMAL
..................................................................
TEMPERATURE (F)
 YESTERDAY
  MAXIMUM         83   1129 AM  92    1968  84     -1       87
  MINIMUM         72    720 AM  62    1956  72      0       73
  AVERAGE         78                        78      0       80

PRECIPITATION (IN)
  YESTERDAY        0.01          1.12 1914   0.08  -0.07      T
  MONTH TO DATE    1.11                      1.94  -0.83     3.58
  SINCE DEC 1      7.30                     10.72  -3.42     8.65
  SINCE JAN 1      3.00                      5.70  -2.70     5.18

SNOWFALL (IN)
  YESTERDAY        0.0                       0.0    0.0      0.0
  MONTH TO DATE    0.0                       0.0    0.0      0.0
  SINCE DEC 1      0.0                       0.0    0.0      0.0
  SINCE JUL 1      0.0                       0.0    0.0      0.0

DEGREE DAYS
 HEATING
  YESTERDAY        0                         0      0        0
  MONTH TO DATE    0                         0      0        0
  SINCE DEC 1      0                         0      0        0
  SINCE JUL 1      0                         0      0        0

 COOLING
  YESTERDAY       13                        13      0       15
  MONTH TO DATE  328                       286     42      309
  SINCE DEC 1   1256                      1100    156     1212
  SINCE JAN 1    761                       677     84      740
..................................................................


WIND (MPH)
  HIGHEST WIND SPEED    15   HIGHEST WIND DIRECTION    NE (50)
  HIGHEST GUST SPEED    20   HIGHEST GUST DIRECTION    NE (50)
  AVERAGE WIND SPEED     7.6


SKY COVER
  AVERAGE SKY COVER 0.5


WEATHER CONDITIONS
 THE FOLLOWING WEATHER WAS RECORDED YESTERDAY.
  NO SIGNIFICANT WEATHER WAS OBSERVED.


RELATIVE HUMIDITY (PERCENT)
 HIGHEST    82
 LOWEST     58
 AVERAGE    70

..........................................................


THE SAN JUAN AREA/PR CLIMATE NORMALS FOR TODAY
                         NORMAL    RECORD    YEAR
 MAXIMUM TEMPERATURE (F)   84        89      1964
 MINIMUM TEMPERATURE (F)   72        64      1956


SUNRISE AND SUNSET
FEBRUARY 23 2017......SUNRISE   647 AM AST   SUNSET   628 PM AST
FEBRUARY 24 2017......SUNRISE   646 AM AST   SUNSET   628 PM AST


-  INDICATES NEGATIVE NUMBERS.
R  INDICATES RECORD WAS SET OR TIED.
MM INDICATES DATA IS MISSING.
T  INDICATES TRACE AMOUNT.




$$
