000
CDCA42 TJSJ 130427
CLISJU


CLIMATE REPORT
NATIONAL WEATHER SERVICE SAN JUAN, PR
1227 AM AST SUN JUL 13 2014


...................................

...THE SAN JUAN/P.R. CLIMATE SUMMARY FOR JULY 12 2014...

CLIMATE NORMAL PERIOD 1981 TO 2010
CLIMATE RECORD PERIOD 1898 TO 2014


WEATHER ITEM   OBSERVED TIME   RECORD YEAR NORMAL DEPARTURE LAST
                VALUE   (LST)  VALUE       VALUE  FROM      YEAR
                                                  NORMAL
..................................................................
TEMPERATURE (F)
 YESTERDAY
  MAXIMUM         90    203 PM  93    1980  89      1       88
  MINIMUM         80    602 AM  69    1952  78      2       79
  AVERAGE         85                        83      2       84

PRECIPITATION (IN)
  YESTERDAY        0.00          3.01 1905   0.17  -0.17     0.00
  MONTH TO DATE    0.95                      1.93  -0.98     2.13
  SINCE JUN 1      1.72                      6.34  -4.62    13.42
  SINCE JAN 1     20.13                     25.02  -4.89    38.17

SNOWFALL (IN)
  YESTERDAY        0.0
  MONTH TO DATE    0.0
  SINCE JUN 1      0.0
  SINCE JUL 1      0.0

DEGREE DAYS
 HEATING
  YESTERDAY        0                         0      0        0
  MONTH TO DATE    0                         0      0        0
  SINCE JUN 1      0                         0      0        0
  SINCE JUL 1      0                         0      0        0

 COOLING
  YESTERDAY       20                        18      2       19
  MONTH TO DATE  248                       216     32      215
  SINCE JUN 1    858                       765     93      731
  SINCE JAN 1   3264                      2930    334     2979
..................................................................


WIND (MPH)
  RESULTANT WIND SPEED  10   RESULTANT WIND DIRECTION  NE (60)
  HIGHEST WIND SPEED    21   HIGHEST WIND DIRECTION    NE (40)
  HIGHEST GUST SPEED    25   HIGHEST GUST DIRECTION    NE (50)
  AVERAGE WIND SPEED    10.2


SKY COVER
  POSSIBLE SUNSHINE  MM
  AVERAGE SKY COVER 0.3


WEATHER CONDITIONS
 THE FOLLOWING WEATHER WAS RECORDED YESTERDAY.
  NO SIGNIFICANT WEATHER WAS OBSERVED.


RELATIVE HUMIDITY (PERCENT)
 HIGHEST    85
 LOWEST     59
 AVERAGE    72

..........................................................


THE SAN JUAN/P.R. CLIMATE NORMALS FOR TODAY
                         NORMAL    RECORD    YEAR
 MAXIMUM TEMPERATURE (F)   89        94      1985
 MINIMUM TEMPERATURE (F)   78        71      2003


SUNRISE AND SUNSET
JULY 13 2014..........SUNRISE   555 AM AST   SUNSET   704 PM AST
JULY 14 2014..........SUNRISE   556 AM AST   SUNSET   704 PM AST


-  INDICATES NEGATIVE NUMBERS.
R  INDICATES RECORD WAS SET OR TIED.
MM INDICATES DATA IS MISSING.
T  INDICATES TRACE AMOUNT.




$$
