876
CDCA42 TJSJ 080429
CLISJU


CLIMATE REPORT
NATIONAL WEATHER SERVICE SAN JUAN, PR
1227 AM AST MON FEB 8 2016


...................................

...THE SAN JUAN AREA/PR CLIMATE SUMMARY FOR FEBRUARY 7 2016...

CLIMATE NORMAL PERIOD 1981 TO 2010
CLIMATE RECORD PERIOD 1898 TO 2016


WEATHER ITEM   OBSERVED TIME   RECORD YEAR NORMAL DEPARTURE LAST
                VALUE   (LST)  VALUE       VALUE  FROM      YEAR
                                                  NORMAL
..................................................................
TEMPERATURE (F)
 YESTERDAY
  MAXIMUM         85    312 PM  90    1998  84      1       83
  MINIMUM         70    837 AM  62    1968  72     -2       71
  AVERAGE         78                        78      0       77

PRECIPITATION (IN)
  YESTERDAY        0.40          1.87 1935   0.10   0.30     0.00
  MONTH TO DATE    1.37                      0.65   0.72     0.25
  SINCE DEC 1      6.44                      9.43  -2.99    10.72
  SINCE JAN 1      2.97                      4.41  -1.44     5.21

SNOWFALL (IN)
  YESTERDAY        0.0                       0.0    0.0      0.0
  MONTH TO DATE    0.0                       0.0    0.0      0.0
  SINCE DEC 1      0.0                       0.0    0.0      0.0
  SINCE JUL 1      0.0                       0.0    0.0      0.0

DEGREE DAYS
 HEATING
  YESTERDAY        0                         0      0        0
  MONTH TO DATE    0                         0      0        0
  SINCE DEC 1      0                         0      0        0
  SINCE JUL 1      0                         0      0        0

 COOLING
  YESTERDAY       13                        13      0       12
  MONTH TO DATE   94                        91      3       96
  SINCE DEC 1    997                       905     92      985
  SINCE JAN 1    525                       482     43      534
..................................................................


WIND (MPH)
  HIGHEST WIND SPEED    15   HIGHEST WIND DIRECTION     S (160)
  HIGHEST GUST SPEED    22   HIGHEST GUST DIRECTION    SE (150)
  AVERAGE WIND SPEED     4.5


SKY COVER
  AVERAGE SKY COVER 0.5


WEATHER CONDITIONS
 THE FOLLOWING WEATHER WAS RECORDED YESTERDAY.
  LIGHT RAIN
  FOG


RELATIVE HUMIDITY (PERCENT)
 HIGHEST   100
 LOWEST     55
 AVERAGE    78

..........................................................


THE SAN JUAN AREA/PR CLIMATE NORMALS FOR TODAY
                         NORMAL    RECORD    YEAR
 MAXIMUM TEMPERATURE (F)   84        92      1983
 MINIMUM TEMPERATURE (F)   72        63      1968


SUNRISE AND SUNSET
FEBRUARY  8 2016......SUNRISE   655 AM AST   SUNSET   621 PM AST
FEBRUARY  9 2016......SUNRISE   655 AM AST   SUNSET   622 PM AST


-  INDICATES NEGATIVE NUMBERS.
R  INDICATES RECORD WAS SET OR TIED.
MM INDICATES DATA IS MISSING.
T  INDICATES TRACE AMOUNT.




$$
