000
CDUS45 KSLC 271216
CLISLC


CLIMATE REPORT
NATIONAL WEATHER SERVICE SALT LAKE CITY UT
615 AM MDT WED MAY 27 2015


...................................

...THE SALT LAKE CITY UT CLIMATE SUMMARY FOR MAY 26 2015...

CLIMATE NORMAL PERIOD 1981 TO 2010
CLIMATE RECORD PERIOD 1874 TO 2015


WEATHER ITEM   OBSERVED TIME   RECORD YEAR NORMAL DEPARTURE LAST
                VALUE   (LST)  VALUE       VALUE  FROM      YEAR
                                                  NORMAL
..................................................................
TEMPERATURE (F)
 YESTERDAY
  MAXIMUM         62    714 PM  92    1958  75    -13       86
  MINIMUM         55   1107 PM  34    1975  51      4       54
                                      1929
  AVERAGE         59                        63     -4       70

PRECIPITATION (IN)
  YESTERDAY        0.11          0.98 1908   0.06   0.05     0.00
  MONTH TO DATE    3.99                      1.68   2.31     1.04
  SINCE OCT 1     10.20                     12.34  -2.14     9.48
  SINCE JAN 1      8.19                      7.96   0.23     6.47

SNOWFALL (IN)
  YESTERDAY        0.0           T    1929   0.0    0.0      0.0
  MONTH TO DATE    0.0                       0.3   -0.3      0.0
  SINCE OCT 1     15.4                      56.2  -40.8     35.5
  SINCE JUL 1     15.4                      56.2  -40.8     35.5
  SNOW DEPTH       0

DEGREE DAYS
 HEATING
  YESTERDAY        6                         4      2        0
  MONTH TO DATE  170                       186    -16      159
  SINCE MAR 1   1007                      1286   -279     1031
  SINCE JUL 1   4354                      5542  -1188     5018

 COOLING
  YESTERDAY        0                         2     -2        5
  MONTH TO DATE   14                        34    -20       16
  SINCE MAR 1     14                        38    -24       16
  SINCE JAN 1     14                        38    -24       16
..................................................................


WIND (MPH)
  RESULTANT WIND SPEED   6   RESULTANT WIND DIRECTION   S (170)
  HIGHEST WIND SPEED    17   HIGHEST WIND DIRECTION     S (180)
  HIGHEST GUST SPEED    22   HIGHEST GUST DIRECTION     S (160)
  AVERAGE WIND SPEED     6.8


SKY COVER
  POSSIBLE SUNSHINE  MM
  AVERAGE SKY COVER 0.6


WEATHER CONDITIONS
 THE FOLLOWING WEATHER WAS RECORDED YESTERDAY.
  THUNDERSTORM
  LIGHT RAIN


RELATIVE HUMIDITY (PERCENT)
 HIGHEST    80          1100 AM
 LOWEST     57          1200 AM
 AVERAGE    69

..........................................................


THE SALT LAKE CITY UT CLIMATE NORMALS FOR TODAY
                         NORMAL    RECORD    YEAR
 MAXIMUM TEMPERATURE (F)   76        93      1951
 MINIMUM TEMPERATURE (F)   51        33      1929


SUNRISE AND SUNSET
MAY 27 2015...........SUNRISE   601 AM MDT   SUNSET   849 PM MDT
MAY 28 2015...........SUNRISE   601 AM MDT   SUNSET   850 PM MDT


-  INDICATES NEGATIVE NUMBERS.
R  INDICATES RECORD WAS SET OR TIED.
MM INDICATES DATA IS MISSING.
T  INDICATES TRACE AMOUNT.




$$
