000
CDUS45 KSLC 251228
CLISLC


CLIMATE REPORT
NATIONAL WEATHER SERVICE SALT LAKE CITY UT
627 AM MDT THU MAY 25 2017


...................................

...THE SALT LAKE CITY UT CLIMATE SUMMARY FOR MAY 24 2017...

CLIMATE NORMAL PERIOD 1981 TO 2010
CLIMATE RECORD PERIOD 1874 TO 2017


WEATHER ITEM   OBSERVED TIME   RECORD YEAR NORMAL DEPARTURE LAST
                VALUE   (LST)  VALUE       VALUE  FROM      YEAR
                                                  NORMAL
..................................................................
TEMPERATURE (F)
 YESTERDAY
  MAXIMUM         89    235 PM  93    2003  75     14       72
  MINIMUM         60    505 AM  33    2010  50     10       51
  AVERAGE         75                        62     13       62

PRECIPITATION (IN)
  YESTERDAY        T             1.11 1907   0.06  -0.06     0.01
  MONTH TO DATE    0.61                      1.57  -0.96     1.56
  SINCE OCT 1     15.64                     12.23   3.41    10.88
  SINCE JAN 1     11.00                      7.85   3.15     7.63

SNOWFALL (IN)
  YESTERDAY        0.0           T    1980   0.0    0.0      0.0
  MONTH TO DATE    0.1                       0.3   -0.2      0.0
  SINCE OCT 1     51.4                      56.2   -4.8     34.3
  SINCE JUL 1     51.4                      56.2   -4.8     34.3
  SNOW DEPTH       0

DEGREE DAYS
 HEATING
  YESTERDAY        0                         5     -5        3
  MONTH TO DATE  129                       178    -49      121
  SINCE MAR 1   1016                      1278   -262      965
  SINCE JUL 1   4769                      5534   -765     4810

 COOLING
  YESTERDAY       10                         2      8        0
  MONTH TO DATE   43                        30     13       30
  SINCE MAR 1     45                        34     11       40
  SINCE JAN 1     45                        34     11       40
..................................................................


WIND (MPH)
  RESULTANT WIND SPEED   6   RESULTANT WIND DIRECTION   S (170)
  HIGHEST WIND SPEED    40   HIGHEST WIND DIRECTION     W (270)
  HIGHEST GUST SPEED    55   HIGHEST GUST DIRECTION     W (280)
  AVERAGE WIND SPEED    12.1


SKY COVER
  POSSIBLE SUNSHINE  MM
  AVERAGE SKY COVER 0.2


WEATHER CONDITIONS
 THE FOLLOWING WEATHER WAS RECORDED YESTERDAY.
  THUNDERSTORM
  LIGHT RAIN
  HAZE


RELATIVE HUMIDITY (PERCENT)
 HIGHEST    49           500 AM
 LOWEST     15           200 PM
 AVERAGE    32

..........................................................


THE SALT LAKE CITY UT CLIMATE NORMALS FOR TODAY
                         NORMAL    RECORD    YEAR
 MAXIMUM TEMPERATURE (F)   75        92      2001
                                             1961
                                             1886
 MINIMUM TEMPERATURE (F)   50        32      1975


SUNRISE AND SUNSET
MAY 25 2017...........SUNRISE   602 AM MDT   SUNSET   848 PM MDT
MAY 26 2017...........SUNRISE   602 AM MDT   SUNSET   849 PM MDT


-  INDICATES NEGATIVE NUMBERS.
R  INDICATES RECORD WAS SET OR TIED.
MM INDICATES DATA IS MISSING.
T  INDICATES TRACE AMOUNT.




$$
