000
CDUS45 KSLC 081239
CLISLC


CLIMATE REPORT
NATIONAL WEATHER SERVICE SALT LAKE CITY UT
539 AM MST THU DEC 8 2016


...................................

...THE SALT LAKE CITY UT CLIMATE SUMMARY FOR DECEMBER 7 2016...

CLIMATE NORMAL PERIOD 1981 TO 2010
CLIMATE RECORD PERIOD 1874 TO 2016


WEATHER ITEM   OBSERVED TIME   RECORD YEAR NORMAL DEPARTURE LAST
                VALUE   (LST)  VALUE       VALUE  FROM      YEAR
                                                  NORMAL
..................................................................
TEMPERATURE (F)
 YESTERDAY
  MAXIMUM         29    218 PM  60    1939  39    -10       48
  MINIMUM         20   1136 PM   1    1951  24     -4       26
  AVERAGE         25                        32     -7       37

PRECIPITATION (IN)
  YESTERDAY        T             1.10 2007   0.04  -0.04     0.07
  MONTH TO DATE    0.04                      0.33  -0.29     0.07
  SINCE OCT 1      2.70                      3.30  -0.60     1.09
  SINCE JAN 1     12.90                     15.02  -2.12    13.98

SNOWFALL (IN)
  YESTERDAY        T             4.5  1994   0.4   -0.4      0.0
  MONTH TO DATE    0.2                       2.8   -2.6      0.0
  SINCE OCT 1      5.9                      11.8   -5.9      1.4
  SINCE JUL 1      5.9                      11.8   -5.9      1.4
  SNOW DEPTH       0

DEGREE DAYS
 HEATING
  YESTERDAY       40                        34      6       28
  MONTH TO DATE  235                       229      6      219
  SINCE DEC 1    235                       229      6      219
  SINCE JUL 1   1034                      1447   -413     1161

 COOLING
  YESTERDAY        0                         0      0        0
  MONTH TO DATE    0                         0      0        0
  SINCE DEC 1      0                         0      0        0
  SINCE JAN 1   1619                      1160    459     1444
..................................................................


WIND (MPH)
  RESULTANT WIND SPEED   5   RESULTANT WIND DIRECTION  NW (330)
  HIGHEST WIND SPEED    14   HIGHEST WIND DIRECTION     N (340)
  HIGHEST GUST SPEED    16   HIGHEST GUST DIRECTION    NW (330)
  AVERAGE WIND SPEED     6.7


SKY COVER
  POSSIBLE SUNSHINE  MM
  AVERAGE SKY COVER 0.5


WEATHER CONDITIONS
 THE FOLLOWING WEATHER WAS RECORDED YESTERDAY.
  NO SIGNIFICANT WEATHER WAS OBSERVED.


RELATIVE HUMIDITY (PERCENT)
 HIGHEST    74           100 AM
 LOWEST     50           400 PM
 AVERAGE    62

..........................................................


THE SALT LAKE CITY UT CLIMATE NORMALS FOR TODAY
                         NORMAL    RECORD    YEAR
 MAXIMUM TEMPERATURE (F)   39        62      1939
 MINIMUM TEMPERATURE (F)   23        -3      1956
                                             1951


SUNRISE AND SUNSET
DECEMBER  8 2016......SUNRISE   740 AM MST   SUNSET   500 PM MST
DECEMBER  9 2016......SUNRISE   741 AM MST   SUNSET   500 PM MST


-  INDICATES NEGATIVE NUMBERS.
R  INDICATES RECORD WAS SET OR TIED.
MM INDICATES DATA IS MISSING.
T  INDICATES TRACE AMOUNT.




$$
