000
CDUS45 KSLC 251237
CLISLC


CLIMATE REPORT
NATIONAL WEATHER SERVICE SALT LAKE CITY UT
636 AM MDT TUE JUL 25 2017


...................................

...THE SALT LAKE CITY UT CLIMATE SUMMARY FOR JULY 24 2017...

CLIMATE NORMAL PERIOD 1981 TO 2010
CLIMATE RECORD PERIOD 1874 TO 2017


WEATHER ITEM   OBSERVED TIME   RECORD YEAR NORMAL DEPARTURE LAST
                VALUE   (LST)  VALUE       VALUE  FROM      YEAR
                                                  NORMAL
..................................................................
TEMPERATURE (F)
 YESTERDAY
  MAXIMUM         98    439 PM 105    1931  94      4       97
  MINIMUM         74    516 AM  50    1954  66      8       64
  AVERAGE         86                        80      6       81

PRECIPITATION (IN)
  YESTERDAY        0.01          0.75 1955   0.02  -0.01     0.00
  MONTH TO DATE    0.02                      0.46  -0.44      T
  SINCE OCT 1     15.91                     14.05   1.86    11.42
  SINCE JAN 1     11.27                      9.67   1.60     8.17

SNOWFALL (IN)
  YESTERDAY        0.0          MM      MM   0.0    0.0      0.0
  MONTH TO DATE    0.0                       0.0    0.0      0.0
  SINCE OCT 1     51.4                      56.2   -4.8     34.3
  SINCE JUL 1      0.0                       0.0    0.0      0.0
  SNOW DEPTH       0

DEGREE DAYS
 HEATING
  YESTERDAY        0                         0      0        0
  MONTH TO DATE    0                         0      0        1
  SINCE JUN 1      4                        46    -42        1
  SINCE JUL 1      0                         0      0        1

 COOLING
  YESTERDAY       21                        15      6       16
  MONTH TO DATE  528                       321    207      410
  SINCE JUN 1    869                       508    361      790
  SINCE JAN 1    944                       558    386      837
..................................................................


WIND (MPH)
  RESULTANT WIND SPEED   3   RESULTANT WIND DIRECTION  SE (150)
  HIGHEST WIND SPEED    22   HIGHEST WIND DIRECTION     S (180)
  HIGHEST GUST SPEED    27   HIGHEST GUST DIRECTION    SE (150)
  AVERAGE WIND SPEED     7.4


SKY COVER
  POSSIBLE SUNSHINE  MM
  AVERAGE SKY COVER 0.1


WEATHER CONDITIONS
 THE FOLLOWING WEATHER WAS RECORDED YESTERDAY.
  THUNDERSTORM
  LIGHT RAIN


RELATIVE HUMIDITY (PERCENT)
 HIGHEST    39           700 AM
 LOWEST     16           300 PM
 AVERAGE    28

..........................................................


THE SALT LAKE CITY UT CLIMATE NORMALS FOR TODAY
                         NORMAL    RECORD    YEAR
 MAXIMUM TEMPERATURE (F)   94       103      1933
 MINIMUM TEMPERATURE (F)   66        51      1964


SUNRISE AND SUNSET
JULY 25 2017..........SUNRISE   618 AM MDT   SUNSET   850 PM MDT
JULY 26 2017..........SUNRISE   619 AM MDT   SUNSET   849 PM MDT


-  INDICATES NEGATIVE NUMBERS.
R  INDICATES RECORD WAS SET OR TIED.
MM INDICATES DATA IS MISSING.
T  INDICATES TRACE AMOUNT.




$$
