412
CDUS45 KSLC 201226
CLISLC


CLIMATE REPORT
NATIONAL WEATHER SERVICE SALT LAKE CITY UT
626 AM MDT WED SEP 20 2017


...................................

...THE SALT LAKE CITY UT CLIMATE SUMMARY FOR SEPTEMBER 19 2017...

CLIMATE NORMAL PERIOD 1981 TO 2010
CLIMATE RECORD PERIOD 1874 TO 2017


WEATHER ITEM   OBSERVED TIME   RECORD YEAR NORMAL DEPARTURE LAST
                VALUE   (LST)  VALUE       VALUE  FROM      YEAR
                                                  NORMAL
..................................................................
TEMPERATURE (F)
 YESTERDAY
  MAXIMUM         64    210 AM  97    1956  78    -14       92
  MINIMUM         49   1151 PM  31    1964  52     -3       60
  AVERAGE         57                        65     -8       76

PRECIPITATION (IN)
  YESTERDAY        0.13          0.56 1972   0.04   0.09     0.00
  MONTH TO DATE    0.63                      0.69  -0.06     0.27
  SINCE OCT 1     17.10                     15.58   1.52    11.84
  SINCE JAN 1     12.46                     11.20   1.26     8.59

SNOWFALL (IN)
  YESTERDAY       MM            MM      MM   0.0   MM        0.0
  MONTH TO DATE    0.0                       0.0    0.0      0.0
  SINCE OCT 1     51.4                      56.2   -4.8     34.3
  SINCE JUL 1      0.0                       0.0    0.0      0.0
  SNOW DEPTH       0

DEGREE DAYS
 HEATING
  YESTERDAY        8                         3      5        0
  MONTH TO DATE   22                        31     -9       12
  SINCE SEP 1     22                        31     -9       12
  SINCE JUL 1     22                        36    -14       13

 COOLING
  YESTERDAY        0                         3     -3       11
  MONTH TO DATE  196                        98     98       97
  SINCE SEP 1    196                        98     98       97
  SINCE JAN 1   1758                      1134    624     1574
..................................................................


WIND (MPH)
  RESULTANT WIND SPEED   5   RESULTANT WIND DIRECTION   N (350)
  HIGHEST WIND SPEED    29   HIGHEST WIND DIRECTION    NW (330)
  HIGHEST GUST SPEED    33   HIGHEST GUST DIRECTION    NW (330)
  AVERAGE WIND SPEED     6.7


SKY COVER
  POSSIBLE SUNSHINE  MM
  AVERAGE SKY COVER 0.6


WEATHER CONDITIONS
 THE FOLLOWING WEATHER WAS RECORDED YESTERDAY.
  THUNDERSTORM
  HEAVY RAIN
  LIGHT RAIN
  FOG


RELATIVE HUMIDITY (PERCENT)
 HIGHEST    93           700 AM
 LOWEST     34           600 PM
 AVERAGE    64

..........................................................


THE SALT LAKE CITY UT CLIMATE NORMALS FOR TODAY
                         NORMAL    RECORD    YEAR
 MAXIMUM TEMPERATURE (F)   77        91      1933
 MINIMUM TEMPERATURE (F)   51        30      1965


SUNRISE AND SUNSET
SEPTEMBER 20 2017.....SUNRISE   714 AM MDT   SUNSET   728 PM MDT
SEPTEMBER 21 2017.....SUNRISE   715 AM MDT   SUNSET   726 PM MDT


-  INDICATES NEGATIVE NUMBERS.
R  INDICATES RECORD WAS SET OR TIED.
MM INDICATES DATA IS MISSING.
T  INDICATES TRACE AMOUNT.




$$
