000
CDUS45 KSLC 280042
CLISLC


CLIMATE REPORT
NATIONAL WEATHER SERVICE SALT LAKE CITY UT
642 PM MDT FRI MAY 27 2016


...................................

...THE SALT LAKE CITY UT CLIMATE SUMMARY FOR MAY 27 2016...
VALID TODAY AS OF 0500 PM LOCAL TIME.

CLIMATE NORMAL PERIOD 1981 TO 2010
CLIMATE RECORD PERIOD 1874 TO 2016


WEATHER ITEM   OBSERVED TIME   RECORD YEAR NORMAL DEPARTURE LAST
                VALUE   (LST)  VALUE       VALUE  FROM      YEAR
                                                  NORMAL
..................................................................
TEMPERATURE (F)
 TODAY
  MAXIMUM         74    145 PM  93    1951  76     -2       71
  MINIMUM         53    426 AM  33    1929  51      2       51
  AVERAGE         64                        63      1       61

PRECIPITATION (IN)
  TODAY            0.00          0.72 1899   0.05  -0.05     0.10
  MONTH TO DATE    1.56                      1.73  -0.17     4.09
  SINCE OCT 1     10.88                     12.39  -1.51    10.30
  SINCE JAN 1      7.63                      8.01  -0.38     8.29

SNOWFALL (IN)
  TODAY            0.0           T    1929   0.0    0.0      0.0
  MONTH TO DATE    0.0                       0.3   -0.3      0.0
  SINCE OCT 1     34.3                      56.2  -21.9     15.4
  SINCE JUL 1     34.3                      56.2  -21.9     15.4
  SNOW DEPTH       0

DEGREE DAYS
 HEATING
  TODAY            1                         4     -3        4
  MONTH TO DATE  132                       190    -58      174
  SINCE MAR 1    976                      1290   -314     1011
  SINCE JUL 1   4821                      5546   -725     4358

 COOLING
  TODAY            0                         2     -2        0
  MONTH TO DATE   30                        36     -6       14
  SINCE MAR 1     40                        40      0       14
  SINCE JAN 1     40                        40      0       14
..................................................................


WIND (MPH)
  RESULTANT WIND SPEED   4   RESULTANT WIND DIRECTION   S (170)
  HIGHEST WIND SPEED    18   HIGHEST WIND DIRECTION     S (170)
  HIGHEST GUST SPEED    27   HIGHEST GUST DIRECTION    NW (320)
  AVERAGE WIND SPEED     7.2


SKY COVER
  POSSIBLE SUNSHINE  MM
  AVERAGE SKY COVER 0.5


WEATHER CONDITIONS
 THE FOLLOWING WEATHER WAS RECORDED TODAY.
  THUNDERSTORM


RELATIVE HUMIDITY (PERCENT)
 HIGHEST    66           600 AM
 LOWEST     25           100 PM
 AVERAGE    46

..........................................................


THE SALT LAKE CITY UT CLIMATE NORMALS FOR TOMORROW
                         NORMAL    RECORD    YEAR
 MAXIMUM TEMPERATURE (F)   76        99      2003
 MINIMUM TEMPERATURE (F)   51        32      1954


SUNRISE AND SUNSET
MAY 27 2016...........SUNRISE   601 AM MDT   SUNSET   850 PM MDT
MAY 28 2016...........SUNRISE   600 AM MDT   SUNSET   850 PM MDT


-  INDICATES NEGATIVE NUMBERS.
R  INDICATES RECORD WAS SET OR TIED.
MM INDICATES DATA IS MISSING.
T  INDICATES TRACE AMOUNT.




$$
