000
CDUS46 KPQR 011141
CLISLE


CLIMATE REPORT
NATIONAL WEATHER SERVICE PORTLAND OREGON
440 AM PDT SUN MAY 1 2016


...................................

...THE SALEM OR CLIMATE SUMMARY FOR APRIL 30 2016...

CLIMATE NORMAL PERIOD 1981 TO 2010
CLIMATE RECORD PERIOD 1892 TO 2016


WEATHER ITEM   OBSERVED TIME   RECORD YEAR NORMAL DEPARTURE LAST
                VALUE   (LST)  VALUE       VALUE  FROM      YEAR
                                                  NORMAL
..................................................................
TEMPERATURE (F)
 YESTERDAY
  MAXIMUM         67    506 PM  86    2014  64      3       70
  MINIMUM         39    553 AM  27    1972  41     -2       39
  AVERAGE         53                        53      0       55

PRECIPITATION (IN)
  YESTERDAY        0.00          0.57 2001   0.07  -0.07     0.00
  MONTH TO DATE    2.04                      2.81  -0.77     2.10
  SINCE OCT 1     42.68                     33.71   8.97    31.42
  SINCE JAN 1     19.13                     17.32   1.81    13.88

DEGREE DAYS
 HEATING
  YESTERDAY       12                        12      0       10
  MONTH TO DATE  248                       440   -192      415
  SINCE MAR 1    726                      1003   -277      827
  SINCE JUL 1   3382                      4243   -861     3297

 COOLING
  YESTERDAY        0                         0      0        0
  MONTH TO DATE    7                         0      7        0
  SINCE MAR 1      7                         0      7        0
  SINCE JAN 1      7                         0      7        0
..................................................................


WIND (MPH)
  HIGHEST WIND SPEED    15   HIGHEST WIND DIRECTION     N (20)
  HIGHEST GUST SPEED    20   HIGHEST GUST DIRECTION     N (20)
  AVERAGE WIND SPEED     6.1


SKY COVER
  POSSIBLE SUNSHINE  MM
  AVERAGE SKY COVER 0.3


WEATHER CONDITIONS
 THE FOLLOWING WEATHER WAS RECORDED YESTERDAY.
  NO SIGNIFICANT WEATHER WAS OBSERVED.


RELATIVE HUMIDITY (PERCENT)
 HIGHEST    92           600 AM
 LOWEST     48           500 PM
 AVERAGE    70

..........................................................


THE SALEM OR CLIMATE NORMALS FOR TODAY
                         NORMAL    RECORD    YEAR
 MAXIMUM TEMPERATURE (F)   64        88      2014
 MINIMUM TEMPERATURE (F)   42        25      1954


SUNRISE AND SUNSET
MAY  1 2016...........SUNRISE   601 AM PDT   SUNSET   818 PM PDT
MAY  2 2016...........SUNRISE   559 AM PDT   SUNSET   819 PM PDT


-  INDICATES NEGATIVE NUMBERS.
R  INDICATES RECORD WAS SET OR TIED.
MM INDICATES DATA IS MISSING.
T  INDICATES TRACE AMOUNT.




$$
