000
CDUS46 KPQR 271147
CLISLE


CLIMATE REPORT
NATIONAL WEATHER SERVICE PORTLAND OREGON
446 AM PDT FRI MAY 27 2016


...................................

...THE SALEM OR CLIMATE SUMMARY FOR MAY 26 2016...

CLIMATE NORMAL PERIOD 1981 TO 2010
CLIMATE RECORD PERIOD 1892 TO 2016


WEATHER ITEM   OBSERVED TIME   RECORD YEAR NORMAL DEPARTURE LAST
                VALUE   (LST)  VALUE       VALUE  FROM      YEAR
                                                  NORMAL
..................................................................
TEMPERATURE (F)
 YESTERDAY
  MAXIMUM         64    412 PM  91    2005  70     -6       71
  MINIMUM         51    722 AM  34    1973  47      4       47
                                      1930
  AVERAGE         58                        58      0       59

PRECIPITATION (IN)
  YESTERDAY        0.00          1.32 1895   0.07  -0.07     0.00
  MONTH TO DATE    1.17                      1.84  -0.67     0.72
  SINCE OCT 1     43.85                     35.55   8.30    32.14
  SINCE JAN 1     20.30                     19.16   1.14    14.60

DEGREE DAYS
 HEATING
  YESTERDAY        7                         7      0        6
  MONTH TO DATE  123                       245   -122      159
  SINCE MAR 1    849                      1248   -399      986
  SINCE JUL 1   3505                      4488   -983     3456

 COOLING
  YESTERDAY        0                         0      0        0
  MONTH TO DATE   10                         0     10        0
  SINCE MAR 1     17                         0     17        0
  SINCE JAN 1     17                         0     17        0
..................................................................


WIND (MPH)
  HIGHEST WIND SPEED    15   HIGHEST WIND DIRECTION     W (290)
  HIGHEST GUST SPEED    20   HIGHEST GUST DIRECTION     W (270)
  AVERAGE WIND SPEED     6.2


SKY COVER
  POSSIBLE SUNSHINE  MM
  AVERAGE SKY COVER 0.9


WEATHER CONDITIONS
 THE FOLLOWING WEATHER WAS RECORDED YESTERDAY.
  NO SIGNIFICANT WEATHER WAS OBSERVED.


RELATIVE HUMIDITY (PERCENT)
 HIGHEST    83           500 AM
 LOWEST     48           400 PM
 AVERAGE    66

..........................................................


THE SALEM OR CLIMATE NORMALS FOR TODAY
                         NORMAL    RECORD    YEAR
 MAXIMUM TEMPERATURE (F)   70        90      2005
 MINIMUM TEMPERATURE (F)   47        30      1966


SUNRISE AND SUNSET
MAY 27 2016...........SUNRISE   532 AM PDT   SUNSET   847 PM PDT
MAY 28 2016...........SUNRISE   531 AM PDT   SUNSET   848 PM PDT


-  INDICATES NEGATIVE NUMBERS.
R  INDICATES RECORD WAS SET OR TIED.
MM INDICATES DATA IS MISSING.
T  INDICATES TRACE AMOUNT.




$$
