016
CDUS46 KPQR 231148
CLISLE


CLIMATE REPORT
NATIONAL WEATHER SERVICE PORTLAND OREGON
448 AM PDT MON OCT 23 2017


...................................

...THE SALEM OR CLIMATE SUMMARY FOR OCTOBER 22 2017...

CLIMATE NORMAL PERIOD 1981 TO 2010
CLIMATE RECORD PERIOD 1892 TO 2017


WEATHER ITEM   OBSERVED TIME   RECORD YEAR NORMAL DEPARTURE LAST
                VALUE   (LST)  VALUE       VALUE  FROM      YEAR
                                                  NORMAL
..................................................................
TEMPERATURE (F)
 YESTERDAY
  MAXIMUM         63    339 PM  83    1929  61      2       61
  MINIMUM         48   1145 PM  28    1981  41      7       43
                                      1980
                                      1928
  AVERAGE         56                        51      5       52

PRECIPITATION (IN)
  YESTERDAY        1.39          1.55 1931   0.12   1.27     0.10
  MONTH TO DATE    5.40                      1.80   3.60     9.16
  SINCE OCT 1      5.40                      1.80   3.60     9.16
  SINCE JAN 1     41.21                     25.08  16.13    32.87

DEGREE DAYS
 HEATING
  YESTERDAY        9                        14     -5       13
  MONTH TO DATE  249                       231     18      203
  SINCE SEP 1    330                       340    -10      293
  SINCE JUL 1    332                       396    -64      308

 COOLING
  YESTERDAY        0                         0      0        0
  MONTH TO DATE    0                         0      0        0
  SINCE SEP 1    127                        37     90       19
  SINCE JAN 1    647                       289    358      465
..................................................................


WIND (MPH)
  HIGHEST WIND SPEED    25   HIGHEST WIND DIRECTION     S (190)
  HIGHEST GUST SPEED    34   HIGHEST GUST DIRECTION     S (190)
  AVERAGE WIND SPEED     8.1


SKY COVER
  POSSIBLE SUNSHINE  MM
  AVERAGE SKY COVER 0.7


WEATHER CONDITIONS
 THE FOLLOWING WEATHER WAS RECORDED YESTERDAY.
  HEAVY RAIN
  RAIN
  LIGHT RAIN
  FOG


RELATIVE HUMIDITY (PERCENT)
 HIGHEST    96           800 PM
 LOWEST     72           200 PM
 AVERAGE    84

..........................................................


THE SALEM OR CLIMATE NORMALS FOR TODAY
                         NORMAL    RECORD    YEAR
 MAXIMUM TEMPERATURE (F)   61        82      1929
 MINIMUM TEMPERATURE (F)   41        28      1935


SUNRISE AND SUNSET
OCTOBER 23 2017.......SUNRISE   739 AM PDT   SUNSET   613 PM PDT
OCTOBER 24 2017.......SUNRISE   740 AM PDT   SUNSET   612 PM PDT


-  INDICATES NEGATIVE NUMBERS.
R  INDICATES RECORD WAS SET OR TIED.
MM INDICATES DATA IS MISSING.
T  INDICATES TRACE AMOUNT.




$$
