478
CDUS46 KPQR 221143
CLISLE


CLIMATE REPORT
NATIONAL WEATHER SERVICE PORTLAND OREGON
343 AM PST SUN JAN 22 2017


...................................

...THE SALEM OR CLIMATE SUMMARY FOR JANUARY 21 2017...

CLIMATE NORMAL PERIOD 1981 TO 2010
CLIMATE RECORD PERIOD 1892 TO 2017


WEATHER ITEM   OBSERVED TIME   RECORD YEAR NORMAL DEPARTURE LAST
                VALUE   (LST)  VALUE       VALUE  FROM      YEAR
                                                  NORMAL
..................................................................
TEMPERATURE (F)
 YESTERDAY
  MAXIMUM         49    226 PM  67    1899  48      1       54
  MINIMUM         36   1140 PM  -5    1930  35      1       46
  AVERAGE         43                        42      1       50

PRECIPITATION (IN)
  YESTERDAY        0.23          1.34 1951   0.18   0.05     0.22
  MONTH TO DATE    5.27                      4.19   1.08     5.53
  SINCE OCT 1     28.57                     20.58   7.99    29.08
  SINCE JAN 1      5.27                      4.19   1.08     5.53

DEGREE DAYS
 HEATING
  YESTERDAY       22                        23     -1       15
  MONTH TO DATE  643                       508    135      504
  SINCE DEC 1   1509                      1280    229     1142
  SINCE JUL 1   2313                      2397    -84     2022

 COOLING
  YESTERDAY        0                         0      0        0
  MONTH TO DATE    0                         0      0        0
  SINCE DEC 1      0                         0      0        0
  SINCE JAN 1      0                         0      0        0
..................................................................


WIND (MPH)
  HIGHEST WIND SPEED    26   HIGHEST WIND DIRECTION     S (190)
  HIGHEST GUST SPEED    34   HIGHEST GUST DIRECTION     S (180)
  AVERAGE WIND SPEED     9.7


SKY COVER
  POSSIBLE SUNSHINE  MM
  AVERAGE SKY COVER 0.8


WEATHER CONDITIONS
 THE FOLLOWING WEATHER WAS RECORDED YESTERDAY.
  RAIN
  LIGHT RAIN
  FOG


RELATIVE HUMIDITY (PERCENT)
 HIGHEST    92          1000 PM
 LOWEST     76          1100 AM
 AVERAGE    84

..........................................................


THE SALEM OR CLIMATE NORMALS FOR TODAY
                         NORMAL    RECORD    YEAR
 MAXIMUM TEMPERATURE (F)   49        60      2016
                                             1970
 MINIMUM TEMPERATURE (F)   35         4      1930


SUNRISE AND SUNSET
JANUARY 22 2017.......SUNRISE   741 AM PST   SUNSET   507 PM PST
JANUARY 23 2017.......SUNRISE   740 AM PST   SUNSET   508 PM PST


-  INDICATES NEGATIVE NUMBERS.
R  INDICATES RECORD WAS SET OR TIED.
MM INDICATES DATA IS MISSING.
T  INDICATES TRACE AMOUNT.




$$
