000
CDUS46 KPQR 280222
CLISLE


CLIMATE REPORT
NATIONAL WEATHER SERVICE PORTLAND OREGON
721 PM PDT TUE JUN 27 2017


...................................

...THE SALEM OR CLIMATE SUMMARY FOR JUNE 27 2017...
VALID TODAY AS OF 0700 PM LOCAL TIME.

CLIMATE NORMAL PERIOD 1981 TO 2010
CLIMATE RECORD PERIOD 1892 TO 2017


WEATHER ITEM   OBSERVED TIME   RECORD YEAR NORMAL DEPARTURE LAST
                VALUE   (LST)  VALUE       VALUE  FROM      YEAR
                                                  NORMAL
..................................................................
TEMPERATURE (F)
 TODAY
  MAXIMUM         77    559 PM  99    2000  77      0       89
  MINIMUM         58    545 AM  35    1965  51      7       57
  AVERAGE         68                        64      4       73

PRECIPITATION (IN)
  TODAY            0.00          0.44 1955   0.03  -0.03     0.00
  MONTH TO DATE    0.74                      1.47  -0.73     1.00
  SINCE OCT 1     56.60                     37.40  19.20    44.86
  SINCE JAN 1     33.30                     21.01  12.29    21.31

DEGREE DAYS
 HEATING
  TODAY            0                         3     -3        0
  MONTH TO DATE   81                       122    -41       78
  SINCE JUN 1     81                       122    -41       78
  SINCE JUL 1   4417                      4645   -228     3604

 COOLING
  TODAY            3                         2      1        8
  MONTH TO DATE   67                        23     44       82
  SINCE JUN 1     67                        23     44       82
  SINCE JAN 1     94                        32     62      103
..................................................................


WIND (MPH)
  HIGHEST WIND SPEED    10   HIGHEST WIND DIRECTION     N (360)
  HIGHEST GUST SPEED    12   HIGHEST GUST DIRECTION     N (20)
  AVERAGE WIND SPEED     4.5


SKY COVER
  POSSIBLE SUNSHINE  MM
  AVERAGE SKY COVER 0.7


WEATHER CONDITIONS
 THE FOLLOWING WEATHER WAS RECORDED TODAY.
  NO SIGNIFICANT WEATHER WAS OBSERVED.


RELATIVE HUMIDITY (PERCENT)
 HIGHEST    86           200 AM
 LOWEST     36           500 PM
 AVERAGE    61

..........................................................


THE SALEM OR CLIMATE NORMALS FOR TOMORROW
                         NORMAL    RECORD    YEAR
 MAXIMUM TEMPERATURE (F)   77       101      2008
 MINIMUM TEMPERATURE (F)   51        41      1971
                                             1968


SUNRISE AND SUNSET
JUNE 27 2017..........SUNRISE   528 AM PDT   SUNSET   902 PM PDT
JUNE 28 2017..........SUNRISE   528 AM PDT   SUNSET   902 PM PDT


-  INDICATES NEGATIVE NUMBERS.
R  INDICATES RECORD WAS SET OR TIED.
MM INDICATES DATA IS MISSING.
T  INDICATES TRACE AMOUNT.




$$
