000
CDUS46 KPQR 221142
CLISLE


CLIMATE REPORT
NATIONAL WEATHER SERVICE PORTLAND OREGON
342 AM PST MON JAN 22 2018


...................................

...THE SALEM OR CLIMATE SUMMARY FOR JANUARY 21 2018...

CLIMATE NORMAL PERIOD 1981 TO 2010
CLIMATE RECORD PERIOD 1892 TO 2018


WEATHER ITEM   OBSERVED TIME   RECORD YEAR NORMAL DEPARTURE LAST
                VALUE   (LST)  VALUE       VALUE  FROM      YEAR
                                                  NORMAL
..................................................................
TEMPERATURE (F)
 YESTERDAY
  MAXIMUM         51    653 AM  67    1899  48      3       49
  MINIMUM         41    850 PM  -5    1930  35      6       36
  AVERAGE         46                        42      4       43

PRECIPITATION (IN)
  YESTERDAY        0.08          1.34 1951   0.18  -0.10     0.23
  MONTH TO DATE    4.04                      4.19  -0.15     5.27
  SINCE OCT 1     19.14                     20.58  -1.44    28.57
  SINCE JAN 1      4.04                      4.19  -0.15     5.27

DEGREE DAYS
 HEATING
  YESTERDAY       19                        23     -4       22
  MONTH TO DATE  405                       508   -103      643
  SINCE DEC 1   1184                      1280    -96     1509
  SINCE JUL 1   2116                      2397   -281     2313

 COOLING
  YESTERDAY        0                         0      0        0
  MONTH TO DATE    0                         0      0        0
  SINCE DEC 1      0                         0      0        0
  SINCE JAN 1      0                         0      0        0
..................................................................


WIND (MPH)
  HIGHEST WIND SPEED    30   HIGHEST WIND DIRECTION     S (180)
  HIGHEST GUST SPEED    38   HIGHEST GUST DIRECTION     S (190)
  AVERAGE WIND SPEED    13.7


SKY COVER
  POSSIBLE SUNSHINE  MM
  AVERAGE SKY COVER 0.9


WEATHER CONDITIONS
 THE FOLLOWING WEATHER WAS RECORDED YESTERDAY.
  LIGHT RAIN
  FOG


RELATIVE HUMIDITY (PERCENT)
 HIGHEST    89           600 PM
 LOWEST     52           500 AM
 AVERAGE    71

..........................................................


THE SALEM OR CLIMATE NORMALS FOR TODAY
                         NORMAL    RECORD    YEAR
 MAXIMUM TEMPERATURE (F)   49        60      2016
                                             1970
 MINIMUM TEMPERATURE (F)   35         4      1930


SUNRISE AND SUNSET
JANUARY 22 2018.......SUNRISE   741 AM PST   SUNSET   506 PM PST
JANUARY 23 2018.......SUNRISE   741 AM PST   SUNSET   508 PM PST


-  INDICATES NEGATIVE NUMBERS.
R  INDICATES RECORD WAS SET OR TIED.
MM INDICATES DATA IS MISSING.
T  INDICATES TRACE AMOUNT.




$$
