987
CDUS46 KPQR 121145
CLISLE


CLIMATE REPORT
NATIONAL WEATHER SERVICE PORTLAND OREGON
344 AM PST FRI FEB 12 2016


...................................

...THE SALEM OR CLIMATE SUMMARY FOR FEBRUARY 11 2016...

CLIMATE NORMAL PERIOD 1981 TO 2010
CLIMATE RECORD PERIOD 1892 TO 2016


WEATHER ITEM   OBSERVED TIME   RECORD YEAR NORMAL DEPARTURE LAST
                VALUE   (LST)  VALUE       VALUE  FROM      YEAR
                                                  NORMAL
..................................................................
TEMPERATURE (F)
 YESTERDAY
  MAXIMUM         59   1257 PM  64    1924  51      8       54
  MINIMUM         49    650 AM  15    1929  34     15       38
  AVERAGE         54                        43     11       46

PRECIPITATION (IN)
  YESTERDAY        0.10          1.00 1958   0.17  -0.07     0.00
  MONTH TO DATE    0.54                      1.88  -1.34     4.17
  SINCE OCT 1     31.91                     24.23   7.68    24.92
  SINCE JAN 1      8.36                      7.84   0.52     7.38

DEGREE DAYS
 HEATING
  YESTERDAY       11                        22    -11       19
  MONTH TO DATE  188                       249    -61      168
  SINCE DEC 1   1490                      1759   -269     1423
  SINCE JUL 1   2370                      2876   -506     2189

 COOLING
  YESTERDAY        0                         0      0        0
  MONTH TO DATE    0                         0      0        0
  SINCE DEC 1      0                         0      0        0
  SINCE JAN 1      0                         0      0        0
..................................................................


WIND (MPH)
  HIGHEST WIND SPEED     9   HIGHEST WIND DIRECTION    NE (50)
  HIGHEST GUST SPEED    12   HIGHEST GUST DIRECTION     E (70)
  AVERAGE WIND SPEED     2.8


SKY COVER
  POSSIBLE SUNSHINE  MM
  AVERAGE SKY COVER 0.9


WEATHER CONDITIONS
 THE FOLLOWING WEATHER WAS RECORDED YESTERDAY.
  LIGHT RAIN
  FOG


RELATIVE HUMIDITY (PERCENT)
 HIGHEST    93           700 PM
 LOWEST     80           100 PM
 AVERAGE    87

..........................................................


THE SALEM OR CLIMATE NORMALS FOR TODAY
                         NORMAL    RECORD    YEAR
 MAXIMUM TEMPERATURE (F)   51        64      1992
                                             1981
 MINIMUM TEMPERATURE (F)   34        18      1929
                                             1905


SUNRISE AND SUNSET
FEBRUARY 12 2016......SUNRISE   718 AM PST   SUNSET   535 PM PST
FEBRUARY 13 2016......SUNRISE   716 AM PST   SUNSET   537 PM PST


-  INDICATES NEGATIVE NUMBERS.
R  INDICATES RECORD WAS SET OR TIED.
MM INDICATES DATA IS MISSING.
T  INDICATES TRACE AMOUNT.




$$
