000
CDUS46 KPQR 011144
CLISLE


CLIMATE REPORT
NATIONAL WEATHER SERVICE PORTLAND OREGON
443 AM PDT SAT AUG 1 2015


...................................

...THE SALEM OR CLIMATE SUMMARY FOR JULY 31 2015...

CLIMATE NORMAL PERIOD 1981 TO 2010
CLIMATE RECORD PERIOD 1892 TO 2015


WEATHER ITEM   OBSERVED TIME   RECORD YEAR NORMAL DEPARTURE LAST
                VALUE   (LST)  VALUE       VALUE  FROM      YEAR
                                                  NORMAL
..................................................................
TEMPERATURE (F)
 YESTERDAY
  MAXIMUM        103    439 PM 104    1965  84     19       94
  MINIMUM         62    518 AM  41    1920  54      8       61
  AVERAGE         83                        69     14       78

PRECIPITATION (IN)
  YESTERDAY        0.00          0.51 1989   0.01  -0.01      T
  MONTH TO DATE    0.01                      0.46  -0.45     0.46
  SINCE OCT 1     32.82                     37.94  -5.12    27.05
  SINCE JAN 1     15.28                     21.55  -6.27    22.47

DEGREE DAYS
 HEATING
  YESTERDAY        0                         0      0        0
  MONTH TO DATE    2                        30    -28        3
  SINCE JUN 1     24                       160   -136       69
  SINCE JUL 1      2                        30    -28        3

 COOLING
  YESTERDAY       18                         4     14       13
  MONTH TO DATE  261                       109    152      242
  SINCE JUN 1    421                       137    284      261
  SINCE JAN 1    434                       146    288      277
..................................................................


WIND (MPH)
  HIGHEST WIND SPEED    15   HIGHEST WIND DIRECTION     N (350)
  HIGHEST GUST SPEED    20   HIGHEST GUST DIRECTION     N (350)
  AVERAGE WIND SPEED     5.6


SKY COVER
  POSSIBLE SUNSHINE  MM
  AVERAGE SKY COVER 0.0


WEATHER CONDITIONS
 THE FOLLOWING WEATHER WAS RECORDED YESTERDAY.
  NO SIGNIFICANT WEATHER WAS OBSERVED.


RELATIVE HUMIDITY (PERCENT)
 HIGHEST    67           500 AM
 LOWEST     12           300 PM
 AVERAGE    40

..........................................................


THE SALEM OR CLIMATE NORMALS FOR TODAY
                         NORMAL    RECORD    YEAR
 MAXIMUM TEMPERATURE (F)   84        97      1986
 MINIMUM TEMPERATURE (F)   54        37      1920


SUNRISE AND SUNSET
AUGUST  1 2015........SUNRISE   557 AM PDT   SUNSET   838 PM PDT
AUGUST  2 2015........SUNRISE   559 AM PDT   SUNSET   837 PM PDT


-  INDICATES NEGATIVE NUMBERS.
R  INDICATES RECORD WAS SET OR TIED.
MM INDICATES DATA IS MISSING.
T  INDICATES TRACE AMOUNT.




$$
