000
CDUS41 KBTV 240527
CLISLK


CLIMATE REPORT
NATIONAL WEATHER SERVICE BURLINGTON VT
125 AM EDT WED MAY 24 2017


...................................

...THE SARANAC LAKE NY CLIMATE SUMMARY FOR MAY 23 2017...

CLIMATE NORMAL PERIOD 1981 TO 2010
CLIMATE RECORD PERIOD 9999 TO 9999


WEATHER ITEM   OBSERVED TIME   NORMAL DEPARTURE LAST
                VALUE   (LST)  VALUE  FROM      YEAR
                                      NORMAL
......................................................
TEMPERATURE (F)
 YESTERDAY
  MAXIMUM         67    255 PM  66      1       78
  MINIMUM         42    523 AM  39      3       34
  AVERAGE         55            53      2       56

PRECIPITATION (IN)
  YESTERDAY        0.00          0.13  -0.13     0.00
  MONTH TO DATE    4.89          2.45   2.44     1.81
  SINCE MAR 1     10.02          7.62   2.40     7.51
  SINCE JAN 1     14.56         11.36   3.20    11.39

DEGREE DAYS
 HEATING
  YESTERDAY       10            12     -2        9
  MONTH TO DATE  395           374     21      404
  SINCE MAR 1   2428          2440    -12     2336
  SINCE JUL 1   8124          9145  -1021     7931

 COOLING
  YESTERDAY        0             0      0        0
  MONTH TO DATE    6             0      6        0
  SINCE MAR 1      6             0      6        0
  SINCE JAN 1      6             0      6        0
......................................................


WIND (MPH)
  HIGHEST WIND SPEED    15   HIGHEST WIND DIRECTION    SW (220)
  HIGHEST GUST SPEED    20   HIGHEST GUST DIRECTION    SW (220)
  AVERAGE WIND SPEED     5.6


SKY COVER
  AVERAGE SKY COVER 0.4


WEATHER CONDITIONS
 THE FOLLOWING WEATHER WAS RECORDED YESTERDAY.
  FOG


RELATIVE HUMIDITY (PERCENT)
 HIGHEST   100           100 AM
 LOWEST     48           200 PM
 AVERAGE    74

..........................................................


THE SARANAC LAKE NY CLIMATE NORMALS FOR TODAY
                         NORMAL    RECORD    YEAR
 MAXIMUM TEMPERATURE (F)   66        86      2007
 MINIMUM TEMPERATURE (F)   40        31      2016


SUNRISE AND SUNSET
MAY 24 2017...........SUNRISE   521 AM EDT   SUNSET   827 PM EDT
MAY 25 2017...........SUNRISE   520 AM EDT   SUNSET   828 PM EDT


-  INDICATES NEGATIVE NUMBERS.
R  INDICATES RECORD WAS SET OR TIED.
MM INDICATES DATA IS MISSING.
T  INDICATES TRACE AMOUNT.




$$
