000
CDUS41 KBTV 010527
CLISLK


CLIMATE REPORT
NATIONAL WEATHER SERVICE BURLINGTON VT
126 AM EDT FRI AUG 1 2014


...................................

...THE SARANAC LAKE NY CLIMATE SUMMARY FOR JULY 31 2014...

CLIMATE NORMAL PERIOD 1981 TO 2010
CLIMATE RECORD PERIOD 9999 TO 9999


WEATHER ITEM   OBSERVED TIME   NORMAL DEPARTURE LAST
                VALUE   (LST)  VALUE  FROM      YEAR
                                      NORMAL
......................................................
TEMPERATURE (F)
 YESTERDAY
  MAXIMUM         67    134 PM  75     -8       76
  MINIMUM         42    504 AM  51     -9       48
  AVERAGE         55            63     -8       62

PRECIPITATION (IN)
  YESTERDAY        0.43          0.13   0.30     0.00
  MONTH TO DATE    4.06          4.19  -0.13     5.44
  SINCE JUN 1     10.84          8.04   2.80    14.72
  SINCE JAN 1     23.00         20.39   2.61    25.72

DEGREE DAYS
 HEATING
  YESTERDAY       10             3      7        3
  MONTH TO DATE  135            93     42       70
  SINCE JUN 1    302           278     24      290
  SINCE JUL 1    135            94     41       70

 COOLING
  YESTERDAY        0             1     -1        0
  MONTH TO DATE   38            46     -8      100
  SINCE JUN 1     59            72    -13      136
  SINCE JAN 1     60            75    -15      146
......................................................


WIND (MPH)
  HIGHEST WIND SPEED    26   HIGHEST WIND DIRECTION    SW (210)
  HIGHEST GUST SPEED    32   HIGHEST GUST DIRECTION     S (200)
  AVERAGE WIND SPEED     3.5


SKY COVER
  AVERAGE SKY COVER 0.4


WEATHER CONDITIONS
 THE FOLLOWING WEATHER WAS RECORDED YESTERDAY.
  THUNDERSTORM
  HEAVY RAIN
  RAIN
  LIGHT RAIN
  FOG
  FOG W/VISIBILITY <= 1/4 MILE


RELATIVE HUMIDITY (PERCENT)
 HIGHEST   100           500 AM
 LOWEST     68           500 PM
 AVERAGE    84

..........................................................


THE SARANAC LAKE NY CLIMATE NORMALS FOR TODAY
                         NORMAL    RECORD    YEAR
 MAXIMUM TEMPERATURE (F)   75        MM        MM
 MINIMUM TEMPERATURE (F)   50        MM        MM


SUNRISE AND SUNSET
AUGUST  1 2014........SUNRISE   544 AM EDT   SUNSET   822 PM EDT
AUGUST  2 2014........SUNRISE   545 AM EDT   SUNSET   820 PM EDT


-  INDICATES NEGATIVE NUMBERS.
R  INDICATES RECORD WAS SET OR TIED.
MM INDICATES DATA IS MISSING.
T  INDICATES TRACE AMOUNT.




$$
