000
CDUS41 KBTV 190531
CLISLK


CLIMATE REPORT
NATIONAL WEATHER SERVICE BURLINGTON VT
130 AM EDT FRI SEP 19 2014


...................................

...THE SARANAC LAKE NY CLIMATE SUMMARY FOR SEPTEMBER 18 2014...

CLIMATE NORMAL PERIOD 1981 TO 2010
CLIMATE RECORD PERIOD 9999 TO 9999


WEATHER ITEM   OBSERVED TIME   NORMAL DEPARTURE LAST
                VALUE   (LST)  VALUE  FROM      YEAR
                                      NORMAL
......................................................
TEMPERATURE (F)
 YESTERDAY
  MAXIMUM         51    347 PM  65    -14       69
  MINIMUM         26   1152 PM  41    -15       31
  AVERAGE         39            53    -14       50

PRECIPITATION (IN)
  YESTERDAY        T             0.11  -0.11     0.00
  MONTH TO DATE    1.88          2.04  -0.16     3.22
  SINCE SEP 1      1.88          2.04  -0.16     3.22
  SINCE JAN 1     27.84         26.58   1.26    32.10

DEGREE DAYS
 HEATING
  YESTERDAY       26            12     14       15
  MONTH TO DATE  196           167     29      211
  SINCE SEP 1    196           167     29      211
  SINCE JUL 1    475           407     68      424

 COOLING
  YESTERDAY        0             0      0        0
  MONTH TO DATE   12             7      5       16
  SINCE SEP 1     12             7      5       16
  SINCE JAN 1     80           114    -34      187
......................................................


WIND (MPH)
  HIGHEST WIND SPEED    10   HIGHEST WIND DIRECTION     N (20)
  HIGHEST GUST SPEED    14   HIGHEST GUST DIRECTION     N (20)
  AVERAGE WIND SPEED     4.2


SKY COVER
  AVERAGE SKY COVER 0.8


WEATHER CONDITIONS
 THE FOLLOWING WEATHER WAS RECORDED YESTERDAY.
  LIGHT RAIN
  FOG


RELATIVE HUMIDITY (PERCENT)
 HIGHEST    93           600 AM
 LOWEST     61           400 PM
 AVERAGE    77

..........................................................


THE SARANAC LAKE NY CLIMATE NORMALS FOR TODAY
                         NORMAL    RECORD    YEAR
 MAXIMUM TEMPERATURE (F)   65        MM        MM
 MINIMUM TEMPERATURE (F)   40        MM        MM


SUNRISE AND SUNSET
SEPTEMBER 19 2014.....SUNRISE   640 AM EDT   SUNSET   700 PM EDT
SEPTEMBER 20 2014.....SUNRISE   641 AM EDT   SUNSET   658 PM EDT


-  INDICATES NEGATIVE NUMBERS.
R  INDICATES RECORD WAS SET OR TIED.
MM INDICATES DATA IS MISSING.
T  INDICATES TRACE AMOUNT.




$$
