000
CDUS41 KBTV 300546
CLISLK


CLIMATE REPORT
NATIONAL WEATHER SERVICE BURLINGTON VT
137 AM EDT THU JUL 30 2015


...................................

...THE SARANAC LAKE NY CLIMATE SUMMARY FOR JULY 29 2015...

CLIMATE NORMAL PERIOD 1981 TO 2010
CLIMATE RECORD PERIOD 9999 TO 9999


WEATHER ITEM   OBSERVED TIME   NORMAL DEPARTURE LAST
                VALUE   (LST)  VALUE  FROM      YEAR
                                      NORMAL
......................................................
TEMPERATURE (F)
 YESTERDAY
  MAXIMUM         87    245 PM  75     12       65
  MINIMUM         55    518 AM  51      4       43
  AVERAGE         71            63      8       54

PRECIPITATION (IN)
  YESTERDAY        0.00          0.14  -0.14     0.00
  MONTH TO DATE    2.92          3.92  -1.00     3.63
  SINCE JUN 1     12.69          7.77   4.92    10.41
  SINCE JAN 1     20.48         20.12   0.36    22.57

DEGREE DAYS
 HEATING
  YESTERDAY        0             3     -3       11
  MONTH TO DATE   95            87      8      114
  SINCE JUN 1    291           271     20      281
  SINCE JUL 1     95            87      8      114

 COOLING
  YESTERDAY        6             1      5        0
  MONTH TO DATE   48            44      4       38
  SINCE JUN 1     54            70    -16       59
  SINCE JAN 1     70            73     -3       60
......................................................


WIND (MPH)
  HIGHEST WIND SPEED    14   HIGHEST WIND DIRECTION    SW (230)
  HIGHEST GUST SPEED    17   HIGHEST GUST DIRECTION    SW (240)
  AVERAGE WIND SPEED     2.6


SKY COVER
  AVERAGE SKY COVER 0.1


WEATHER CONDITIONS
 THE FOLLOWING WEATHER WAS RECORDED YESTERDAY.
  FOG


RELATIVE HUMIDITY (PERCENT)
 HIGHEST    97          1200 AM
 LOWEST     43           200 PM
 AVERAGE    70

..........................................................


THE SARANAC LAKE NY CLIMATE NORMALS FOR TODAY
                         NORMAL    RECORD    YEAR
 MAXIMUM TEMPERATURE (F)   75        84      1999
 MINIMUM TEMPERATURE (F)   51        37      2014


SUNRISE AND SUNSET
JULY 30 2015..........SUNRISE   541 AM EDT   SUNSET   824 PM EDT
JULY 31 2015..........SUNRISE   542 AM EDT   SUNSET   823 PM EDT


-  INDICATES NEGATIVE NUMBERS.
R  INDICATES RECORD WAS SET OR TIED.
MM INDICATES DATA IS MISSING.
T  INDICATES TRACE AMOUNT.




$$
