000
CDUS41 KBTV 180530
CLISLK


CLIMATE REPORT
NATIONAL WEATHER SERVICE BURLINGTON VT
1227 AM EST WED JAN 18 2017


...................................

...THE SARANAC LAKE NY CLIMATE SUMMARY FOR JANUARY 17 2017...

CLIMATE NORMAL PERIOD 1981 TO 2010
CLIMATE RECORD PERIOD 9999 TO 9999


WEATHER ITEM   OBSERVED TIME   NORMAL DEPARTURE LAST
                VALUE   (LST)  VALUE  FROM      YEAR
                                      NORMAL
......................................................
TEMPERATURE (F)
 YESTERDAY
  MAXIMUM         34    929 PM  25      9       25
  MINIMUM          6    724 AM   1      5        4
  AVERAGE         20            13      7       15

PRECIPITATION (IN)
  YESTERDAY        0.11          0.06   0.05     0.04
  MONTH TO DATE    1.19          1.14   0.05     0.46
  SINCE DEC 1      3.62          3.43   0.19     4.41
  SINCE JAN 1      1.19          1.14   0.05     0.46

DEGREE DAYS
 HEATING
  YESTERDAY       45            52     -7       50
  MONTH TO DATE  810           875    -65      689
  SINCE DEC 1   2168          2299   -131     1640
  SINCE JUL 1   4010          4574   -564     3590

 COOLING
  YESTERDAY        0             0      0        0
  MONTH TO DATE    0             0      0        0
  SINCE DEC 1      0             0      0        0
  SINCE JAN 1      0             0      0        0
......................................................


WIND (MPH)
  HIGHEST WIND SPEED    13   HIGHEST WIND DIRECTION    SE (140)
  HIGHEST GUST SPEED    18   HIGHEST GUST DIRECTION    SE (120)
  AVERAGE WIND SPEED     4.9


SKY COVER
  AVERAGE SKY COVER 0.4


WEATHER CONDITIONS
 THE FOLLOWING WEATHER WAS RECORDED YESTERDAY.
  RAIN
  LT FREEZING RAIN
  FOG
  HAZE


RELATIVE HUMIDITY (PERCENT)
 HIGHEST    88           800 AM
 LOWEST     56           100 PM
 AVERAGE    72

..........................................................


THE SARANAC LAKE NY CLIMATE NORMALS FOR TODAY
                         NORMAL    RECORD    YEAR
 MAXIMUM TEMPERATURE (F)   25        47      1999
 MINIMUM TEMPERATURE (F)    1       -34      2003


SUNRISE AND SUNSET
JANUARY 18 2017.......SUNRISE   728 AM EST   SUNSET   447 PM EST
JANUARY 19 2017.......SUNRISE   727 AM EST   SUNSET   449 PM EST


-  INDICATES NEGATIVE NUMBERS.
R  INDICATES RECORD WAS SET OR TIED.
MM INDICATES DATA IS MISSING.
T  INDICATES TRACE AMOUNT.




$$
