109
CDUS41 KBTV 230535
CLISLK


CLIMATE REPORT
NATIONAL WEATHER SERVICE BURLINGTON VT
1234 AM EST TUE JAN 23 2018


...................................

...THE SARANAC LAKE NY CLIMATE SUMMARY FOR JANUARY 22 2018...

CLIMATE NORMAL PERIOD 1981 TO 2010
CLIMATE RECORD PERIOD 9999 TO 9999


WEATHER ITEM   OBSERVED TIME   NORMAL DEPARTURE LAST
                VALUE   (LST)  VALUE  FROM      YEAR
                                      NORMAL
......................................................
TEMPERATURE (F)
 YESTERDAY
  MAXIMUM         33    122 PM  25      8       36
  MINIMUM         26    822 AM   1     25       30
  AVERAGE         30            13     17       33

PRECIPITATION (IN)
  YESTERDAY        0.15          0.07   0.08     0.00
  MONTH TO DATE    3.00          1.48   1.52     1.39
  SINCE DEC 1      4.76          3.77   0.99     3.82
  SINCE JAN 1      3.00          1.48   1.52     1.39

DEGREE DAYS
 HEATING
  YESTERDAY       35            52    -17       32
  MONTH TO DATE 1174          1135     39      969
  SINCE DEC 1   2759          2559    200     2327
  SINCE JUL 1   4816          4834    -18     4169

 COOLING
  YESTERDAY        0             0      0        0
  MONTH TO DATE    0             0      0        0
  SINCE DEC 1      0             0      0        0
  SINCE JAN 1      0             0      0        0
......................................................


WIND (MPH)
  HIGHEST WIND SPEED    15   HIGHEST WIND DIRECTION    NE (60)
  HIGHEST GUST SPEED    19   HIGHEST GUST DIRECTION    NE (60)
  AVERAGE WIND SPEED     6.6


SKY COVER
  AVERAGE SKY COVER 1.0


WEATHER CONDITIONS
 THE FOLLOWING WEATHER WAS RECORDED YESTERDAY.
  FREEZING RAIN
  LT FREEZING RAIN
  FOG


RELATIVE HUMIDITY (PERCENT)
 HIGHEST   100          1200 AM
 LOWEST     78           200 PM
 AVERAGE    89

..........................................................


THE SARANAC LAKE NY CLIMATE NORMALS FOR TODAY
                         NORMAL    RECORD    YEAR
 MAXIMUM TEMPERATURE (F)   25        52      1999
 MINIMUM TEMPERATURE (F)    1       -31      2011


SUNRISE AND SUNSET
JANUARY 23 2018.......SUNRISE   724 AM EST   SUNSET   454 PM EST
JANUARY 24 2018.......SUNRISE   723 AM EST   SUNSET   455 PM EST


-  INDICATES NEGATIVE NUMBERS.
R  INDICATES RECORD WAS SET OR TIED.
MM INDICATES DATA IS MISSING.
T  INDICATES TRACE AMOUNT.




$$
