000
CDUS43 KICT 030638
CLISLN


CLIMATE REPORT
NATIONAL WEATHER SERVICE WICHITA KS
138 AM CDT FRI JUL 3 2015


...................................

...THE SALINA KS CLIMATE SUMMARY FOR JULY 2 2015...

CLIMATE NORMAL PERIOD 1981 TO 2010
CLIMATE RECORD PERIOD 1894 TO 2015


WEATHER ITEM   OBSERVED TIME   RECORD YEAR NORMAL DEPARTURE LAST
                VALUE   (LST)  VALUE       VALUE  FROM      YEAR
                                                  NORMAL
..................................................................
TEMPERATURE (F)
 YESTERDAY
  MAXIMUM         85    550 PM 108    1990  92     -7       81
  MINIMUM         69   1159 PM  52    1959  68      1       56
  AVERAGE         77                        80     -3       69

PRECIPITATION (IN)
  YESTERDAY        0.08          1.96 1989   0.15  -0.07     0.00
  MONTH TO DATE    0.08                      0.30  -0.22     0.01
  SINCE JUN 1      4.58                      4.41   0.17     8.20
  SINCE JAN 1     16.18                     16.40  -0.22    15.59

DEGREE DAYS
 HEATING
  YESTERDAY        0                         0      0        0
  MONTH TO DATE    0                         0      0        0
  SINCE JUN 1      0                         7     -7        1
  SINCE JUL 1      0                         0      0        0

 COOLING
  YESTERDAY       12                        15     -3        4
  MONTH TO DATE   35                        30      5       17
  SINCE JUN 1    475                       355    120      374
  SINCE JAN 1    565                       483     82      606
..................................................................


WIND (MPH)
  HIGHEST WIND SPEED    17   HIGHEST WIND DIRECTION    NE (60)
  HIGHEST GUST SPEED    22   HIGHEST GUST DIRECTION     E (70)
  AVERAGE WIND SPEED     7.0


SKY COVER
  POSSIBLE SUNSHINE  MM
  AVERAGE SKY COVER 0.5


WEATHER CONDITIONS
 THE FOLLOWING WEATHER WAS RECORDED YESTERDAY.
  LIGHT RAIN
  FOG


RELATIVE HUMIDITY (PERCENT)
 HIGHEST    87          1100 AM
 LOWEST     55           500 PM
 AVERAGE    71

..........................................................


THE SALINA KS CLIMATE NORMALS FOR TODAY
                         NORMAL    RECORD    YEAR
 MAXIMUM TEMPERATURE (F)   92       109      1990
 MINIMUM TEMPERATURE (F)   68        48      1924


SUNRISE AND SUNSET
JULY  3 2015..........SUNRISE   610 AM CDT   SUNSET   859 PM CDT
JULY  4 2015..........SUNRISE   611 AM CDT   SUNSET   859 PM CDT


-  INDICATES NEGATIVE NUMBERS.
R  INDICATES RECORD WAS SET OR TIED.
MM INDICATES DATA IS MISSING.
T  INDICATES TRACE AMOUNT.




$$
