000
CDUS46 KLOX 270111
CLISMX


CLIMATE REPORT
NATIONAL WEATHER SERVICE LOS ANGELES/OXNARD CA
511 PM PST FRI DEC 26 2014


...................................

...THE SANTA MARIA AIRPORT CA CLIMATE SUMMARY FOR DECEMBER 26 2014...
VALID TODAY AS OF 0500 PM LOCAL TIME.

CLIMATE NORMAL PERIOD 1981 TO 2010
CLIMATE RECORD PERIOD 1906 TO 2014


WEATHER ITEM   OBSERVED TIME   RECORD YEAR NORMAL DEPARTURE LAST
                VALUE   (LST)  VALUE       VALUE  FROM      YEAR
                                                  NORMAL
..................................................................
TEMPERATURE (F)
 TODAY
  MAXIMUM         61    316 PM  84    1980  63     -2       83
  MINIMUM         34    546 AM  24    1962  39     -5       40
  AVERAGE         48                        51     -3       62

PRECIPITATION (IN)
  TODAY            0.00          2.39 1936   0.07  -0.07     0.00
  MONTH TO DATE    4.24                      1.70   2.54     0.18
  SINCE JUL 1      5.56                      3.82   1.74     0.50
  SINCE JAN 1      9.57                     13.53  -3.96     2.99

SNOWFALL (IN)
  TODAY            0.0
  MONTH TO DATE    0.0
  SINCE DEC 1      0.0
  SINCE JUL 1      0.0

DEGREE DAYS
 HEATING
  TODAY           17                        14      3
  MONTH TO DATE  149                       354   -205
  SINCE DEC 1    149                       354   -205
  SINCE JUL 1    247                      1000   -753

 COOLING
  TODAY            0                         0      0
  MONTH TO DATE    2                         0      2
  SINCE DEC 1      2                         0      2
  SINCE JAN 1    568                       104    464
..................................................................


WIND (MPH)
  HIGHEST WIND SPEED    14   HIGHEST WIND DIRECTION     N (360)
  HIGHEST GUST SPEED    17   HIGHEST GUST DIRECTION     N (360)
  AVERAGE WIND SPEED     3.5


SKY COVER
  POSSIBLE SUNSHINE  MM
  AVERAGE SKY COVER 0.0


WEATHER CONDITIONS
 THE FOLLOWING WEATHER WAS RECORDED TODAY.
  NO SIGNIFICANT WEATHER WAS OBSERVED.


RELATIVE HUMIDITY (PERCENT)
 HIGHEST    76           400 AM
 LOWEST     32           200 PM
 AVERAGE    54

..........................................................


THE SANTA MARIA AIRPORT CA CLIMATE NORMALS FOR TOMORROW
                         NORMAL    RECORD    YEAR
 MAXIMUM TEMPERATURE (F)   63        84      2013
 MINIMUM TEMPERATURE (F)   39        25      1966


SUNRISE AND SUNSET
DECEMBER 26 2014......SUNRISE   708 AM PST   SUNSET   457 PM PST
DECEMBER 27 2014......SUNRISE   708 AM PST   SUNSET   458 PM PST


-  INDICATES NEGATIVE NUMBERS.
R  INDICATES RECORD WAS SET OR TIED.
MM INDICATES DATA IS MISSING.
T  INDICATES TRACE AMOUNT.




$$
