000
CDUS46 KLOX 071516
CLISMX


CLIMATE REPORT
NATIONAL WEATHER SERVICE LOS ANGELES/OXNARD CA
716 AM PST SUN FEB 7 2016


...................................

...THE SANTA MARIA AIRPORT CA CLIMATE SUMMARY FOR FEBRUARY 6 2016...

CLIMATE NORMAL PERIOD 1981 TO 2010
CLIMATE RECORD PERIOD 1906 TO 2016


WEATHER ITEM   OBSERVED TIME   RECORD YEAR NORMAL DEPARTURE LAST
                VALUE   (LST)  VALUE       VALUE  FROM      YEAR
                                                  NORMAL
..................................................................
TEMPERATURE (F)
 YESTERDAY
  MAXIMUM         79   1258 PM  83    1987  64     15       72
  MINIMUM         39    715 AM  24    1989  41     -2       47
  AVERAGE         59                        52      7       60

PRECIPITATION (IN)
  YESTERDAY        0.00          3.05 1909   0.10  -0.10      T
  MONTH TO DATE    T                         0.62  -0.62      T
  SINCE OCT 1      4.81                      7.42  -2.61     5.88
  SINCE JAN 1      2.93                      3.37  -0.44     0.32

SNOWFALL (IN)
  YESTERDAY        0.0
  MONTH TO DATE    0.0
  SINCE DEC 1      0.0
  SINCE JUL 1      0.0

DEGREE DAYS
 HEATING
  YESTERDAY        6                        13     -7
  MONTH TO DATE   79                        78      1
  SINCE DEC 1    787                       924   -137
  SINCE JUL 1   1035                      1570   -535

 COOLING
  YESTERDAY        0                         0      0
  MONTH TO DATE    0                         0      0
  SINCE DEC 1      0                         0      0
  SINCE JAN 1      0                         0      0
..................................................................


WIND (MPH)
  HIGHEST WIND SPEED    23   HIGHEST WIND DIRECTION     N (20)
  HIGHEST GUST SPEED    31   HIGHEST GUST DIRECTION     N (360)
  AVERAGE WIND SPEED     6.8


SKY COVER
  POSSIBLE SUNSHINE  MM
  AVERAGE SKY COVER 0.0


WEATHER CONDITIONS
 THE FOLLOWING WEATHER WAS RECORDED YESTERDAY.
  NO SIGNIFICANT WEATHER WAS OBSERVED.


RELATIVE HUMIDITY (PERCENT)
 HIGHEST    86           400 AM
 LOWEST     19           100 PM
 AVERAGE    53

..........................................................


THE SANTA MARIA AIRPORT CA CLIMATE NORMALS FOR TODAY
                         NORMAL    RECORD    YEAR
 MAXIMUM TEMPERATURE (F)   64        86      1954
 MINIMUM TEMPERATURE (F)   41        28      1929


SUNRISE AND SUNSET
FEBRUARY  7 2016......SUNRISE   656 AM PST   SUNSET   536 PM PST
FEBRUARY  8 2016......SUNRISE   655 AM PST   SUNSET   537 PM PST


-  INDICATES NEGATIVE NUMBERS.
R  INDICATES RECORD WAS SET OR TIED.
MM INDICATES DATA IS MISSING.
T  INDICATES TRACE AMOUNT.




$$
