000
CDUS46 KLOX 231025
CLISMX


CLIMATE REPORT
NATIONAL WEATHER SERVICE LOS ANGELES/OXNARD CA
225 AM PST SUN NOV 23 2014


...................................

...THE SANTA MARIA AIRPORT CA CLIMATE SUMMARY FOR NOVEMBER 22 2014...

CLIMATE NORMAL PERIOD 1981 TO 2010
CLIMATE RECORD PERIOD 1906 TO 2014


WEATHER ITEM   OBSERVED TIME   RECORD YEAR NORMAL DEPARTURE LAST
                VALUE   (LST)  VALUE       VALUE  FROM      YEAR
                                                  NORMAL
..................................................................
TEMPERATURE (F)
 YESTERDAY
  MAXIMUM         72    127 PM  89    1933  67      5       72
  MINIMUM         48    451 AM  27    1931  42      6       46
  AVERAGE         60                        54      6       59

PRECIPITATION (IN)
  YESTERDAY        0.00          0.47 1973   0.05  -0.05     0.00
  MONTH TO DATE    0.25                      0.94  -0.69     0.05
  SINCE JUL 1      1.32                      1.73  -0.41     0.24
  SINCE JAN 1      5.33                     11.44  -6.11     2.73

SNOWFALL (IN)
  YESTERDAY        0.0
  MONTH TO DATE    0.0
  SINCE SEP 1      0.0
  SINCE JUL 1      0.0

DEGREE DAYS
 HEATING
  YESTERDAY        5                        11     -6
  MONTH TO DATE   71                       189   -118
  SINCE SEP 1     75                       417   -342
  SINCE JUL 1     75                       553   -478

 COOLING
  YESTERDAY        0                         0      0
  MONTH TO DATE    6                         0      6
  SINCE SEP 1    220                        45    175
  SINCE JAN 1    565                       100    465
..................................................................


WIND (MPH)
  HIGHEST WIND SPEED    22   HIGHEST WIND DIRECTION     W (290)
  HIGHEST GUST SPEED    29   HIGHEST GUST DIRECTION    NW (300)
  AVERAGE WIND SPEED     8.0


SKY COVER
  POSSIBLE SUNSHINE  MM
  AVERAGE SKY COVER 0.3


WEATHER CONDITIONS
 THE FOLLOWING WEATHER WAS RECORDED YESTERDAY.
  FOG


RELATIVE HUMIDITY (PERCENT)
 HIGHEST    90           600 PM
 LOWEST     47          1100 AM
 AVERAGE    69

..........................................................


THE SANTA MARIA AIRPORT CA CLIMATE NORMALS FOR TODAY
                         NORMAL    RECORD    YEAR
 MAXIMUM TEMPERATURE (F)   67        91      1933
 MINIMUM TEMPERATURE (F)   42        25      1931


SUNRISE AND SUNSET
NOVEMBER 23 2014......SUNRISE   644 AM PST   SUNSET   452 PM PST
NOVEMBER 24 2014......SUNRISE   645 AM PST   SUNSET   452 PM PST


-  INDICATES NEGATIVE NUMBERS.
R  INDICATES RECORD WAS SET OR TIED.
MM INDICATES DATA IS MISSING.
T  INDICATES TRACE AMOUNT.




$$
