000
CDUS46 KLOX 270113
CLISMX


CLIMATE REPORT
NATIONAL WEATHER SERVICE LOS ANGELES/OXNARD CA
613 PM PDT TUE JUL 26 2016


...................................

...THE SANTA MARIA AIRPORT CA CLIMATE SUMMARY FOR JULY 26 2016...
VALID TODAY AS OF 0600 PM LOCAL TIME.

CLIMATE NORMAL PERIOD 1981 TO 2010
CLIMATE RECORD PERIOD 1906 TO 2016


WEATHER ITEM   OBSERVED TIME   RECORD YEAR NORMAL DEPARTURE LAST
                VALUE   (LST)  VALUE       VALUE  FROM      YEAR
                                                  NORMAL
..................................................................
TEMPERATURE (F)
 TODAY
  MAXIMUM         75    135 PM  89    1977  73      2       72
  MINIMUM         53    510 AM  46    1953  54     -1       58
                                      1934
  AVERAGE         64                        64      0       65

PRECIPITATION (IN)
  TODAY            0.00          0.05 1941   0.00   0.00     0.00
  MONTH TO DATE    T                         0.03  -0.03     0.14
  SINCE OCT 1      9.00                     13.79  -4.79     7.78
  SINCE JAN 1      7.12                      9.74  -2.62     2.22

SNOWFALL (IN)
  TODAY            0.0
  MONTH TO DATE    0.0
  SINCE JUN 1      0.0
  SINCE JUL 1      0.0

DEGREE DAYS
 HEATING
  TODAY            1                         2     -1
  MONTH TO DATE   58                        63     -5
  SINCE JUN 1    136                       204    -68
  SINCE JUL 1     58                        63     -5

 COOLING
  TODAY            0                         1     -1
  MONTH TO DATE    1                        21    -20
  SINCE JUN 1      7                        27    -20
  SINCE JAN 1     45                        37      8
..................................................................


WIND (MPH)
  HIGHEST WIND SPEED    13   HIGHEST WIND DIRECTION    NW (300)
  HIGHEST GUST SPEED    15   HIGHEST GUST DIRECTION    NW (300)
  AVERAGE WIND SPEED     4.8


SKY COVER
  POSSIBLE SUNSHINE  MM
  AVERAGE SKY COVER 0.4


WEATHER CONDITIONS
 THE FOLLOWING WEATHER WAS RECORDED TODAY.
  FOG
  FOG W/VISIBILITY <= 1/4 MILE
  HAZE


RELATIVE HUMIDITY (PERCENT)
 HIGHEST   100          1200 AM
 LOWEST     53           200 PM
 AVERAGE    77

..........................................................


THE SANTA MARIA AIRPORT CA CLIMATE NORMALS FOR TOMORROW
                         NORMAL    RECORD    YEAR
 MAXIMUM TEMPERATURE (F)   73        89      1996
 MINIMUM TEMPERATURE (F)   54        44      1912


SUNRISE AND SUNSET
JULY 26 2016..........SUNRISE   607 AM PDT   SUNSET   809 PM PDT
JULY 27 2016..........SUNRISE   608 AM PDT   SUNSET   808 PM PDT


-  INDICATES NEGATIVE NUMBERS.
R  INDICATES RECORD WAS SET OR TIED.
MM INDICATES DATA IS MISSING.
T  INDICATES TRACE AMOUNT.




$$
