000
CDUS46 KLOX 240901
CLISMX


CLIMATE REPORT
NATIONAL WEATHER SERVICE LOS ANGELES/OXNARD CA
201 AM PDT MON APR 24 2017


...................................

...THE SANTA MARIA AIRPORT CA CLIMATE SUMMARY FOR APRIL 23 2017...

CLIMATE NORMAL PERIOD 1981 TO 2010
CLIMATE RECORD PERIOD 1906 TO 2017


WEATHER ITEM   OBSERVED TIME   RECORD YEAR NORMAL DEPARTURE LAST
                VALUE   (LST)  VALUE       VALUE  FROM      YEAR
                                                  NORMAL
..................................................................
TEMPERATURE (F)
 YESTERDAY
  MAXIMUM         67   1052 AM  96    1946  68     -1       73
  MINIMUM         49    953 PM  33    1970  45      4       43
                                      1921
  AVERAGE         58                        56      2       58

PRECIPITATION (IN)
  YESTERDAY        0.00          0.75 1988   0.03  -0.03     0.00
  MONTH TO DATE    1.18                      0.83   0.35     0.52
  SINCE OCT 1     18.10                     13.26   4.84     8.76
  SINCE JAN 1     13.30                      9.21   4.09     6.88

SNOWFALL (IN)
  YESTERDAY        0.0
  MONTH TO DATE    0.0
  SINCE MAR 1      0.0
  SINCE JUL 1      0.0

DEGREE DAYS
 HEATING
  YESTERDAY        7                         9     -2
  MONTH TO DATE  156                       223    -67
  SINCE MAR 1    392                       563   -171
  SINCE JUL 1   2116                      2396   -280

 COOLING
  YESTERDAY        0                         0      0
  MONTH TO DATE    4                         0      4
  SINCE MAR 1     10                         1      9
  SINCE JAN 1     10                         2      8
..................................................................


WIND (MPH)
  HIGHEST WIND SPEED    32   HIGHEST WIND DIRECTION    NW (300)
  HIGHEST GUST SPEED    40   HIGHEST GUST DIRECTION    NW (300)
  AVERAGE WIND SPEED    15.0


SKY COVER
  POSSIBLE SUNSHINE  MM
  AVERAGE SKY COVER 0.3


WEATHER CONDITIONS
 THE FOLLOWING WEATHER WAS RECORDED YESTERDAY.
  FOG


RELATIVE HUMIDITY (PERCENT)
 HIGHEST   100          1200 AM
 LOWEST     52          1100 AM
 AVERAGE    76

..........................................................


THE SANTA MARIA AIRPORT CA CLIMATE NORMALS FOR TODAY
                         NORMAL    RECORD    YEAR
 MAXIMUM TEMPERATURE (F)   68        87      1910
 MINIMUM TEMPERATURE (F)   45        31      1971
                                             1921


SUNRISE AND SUNSET
APRIL 24 2017.........SUNRISE   618 AM PDT   SUNSET   742 PM PDT
APRIL 25 2017.........SUNRISE   617 AM PDT   SUNSET   743 PM PDT


-  INDICATES NEGATIVE NUMBERS.
R  INDICATES RECORD WAS SET OR TIED.
MM INDICATES DATA IS MISSING.
T  INDICATES TRACE AMOUNT.




$$
