000
CDUS46 KSGX 281417
CLISNA


CLIMATE REPORT
NATIONAL WEATHER SERVICE SAN DIEGO, CA
617 AM PST SUN DEC 28 2014


...................................

...THE JOHN WAYNE AIRPORT CA CLIMATE SUMMARY FOR DECEMBER 27 2014...

CLIMATE NORMAL PERIOD 1981 TO 2010
CLIMATE RECORD PERIOD 1999 TO 2014


WEATHER ITEM   OBSERVED TIME   RECORD YEAR NORMAL DEPARTURE LAST
                VALUE   (LST)  VALUE       VALUE  FROM      YEAR
                                                  NORMAL
..................................................................
TEMPERATURE (F)
 YESTERDAY
  MAXIMUM         67    245 PM  80    2013  66      1       80
  MINIMUM         50   1159 PM  36    2003  46      4       45
  AVERAGE         59                        56      3       63

PRECIPITATION (IN)
  YESTERDAY        0.00          0.14 2006   0.13  -0.13     0.00
  MONTH TO DATE    3.46                      1.52   1.94     0.29
  SINCE JUL 1      3.70                      3.81  -0.11     1.05
  SINCE JAN 1      6.29                     12.77  -6.48     3.02

SNOWFALL (IN)
  YESTERDAY        0.0
  MONTH TO DATE    0.0
  SINCE JAN 1      0.0
  SINCE JUL 1      0.0
  SNOW DEPTH       0

DEGREE DAYS
 HEATING
  YESTERDAY        6                         9     -3        2
  MONTH TO DATE   66                       241   -175      173
  SINCE DEC 1     66                       241   -175      173
  SINCE JUL 1     70                       394   -324      246

 COOLING
  YESTERDAY        0                         0      0        0
  MONTH TO DATE   18                         0     18        4
  SINCE DEC 1     18                         0     18        4
  SINCE JAN 1   2058                       876   1182     1161
..................................................................


WIND (MPH)
  RESULTANT WIND SPEED   6   RESULTANT WIND DIRECTION  NE (50)
  HIGHEST WIND SPEED    25   HIGHEST WIND DIRECTION    NE (50)
  HIGHEST GUST SPEED    35   HIGHEST GUST DIRECTION    NE (30)
  AVERAGE WIND SPEED     7.6


SKY COVER
  POSSIBLE SUNSHINE  MM
  AVERAGE SKY COVER 0.1


WEATHER CONDITIONS
 THE FOLLOWING WEATHER WAS RECORDED YESTERDAY.
  NO SIGNIFICANT WEATHER WAS OBSERVED.


RELATIVE HUMIDITY (PERCENT)
 HIGHEST    41          1100 PM
 LOWEST      9           100 PM
 AVERAGE    25

..........................................................


THE JOHN WAYNE AIRPORT CA CLIMATE NORMALS FOR TODAY
                         NORMAL    RECORD    YEAR
 MAXIMUM TEMPERATURE (F)   66        76      1999
 MINIMUM TEMPERATURE (F)   46        36      2003


SUNRISE AND SUNSET
DECEMBER 28 2014......SUNRISE   655 AM PST   SUNSET   451 PM PST
DECEMBER 29 2014......SUNRISE   655 AM PST   SUNSET   452 PM PST


-  INDICATES NEGATIVE NUMBERS.
R  INDICATES RECORD WAS SET OR TIED.
MM INDICATES DATA IS MISSING.
T  INDICATES TRACE AMOUNT.




$$
