000
CDUS46 KSGX 221417
CLISNA


CLIMATE REPORT
NATIONAL WEATHER SERVICE SAN DIEGO, CA
717 AM PDT FRI MAY 22 2015


...................................

...THE JOHN WAYNE AIRPORT CA CLIMATE SUMMARY FOR MAY 21 2015...

CLIMATE NORMAL PERIOD 1981 TO 2010
CLIMATE RECORD PERIOD 1999 TO 2015


WEATHER ITEM   OBSERVED TIME   RECORD YEAR NORMAL DEPARTURE LAST
                VALUE   (LST)  VALUE       VALUE  FROM      YEAR
                                                  NORMAL
..................................................................
TEMPERATURE (F)
 YESTERDAY
  MAXIMUM         69   1205 PM  81    2005  72     -3       73
  MINIMUM         59    643 AM  54    2002  59      0       60
  AVERAGE         64                        66     -2       67

PRECIPITATION (IN)
  YESTERDAY        0.01R         0.01 2006   0.00   0.01     0.00
  MONTH TO DATE    1.07                      0.22   0.85     0.00
  SINCE OCT 1      6.85                     12.95  -6.10     3.52
  SINCE JAN 1      3.05                      8.87  -5.82     2.59

SNOWFALL (IN)
  YESTERDAY        0.0
  MONTH TO DATE    0.0
  SINCE MAR 1      0.0
  SINCE JUL 1      0.0
  SNOW DEPTH       0

DEGREE DAYS
 HEATING
  YESTERDAY        1                         1      0        0
  MONTH TO DATE   42                        32     10        1
  SINCE MAR 1    117                       333   -216      114
  SINCE JUL 1    342                      1239   -897      604

 COOLING
  YESTERDAY        0                         1     -1        2
  MONTH TO DATE   11                        21    -10      162
  SINCE MAR 1    163                        42    121      254
  SINCE JAN 1    235                        50    185      281
..................................................................


WIND (MPH)
  RESULTANT WIND SPEED   5   RESULTANT WIND DIRECTION  SW (220)
  HIGHEST WIND SPEED    16   HIGHEST WIND DIRECTION    SW (210)
  HIGHEST GUST SPEED    21   HIGHEST GUST DIRECTION    SW (210)
  AVERAGE WIND SPEED     5.4


SKY COVER
  POSSIBLE SUNSHINE  MM
  AVERAGE SKY COVER 0.8


WEATHER CONDITIONS
 THE FOLLOWING WEATHER WAS RECORDED YESTERDAY.
  LIGHT RAIN


RELATIVE HUMIDITY (PERCENT)
 HIGHEST    72           600 AM
 LOWEST     42          1200 PM
 AVERAGE    57

..........................................................


THE JOHN WAYNE AIRPORT CA CLIMATE NORMALS FOR TODAY
                         NORMAL    RECORD    YEAR
 MAXIMUM TEMPERATURE (F)   72        79      2005
 MINIMUM TEMPERATURE (F)   59        54      2002


SUNRISE AND SUNSET
MAY 22 2015...........SUNRISE   546 AM PDT   SUNSET   750 PM PDT
MAY 23 2015...........SUNRISE   546 AM PDT   SUNSET   751 PM PDT


-  INDICATES NEGATIVE NUMBERS.
R  INDICATES RECORD WAS SET OR TIED.
MM INDICATES DATA IS MISSING.
T  INDICATES TRACE AMOUNT.




$$
