000
CDUS46 KSGX 290017
CLISNA


CLIMATE REPORT
NATIONAL WEATHER SERVICE SAN DIEGO, CA
516 PM PDT FRI AUG 28 2015


...................................

...THE JOHN WAYNE AIRPORT CA CLIMATE SUMMARY FOR AUGUST 28 2015...
VALID TODAY AS OF 0500 PM LOCAL TIME.

CLIMATE NORMAL PERIOD 1981 TO 2010
CLIMATE RECORD PERIOD 1999 TO 2015


WEATHER ITEM   OBSERVED TIME   RECORD YEAR NORMAL DEPARTURE LAST
                VALUE   (LST)  VALUE       VALUE  FROM      YEAR
                                                  NORMAL
..................................................................
TEMPERATURE (F)
 TODAY
  MAXIMUM         92   1229 PM  93    2014  81     11       93
  MINIMUM         72    436 AM  62    1999  65      7       73
  AVERAGE         82                        73      9       83

PRECIPITATION (IN)
  TODAY            0.00          T    2008   0.00   0.00     0.00
  MONTH TO DATE    T                         0.03  -0.03     0.03
  SINCE OCT 1      7.29                     13.11  -5.82     3.55
  SINCE JAN 1      3.49                      9.03  -5.54     2.62

DEGREE DAYS
 HEATING
  TODAY            0                         0      0        0
  MONTH TO DATE    0                         0      0        0
  SINCE JUN 1      0                         7     -7        0
  SINCE JUL 1      0                         0      0        0

 COOLING
  TODAY           17                         8      9       18
  MONTH TO DATE  288                       215     73      331
  SINCE JUN 1    674                       482    192      870
  SINCE JAN 1    915                       549    366     1207
..................................................................


WIND (MPH)
  RESULTANT WIND SPEED   2   RESULTANT WIND DIRECTION  SW (210)
  HIGHEST WIND SPEED    14   HIGHEST WIND DIRECTION     S (200)
  HIGHEST GUST SPEED    18   HIGHEST GUST DIRECTION    SW (220)
  AVERAGE WIND SPEED     3.7


SKY COVER
  POSSIBLE SUNSHINE  MM
  AVERAGE SKY COVER 0.2


WEATHER CONDITIONS
 THE FOLLOWING WEATHER WAS RECORDED TODAY.
  NO SIGNIFICANT WEATHER WAS OBSERVED.


RELATIVE HUMIDITY (PERCENT)
 HIGHEST    84           200 AM
 LOWEST     32          1100 AM
 AVERAGE    58

..........................................................


THE JOHN WAYNE AIRPORT CA CLIMATE NORMALS FOR TOMORROW
                         NORMAL    RECORD    YEAR
 MAXIMUM TEMPERATURE (F)   81        95      2013
 MINIMUM TEMPERATURE (F)   65        61      1999


SUNRISE AND SUNSET
AUGUST 28 2015........SUNRISE   623 AM PDT   SUNSET   722 PM PDT
AUGUST 29 2015........SUNRISE   623 AM PDT   SUNSET   721 PM PDT


-  INDICATES NEGATIVE NUMBERS.
R  INDICATES RECORD WAS SET OR TIED.
MM INDICATES DATA IS MISSING.
T  INDICATES TRACE AMOUNT.




$$
