000
CDUS46 KSGX 140124
CLISNA


CLIMATE REPORT
NATIONAL WEATHER SERVICE SAN DIEGO, CA
524 PM PST WED DEC 13 2017


...................................

...THE JOHN WAYNE AIRPORT CA CLIMATE SUMMARY FOR DECEMBER 13 2017...
VALID TODAY AS OF 0500 PM LOCAL TIME.

CLIMATE NORMAL PERIOD 1981 TO 2010
CLIMATE RECORD PERIOD 1999 TO 2017


WEATHER ITEM   OBSERVED TIME   RECORD YEAR NORMAL DEPARTURE LAST
                VALUE   (LST)  VALUE       VALUE  FROM      YEAR
                                                  NORMAL
..................................................................
TEMPERATURE (F)
 TODAY
  MAXIMUM         74    329 PM  81    2010  66      8       66
  MINIMUM         47    644 AM  42    2007  46      1       56
                                      1999
  AVERAGE         61                        56      5       61

PRECIPITATION (IN)
  TODAY            0.00          T    2008   0.05  -0.05     0.00
                                      2008
                                      2011
  MONTH TO DATE    0.00                      0.53  -0.53     0.00
  SINCE OCT 1      T                         2.53  -2.53     2.24
  SINCE JAN 1      9.69                     11.78  -2.09     6.00

DEGREE DAYS
 HEATING
  TODAY            4                         9     -5        4
  MONTH TO DATE   17                       108    -91       78
  SINCE DEC 1     17                       108    -91       78
  SINCE JUL 1     50                       261   -211      156

 COOLING
  TODAY            0                         0      0        0
  MONTH TO DATE   18                         0     18        0
  SINCE DEC 1     18                         0     18        0
  SINCE JAN 1   1303                       876    427     1226
..................................................................


WIND (MPH)
  RESULTANT WIND SPEED   3   RESULTANT WIND DIRECTION  SW (210)
  HIGHEST WIND SPEED    10   HIGHEST WIND DIRECTION    SW (210)
  HIGHEST GUST SPEED    14   HIGHEST GUST DIRECTION     S (200)
  AVERAGE WIND SPEED     3.2


SKY COVER
  POSSIBLE SUNSHINE  MM
  AVERAGE SKY COVER 0.0


WEATHER CONDITIONS
 THE FOLLOWING WEATHER WAS RECORDED TODAY.
  NO SIGNIFICANT WEATHER WAS OBSERVED.


RELATIVE HUMIDITY (PERCENT)
 HIGHEST    50           400 AM
 LOWEST     27           900 AM
 AVERAGE    39

..........................................................


THE JOHN WAYNE AIRPORT CA CLIMATE NORMALS FOR TOMORROW
                         NORMAL    RECORD    YEAR
 MAXIMUM TEMPERATURE (F)   66        76      2013
 MINIMUM TEMPERATURE (F)   46        41      2007


SUNRISE AND SUNSET
DECEMBER 13 2017......SUNRISE   648 AM PST   SUNSET   444 PM PST
DECEMBER 14 2017......SUNRISE   648 AM PST   SUNSET   445 PM PST


-  INDICATES NEGATIVE NUMBERS.
R  INDICATES RECORD WAS SET OR TIED.
MM INDICATES DATA IS MISSING.
T  INDICATES TRACE AMOUNT.




$$
