000
CDUS46 KSGX 251232
CLISNA


CLIMATE REPORT
NATIONAL WEATHER SERVICE SAN DIEGO, CA
432 AM PST SUN FEB 25 2018


...................................

...THE JOHN WAYNE AIRPORT CA CLIMATE SUMMARY FOR FEBRUARY 24 2018...

CLIMATE NORMAL PERIOD 1981 TO 2010
CLIMATE RECORD PERIOD 1999 TO 2018


WEATHER ITEM   OBSERVED TIME   RECORD YEAR NORMAL DEPARTURE LAST
                VALUE   (LST)  VALUE       VALUE  FROM      YEAR
                                                  NORMAL
..................................................................
TEMPERATURE (F)
 YESTERDAY
  MAXIMUM         62   1248 PM  80    2016  66     -4       61
  MINIMUM         39R   616 AM  42    2007  49    -10       43
  AVERAGE         51                        58     -7       52

PRECIPITATION (IN)
  YESTERDAY        0.00          0.44 2008   0.14  -0.14     0.00
  MONTH TO DATE    T                         2.51  -2.51     3.49
  SINCE OCT 1      1.11                      9.50  -8.39    15.42
  SINCE JAN 1      1.10                      5.42  -4.32     9.23

DEGREE DAYS
 HEATING
  YESTERDAY       14                         7      7       13
  MONTH TO DATE  129                       187    -58      141
  SINCE DEC 1    387                       726   -339      619
  SINCE JUL 1    420                       879   -459      697

 COOLING
  YESTERDAY        0                         0      0        0
  MONTH TO DATE    3                         0      3        0
  SINCE DEC 1     44                         6     38        0
  SINCE JAN 1     26                         5     21        0
..................................................................


WIND (MPH)
  RESULTANT WIND SPEED   2   RESULTANT WIND DIRECTION  SW (240)
  HIGHEST WIND SPEED    13   HIGHEST WIND DIRECTION    SW (230)
  HIGHEST GUST SPEED    20   HIGHEST GUST DIRECTION    SW (220)
  AVERAGE WIND SPEED     3.4


SKY COVER
  POSSIBLE SUNSHINE  MM
  AVERAGE SKY COVER 0.0


WEATHER CONDITIONS
 THE FOLLOWING WEATHER WAS RECORDED YESTERDAY.
  NO SIGNIFICANT WEATHER WAS OBSERVED.


RELATIVE HUMIDITY (PERCENT)
 HIGHEST    64           600 AM
 LOWEST     17          1100 AM
 AVERAGE    41

..........................................................


THE JOHN WAYNE AIRPORT CA CLIMATE NORMALS FOR TODAY
                         NORMAL    RECORD    YEAR
 MAXIMUM TEMPERATURE (F)   67        77      2016
 MINIMUM TEMPERATURE (F)   50        42      2017
                                             2013


SUNRISE AND SUNSET
FEBRUARY 25 2018......SUNRISE   625 AM PST   SUNSET   545 PM PST
FEBRUARY 26 2018......SUNRISE   623 AM PST   SUNSET   546 PM PST


-  INDICATES NEGATIVE NUMBERS.
R  INDICATES RECORD WAS SET OR TIED.
MM INDICATES DATA IS MISSING.
T  INDICATES TRACE AMOUNT.




$$
