000
CDUS46 KSGX 050017
CLISNA


CLIMATE REPORT
NATIONAL WEATHER SERVICE SAN DIEGO, CA
517 PM PDT WED MAY 4 2016


...................................

...THE JOHN WAYNE AIRPORT CA CLIMATE SUMMARY FOR MAY 4 2016...
VALID TODAY AS OF 0500 PM LOCAL TIME.

CLIMATE NORMAL PERIOD 1981 TO 2010
CLIMATE RECORD PERIOD 1999 TO 2016


WEATHER ITEM   OBSERVED TIME   RECORD YEAR NORMAL DEPARTURE LAST
                VALUE   (LST)  VALUE       VALUE  FROM      YEAR
                                                  NORMAL
..................................................................
TEMPERATURE (F)
 TODAY
  MAXIMUM         68   1152 AM  83    2011  71     -3       68
                                      2004
  MINIMUM         58    352 AM  53    2002  57      1       58
                                      1999
  AVERAGE         63                        64     -1       63

PRECIPITATION (IN)
  TODAY            0.00          0.00 2006   0.02  -0.02     0.00
  MONTH TO DATE    0.00                      0.07  -0.07     0.00
  SINCE OCT 1      4.88                     12.80  -7.92     5.78
  SINCE JAN 1      3.66                      8.72  -5.06     1.98

DEGREE DAYS
 HEATING
  TODAY            2                         2      0        2
  MONTH TO DATE    5                         9     -4        2
  SINCE MAR 1    175                       310   -135       77
  SINCE JUL 1    947                      1216   -269      302

 COOLING
  TODAY            0                         1     -1        0
  MONTH TO DATE    0                         4     -4       11
  SINCE MAR 1     47                        25     22      163
  SINCE JAN 1     85                        33     52      235
..................................................................


WIND (MPH)
  RESULTANT WIND SPEED   4   RESULTANT WIND DIRECTION   S (200)
  HIGHEST WIND SPEED    15   HIGHEST WIND DIRECTION    SW (210)
  HIGHEST GUST SPEED    20   HIGHEST GUST DIRECTION    SW (210)
  AVERAGE WIND SPEED     5.3


SKY COVER
  POSSIBLE SUNSHINE  MM
  AVERAGE SKY COVER 0.8


WEATHER CONDITIONS
 THE FOLLOWING WEATHER WAS RECORDED TODAY.
  NO SIGNIFICANT WEATHER WAS OBSERVED.


RELATIVE HUMIDITY (PERCENT)
 HIGHEST    93           100 AM
 LOWEST     63           400 PM
 AVERAGE    78

..........................................................


THE JOHN WAYNE AIRPORT CA CLIMATE NORMALS FOR TOMORROW
                         NORMAL    RECORD    YEAR
 MAXIMUM TEMPERATURE (F)   71        78      2011
 MINIMUM TEMPERATURE (F)   57        51      1999


SUNRISE AND SUNSET
MAY  4 2016...........SUNRISE   559 AM PDT   SUNSET   737 PM PDT
MAY  5 2016...........SUNRISE   559 AM PDT   SUNSET   738 PM PDT


-  INDICATES NEGATIVE NUMBERS.
R  INDICATES RECORD WAS SET OR TIED.
MM INDICATES DATA IS MISSING.
T  INDICATES TRACE AMOUNT.




$$
