000
CDAK48 PASN 011047
CLISNP

CLIMATE REPORT
NATIONAL WEATHER SERVICE ST PAUL, AK
247 AM AKDT WED JUL 1 2015

...................................
...THE ST PAUL AIRPORT CLIMATE SUMMARY FOR JUNE 30 2015...

CLIMATE NORMAL PERIOD  1981 TO  2010
CLIMATE RECORD PERIOD  1892 TO  2015

WEATHER ITEM   OBSERVED TIME    RECORD YEAR NORMAL DEPARTURE LAST
               VALUE    (LST)   VALUE       VALUE  FROM      YEAR
                                                   NORMAL
...................................................................
TEMPERATURE
YESTERDAY
 MAXIMUM            47  0548 PM    54  1988     49      -2     48
 MINIMUM            42  1247 AM    33  1971     41       1     40
 AVERAGE            45                          45       0     44

PRECIPITATION
(INCHES)
 YESTERDAY        0.00           0.50  1961   0.05   -0.05      T
 MONTH TO DATE    0.92                        1.35   -0.43   1.02
 SINCE JUN 1      0.92                        1.35   -0.43   1.02
 SINCE JAN 1      7.20                        7.51   -0.31   8.16

SNOWFALL
(INCHES)
 YESTERDAY         0.0            0.0  2015    0.0     0.0    0.0
 MONTH TO DATE     0.0                         0.0     0.0    0.0
 SINCE JUN 1       0.0                         0.0     0.0    0.0
 SINCE JUL 1      48.6                        59.8   -11.2   43.7
 SNOW DEPTH (IN)     0                                          0

DEGREE DAYS
 HEATING
  YESTERDAY         20                          20       0     21
  MONTH TO DATE    620                         679     -59    628
  SINCE JUN 1      620                         679     -59    628
  SINCE JUL 1     9574                       10800   -1226  10052

 COOLING
  YESTERDAY          0                           0       0      0
  MONTH TO DATE      0                           0       0      0
  SINCE JUN 1        0                           0       0      0
  SINCE JAN 1        0                           0       0      0
...................................................................

WIND (MPH)
 HIGHEST WIND SPEED    13     HIGHEST WIND DIRECTION    110
 HIGHEST GUST SPEED    15     HIGHEST GUST DIRECTION    110
 AVERAGE WIND SPEED   7.1

SKY COVER
  POSSIBLE SUNSHINE    MM          AVERAGE SKY COVER     MM

WEATHER CONDITIONS
 THE FOLLOWING WEATHER WAS RECORDED YESTERDAY.
  FOG
  DENSE FOG

RELATIVE HUMIDITY
 HIGHEST RH     MM PERCENT       MM
 LOWEST  RH     MM PERCENT       MM
 AVERAGE RH     MM PERCENT       MM
...................................................................

THE ST PAUL CLIMATE NORMALS FOR TODAY
                           NORMAL    RECORD   YEAR
 MAXIMUM TEMPERATURE (F)     49        58     1976
 MINIMUM TEMPERATURE (F)     42        33     1971

SUNRISE AND SUNSET
 JUL 1 2015..........SUNRISE  6:31 AM      SUNSET 12:19 AM
 JUL 2 2015..........SUNRISE  6:32 AM      SUNSET 12:19 AM

-  INDICATES NEGATIVE NUMBERS.
R  INDICATES RECORD HAS BEEN SET OR TIED.
MM INDICATES DATA IS MISSING.
T  INDICATES TRACE OF PRECIPITATION.

&&
-------------------------------------------------------------------

AMOUNT OF DAYLIGHT TODAY  (HOUR:MIN)........17 HOURS 48 MINUTES
GAIN/LOSS SINCE YESTERDAY (HOUR:MIN:SEC)....-0:01:17

$$
HCH JUL 15
