000
CDAK48 PASN 311159
CLISNP

CLIMATE REPORT
NATIONAL WEATHER SERVICE ST PAUL, AK
359 AM AKDT WED AUG 31 2016

...................................
...THE ST PAUL AIRPORT CLIMATE SUMMARY FOR AUGUST 30 2016...

CLIMATE NORMAL PERIOD  1981 TO  2010
CLIMATE RECORD PERIOD  1892 TO  2016

WEATHER ITEM   OBSERVED TIME    RECORD YEAR NORMAL DEPARTURE LAST
               VALUE    (LST)   VALUE       VALUE  FROM      YEAR
                                                   NORMAL
...................................................................
TEMPERATURE
YESTERDAY
 MAXIMUM            58R 0303 PM    57  2014     52       6     52
 MINIMUM            49  0907 AM    36  1956     45       4     40
 AVERAGE            54                          48       6     46

PRECIPITATION
(INCHES)
 YESTERDAY        0.00           0.55  1976   0.11   -0.11   0.00
 MONTH TO DATE    2.98                        2.96    0.02   2.43
 SINCE JUN 1      5.45                        6.16   -0.71   5.19
 SINCE JAN 1     11.37                       12.32   -0.95  11.47

SNOWFALL
(INCHES)
 YESTERDAY         0.0            0.0  2016    0.0     0.0    0.0
 MONTH TO DATE     0.0                         0.0     0.0    0.0
 SINCE JUN 1       0.0                         0.0     0.0    0.0
 SINCE JUL 1       0.0                         0.0     0.0    0.0
 SNOW DEPTH (IN)     0                                          0

DEGREE DAYS
 HEATING
  YESTERDAY         11                          17      -6     19
  MONTH TO DATE    361                         482    -121    418
  SINCE JUN 1     1285                        1714    -429   1516
  SINCE JUL 1      753                        1035    -282    896

 COOLING
  YESTERDAY          0                           0       0      0
  MONTH TO DATE      0                           0       0      0
  SINCE JUN 1        0                           0       0      0
  SINCE JAN 1        0                           0       0      0
...................................................................

WIND (MPH)
 HIGHEST WIND SPEED    16     HIGHEST WIND DIRECTION     70
 HIGHEST GUST SPEED    21     HIGHEST GUST DIRECTION     70
 AVERAGE WIND SPEED  10.9

SKY COVER
  POSSIBLE SUNSHINE    MM          AVERAGE SKY COVER     MM

WEATHER CONDITIONS
 THE FOLLOWING WEATHER WAS RECORDED YESTERDAY.
  FOG


RELATIVE HUMIDITY
 HIGHEST RH     MM PERCENT       MM
 LOWEST  RH     MM PERCENT       MM
 AVERAGE RH     MM PERCENT       MM
...................................................................

THE ST PAUL CLIMATE NORMALS FOR TODAY
                           NORMAL    RECORD   YEAR
 MAXIMUM TEMPERATURE (F)     52        59     2014
 MINIMUM TEMPERATURE (F)     45        36     2014

SUNRISE AND SUNSET
 AUG 31 2016..........SUNRISE  8:23 AM      SUNSET 10:19 PM
 SEP  1 2016..........SUNRISE  8:25 AM      SUNSET 10:16 PM

-  INDICATES NEGATIVE NUMBERS.
R  INDICATES RECORD HAS BEEN SET OR TIED.
MM INDICATES DATA IS MISSING.
T  INDICATES TRACE OF PRECIPITATION.

&&
-------------------------------------------------------------------

AMOUNT OF DAYLIGHT TODAY  (HOUR:MIN)........13 HOURS 56 MINUTES
GAIN/LOSS SINCE YESTERDAY (HOUR:MIN:SEC)....-0:04:45

$$
WIW AUG 16
