000
CDAK48 PASN 281119
CLISNP

CLIMATE REPORT
NATIONAL WEATHER SERVICE ST PAUL, AK
219 AM AKST SUN DEC 28 2014

...................................
...THE ST PAUL AIRPORT CLIMATE SUMMARY FOR DECEMBER 27 2014...

CLIMATE NORMAL PERIOD  1981 TO  2010
CLIMATE RECORD PERIOD  1892 TO  2014

WEATHER ITEM   OBSERVED TIME    RECORD YEAR NORMAL DEPARTURE LAST
               VALUE    (LST)   VALUE       VALUE  FROM      YEAR
                                                   NORMAL
...................................................................
TEMPERATURE
YESTERDAY
 MAXIMUM            41  0203 AM    41  1984     32       9     36
 MINIMUM            32  1226 PM     4  1986     24       8     28
 AVERAGE            37                          28       9     32

PRECIPITATION
(INCHES)
 YESTERDAY        0.25           0.78  1990   0.07    0.18      T
 MONTH TO DATE    2.68                        1.99    0.69   3.09
 SINCE DEC 1      2.68                        1.99    0.69   3.09
 SINCE JAN 1     23.46                       23.41    0.05  27.38

SNOWFALL
(INCHES)
 YESTERDAY         1.6           11.4  2001    0.4     1.2      T
 MONTH TO DATE     4.3                        10.5    -6.2    5.4
 SINCE DEC 1       4.3                        10.5    -6.2    5.4
 SINCE JUL 1       5.0                        20.8   -15.8    8.1
 SNOW DEPTH (IN)     2                                          0

DEGREE DAYS
 HEATING
  YESTERDAY         28                          38     -10     33
  MONTH TO DATE    845                         969    -124    854
  SINCE DEC 1      845                         969    -124    854
  SINCE JUL 1     3750                        4389    -639   4136

 COOLING
  YESTERDAY          0                           0       0      0
  MONTH TO DATE      0                           0       0      0
  SINCE DEC 1        0                           0       0      0
  SINCE JAN 1        0                           0       0      0
...................................................................

WIND (MPH)
 HIGHEST WIND SPEED    48     HIGHEST WIND DIRECTION    150
 HIGHEST GUST SPEED    57     HIGHEST GUST DIRECTION    150
 AVERAGE WIND SPEED  13.5

SKY COVER
  POSSIBLE SUNSHINE    MM          AVERAGE SKY COVER     MM

WEATHER CONDITIONS
 THE FOLLOWING WEATHER WAS RECORDED YESTERDAY.
  FOG
  RAIN
  SNOW


RELATIVE HUMIDITY
 HIGHEST RH     MM PERCENT       MM
 LOWEST  RH     MM PERCENT       MM
 AVERAGE RH     MM PERCENT       MM
...................................................................

THE ST PAUL CLIMATE NORMALS FOR TODAY
                           NORMAL    RECORD   YEAR
 MAXIMUM TEMPERATURE (F)     31        41     1978
 MINIMUM TEMPERATURE (F)     23         2     1979

SUNRISE AND SUNSET
 DEC 28 2014..........SUNRISE 11:01 AM      SUNSET  5:45 PM
 DEC 29 2014..........SUNRISE 11:01 AM      SUNSET  5:46 PM

-  INDICATES NEGATIVE NUMBERS.
R  INDICATES RECORD HAS BEEN SET OR TIED.
MM INDICATES DATA IS MISSING.
T  INDICATES TRACE OF PRECIPITATION.

&&
-------------------------------------------------------------------

AMOUNT OF DAYLIGHT TODAY  (HOUR:MIN)........6 HOURS 44 MINUTES
GAIN/LOSS SINCE YESTERDAY (HOUR:MIN:SEC)....+0:00:57

$$
HCH DEC 14
