000
CDAK48 PAFC 150057
CLISNP


CLIMATE REPORT
NATIONAL WEATHER SERVICE ANCHORAGE, AK
356 PM AKST THU DEC 14 2017


...................................

...THE SAINT PAUL ISLAND CLIMATE SUMMARY FOR DECEMBER 14 2017...
VALID TODAY AS OF 0300 PM LOCAL TIME.

CLIMATE NORMAL PERIOD 1981 TO 2010
CLIMATE RECORD PERIOD 1892 TO 2017


WEATHER ITEM   OBSERVED TIME   RECORD YEAR NORMAL DEPARTURE LAST
                VALUE   (LST)  VALUE       VALUE  FROM      YEAR
                                                  NORMAL
..................................................................
TEMPERATURE (F)
 TODAY
  MAXIMUM         35    259 PM  42    2016  33      2       42
  MINIMUM         29    549 AM   5    2012  25      4       38
  AVERAGE         32                        29      3       40

PRECIPITATION (IN)
  TODAY            0.02          0.77 2014   0.07  -0.05     0.01
  MONTH TO DATE    0.55                      1.08  -0.53     0.92
  SINCE SEP 1     13.42                     10.07   3.35    14.25
  SINCE JAN 1     26.09                     22.50   3.59    24.99

SNOWFALL (IN)
  TODAY            T             1.7  1968   0.4   -0.4       T
  MONTH TO DATE    2.7                       5.3   -2.6      2.1
  SINCE SEP 1      5.3                      15.6  -10.3      8.7
  SINCE JUL 1      5.3                      15.6  -10.3      8.7
  SNOW DEPTH       1

DEGREE DAYS
 HEATING
  TODAY           33                        36     -3       25
  MONTH TO DATE  478                       492    -14      456
  SINCE DEC 1    478                       492    -14      456
  SINCE JUL 1   3556                      3913   -357     3025

 COOLING
  TODAY            0                         0      0        0
  MONTH TO DATE    0                         0      0        0
  SINCE DEC 1      0                         0      0        0
  SINCE JAN 1      0                         0      0        0
..................................................................


WIND (MPH)
  RESULTANT WIND SPEED  17   RESULTANT WIND DIRECTION   E (110)
  HIGHEST WIND SPEED    33   HIGHEST WIND DIRECTION     E (110)
  HIGHEST GUST SPEED    44   HIGHEST GUST DIRECTION     E (110)
  AVERAGE WIND SPEED    16.9



WEATHER CONDITIONS
 THE FOLLOWING WEATHER WAS RECORDED TODAY.
  LIGHT SNOW
  FOG


..........................................................


THE SAINT PAUL ISLAND CLIMATE NORMALS FOR TOMORROW
                         NORMAL    RECORD    YEAR
 MAXIMUM TEMPERATURE (F)   33        43      2016
 MINIMUM TEMPERATURE (F)   25         4      2012


SUNRISE AND SUNSET
DECEMBER 14 2017......SUNRISE  1054 AM AKST  SUNSET   538 PM AKST
DECEMBER 15 2017......SUNRISE  1055 AM AKST  SUNSET   538 PM AKST


-  INDICATES NEGATIVE NUMBERS.
R  INDICATES RECORD WAS SET OR TIED.
MM INDICATES DATA IS MISSING.
T  INDICATES TRACE AMOUNT.




$$
