000
CDAK48 PASN 280041
CLISNP


CLIMATE REPORT
NATIONAL WEATHER SERVICE ANCHORAGE, AK
439 PM AKDT SAT MAY 27 2017


...................................

...THE SAINT PAUL ISLAND CLIMATE SUMMARY FOR MAY 27 2017...
VALID TODAY AS OF 0400 PM LOCAL TIME.

CLIMATE NORMAL PERIOD 1981 TO 2010
CLIMATE RECORD PERIOD 1892 TO 2017


WEATHER ITEM   OBSERVED TIME   RECORD YEAR NORMAL DEPARTURE LAST
                VALUE   (LST)  VALUE       VALUE  FROM      YEAR
                                                  NORMAL
..................................................................
TEMPERATURE (F)
 TODAY
  MAXIMUM         44        MM  59    1997  43      1       53
  MINIMUM         39        MM  26    1981  34      5       42
  AVERAGE         42                        38      4       48

PRECIPITATION (IN)
  TODAY            0.00          0.52 1996   0.03  -0.03     0.00
                                      1993
  MONTH TO DATE    1.49                      0.98   0.51     0.76
  SINCE MAR 1      2.66                      3.13  -0.47     2.92
  SINCE JAN 1      5.75                      6.01  -0.26     5.68

SNOWFALL (IN)
  TODAY            0.0          MM      MM   0.0    0.0      0.0
  MONTH TO DATE    T                         1.1   -1.1      0.0
  SINCE MAR 1      0.6                      14.8  -14.2      0.0
  SINCE JUL 1     48.8                      59.8  -11.0     23.7
  SNOW DEPTH       0

DEGREE DAYS
 HEATING
  TODAY           23                        27     -4       17
  MONTH TO DATE  712                       789    -77      638
  SINCE MAR 1   2899                      3107   -208     2254
  SINCE JUL 1   8774                     10024  -1250     7439

 COOLING
  TODAY            0                         0      0        0
  MONTH TO DATE    0                         0      0        0
  SINCE MAR 1      0                         0      0        0
  SINCE JAN 1      0                         0      0        0
..................................................................


WIND (MPH)
  RESULTANT WIND SPEED  10   RESULTANT WIND DIRECTION   W (250)
  HIGHEST WIND SPEED    13   HIGHEST WIND DIRECTION     W (260)
  HIGHEST GUST SPEED    MM   HIGHEST GUST DIRECTION    MM
  AVERAGE WIND SPEED    10.1



WEATHER CONDITIONS
 THE FOLLOWING WEATHER WAS RECORDED TODAY.
  NO SIGNIFICANT WEATHER WAS OBSERVED.


..........................................................


THE SAINT PAUL ISLAND CLIMATE NORMALS FOR TOMORROW
                         NORMAL    RECORD    YEAR
 MAXIMUM TEMPERATURE (F)   43        59      1997
 MINIMUM TEMPERATURE (F)   34        28      1987
                                             1971


SUNRISE AND SUNSET
MAY 27 2017...........SUNRISE   640 AM AKDT  SUNSET  1157 PM AKDT
MAY 28 2017...........SUNRISE   639 AM AKDT  SUNSET  1159 PM AKDT


-  INDICATES NEGATIVE NUMBERS.
R  INDICATES RECORD WAS SET OR TIED.
MM INDICATES DATA IS MISSING.
T  INDICATES TRACE AMOUNT.




$$
