000
CDAK48 PASN 231303
CLISNP


CLIMATE REPORT
NATIONAL WEATHER SERVICE ANCHORAGE, AK
503 AM AKDT THU MAR 23 2017


...................................

...THE SAINT PAUL ISLAND CLIMATE SUMMARY FOR MARCH 22 2017...

CLIMATE NORMAL PERIOD 1981 TO 2010
CLIMATE RECORD PERIOD 1892 TO 2017


WEATHER ITEM   OBSERVED TIME   RECORD YEAR NORMAL DEPARTURE LAST
                VALUE   (LST)  VALUE       VALUE  FROM      YEAR
                                                  NORMAL
..................................................................
TEMPERATURE (F)
 YESTERDAY
  MAXIMUM         30    427 PM  42    1979  30      0       31
  MINIMUM         21    615 AM -10    1975  20      1       23
  AVERAGE         26                        25      1       27

PRECIPITATION (IN)
  YESTERDAY        0.00          0.70 2012   0.04  -0.04     0.01
  MONTH TO DATE    0.10                      0.76  -0.66     0.87
  SINCE MAR 1      0.10                      0.76  -0.66     0.87
  SINCE JAN 1      3.19                      3.64  -0.45     3.63

SNOWFALL (IN)
  YESTERDAY        0.0          MM      MM   0.2   -0.2     MM
  MONTH TO DATE    0.4                       5.7   -5.3      0.0
  SINCE MAR 1      0.4                       5.7   -5.3      0.0
  SINCE JUL 1     48.6                      50.7   -2.1     23.7
  SNOW DEPTH       0

DEGREE DAYS
 HEATING
  YESTERDAY       39                        40     -1       38
  MONTH TO DATE  831                       880    -49      691
  SINCE MAR 1    831                       880    -49      691
  SINCE JUL 1   6706                      7797  -1091     5876

 COOLING
  YESTERDAY        0                         0      0        0
  MONTH TO DATE    0                         0      0        0
  SINCE MAR 1      0                         0      0        0
  SINCE JAN 1      0                         0      0        0
..................................................................


WIND (MPH)
  RESULTANT WIND SPEED  12   RESULTANT WIND DIRECTION   E (70)
  HIGHEST WIND SPEED    17   HIGHEST WIND DIRECTION     E (70)
  HIGHEST GUST SPEED    22   HIGHEST GUST DIRECTION     E (70)
  AVERAGE WIND SPEED    12.6



WEATHER CONDITIONS
 THE FOLLOWING WEATHER WAS RECORDED YESTERDAY.
  NO SIGNIFICANT WEATHER WAS OBSERVED.


..........................................................


THE SAINT PAUL ISLAND CLIMATE NORMALS FOR TODAY
                         NORMAL    RECORD    YEAR
 MAXIMUM TEMPERATURE (F)   30        42      1979
 MINIMUM TEMPERATURE (F)   20       -13      1975


SUNRISE AND SUNSET
MARCH 23 2017.........SUNRISE   913 AM AKDT  SUNSET   943 PM AKDT
MARCH 24 2017.........SUNRISE   910 AM AKDT  SUNSET   945 PM AKDT


-  INDICATES NEGATIVE NUMBERS.
R  INDICATES RECORD WAS SET OR TIED.
MM INDICATES DATA IS MISSING.
T  INDICATES TRACE AMOUNT.




$$
