000
CDAK48 PASN 240931
CLISNP


CLIMATE REPORT
NATIONAL WEATHER SERVICE ANCHORAGE, AK
131 AM AKDT MON JUL 24 2017


...................................

...THE SAINT PAUL ISLAND CLIMATE SUMMARY FOR JULY 23 2017...

CLIMATE NORMAL PERIOD 1981 TO 2010
CLIMATE RECORD PERIOD 1892 TO 2017


WEATHER ITEM   OBSERVED TIME   RECORD YEAR NORMAL DEPARTURE LAST
                VALUE   (LST)  VALUE       VALUE  FROM      YEAR
                                                  NORMAL
..................................................................
TEMPERATURE (F)
 YESTERDAY
  MAXIMUM         51        MM  60    1979  51      0       58
  MINIMUM         45        MM  33    1992  44      1       50
  AVERAGE         48                        48      0       54

PRECIPITATION (IN)
  YESTERDAY        0.05          0.54 2004   0.07  -0.02     0.00
  MONTH TO DATE    2.57                      1.28   1.29     0.58
  SINCE JUN 1      3.50                      2.63   0.87     2.05
  SINCE JAN 1      9.31                      8.79   0.52     7.74

SNOWFALL (IN)
  YESTERDAY        0.0          MM      MM   0.0    0.0      0.0
  MONTH TO DATE    0.0                       0.0    0.0      0.0
  SINCE JUN 1      0.0                       T      0.0      0.0
  SINCE JUL 1      0.0                       0.0    0.0      0.0
  SNOW DEPTH       0

DEGREE DAYS
 HEATING
  YESTERDAY       17                        17      0       11
  MONTH TO DATE  398                       417    -19      213
  SINCE JUN 1    952                      1095   -143      675
  SINCE JUL 1    398                       417    -19      213

 COOLING
  YESTERDAY        0                         0      0        0
  MONTH TO DATE    0                         0      0        0
  SINCE JUN 1      0                         0      0        0
  SINCE JAN 1      0                         0      0        0
..................................................................


WIND (MPH)
  RESULTANT WIND SPEED  15   RESULTANT WIND DIRECTION  SW (230)
  HIGHEST WIND SPEED    20   HIGHEST WIND DIRECTION    SW (220)
  HIGHEST GUST SPEED    24   HIGHEST GUST DIRECTION    SW (230)
  AVERAGE WIND SPEED    15.4



WEATHER CONDITIONS
 THE FOLLOWING WEATHER WAS RECORDED YESTERDAY.
  LIGHT RAIN
  FOG


..........................................................


THE SAINT PAUL ISLAND CLIMATE NORMALS FOR TODAY
                         NORMAL    RECORD    YEAR
 MAXIMUM TEMPERATURE (F)   51        62      2013
 MINIMUM TEMPERATURE (F)   45        32      2008
                                             1991


SUNRISE AND SUNSET
JULY 24 2017..........SUNRISE   704 AM AKDT  SUNSET  1149 PM AKDT
JULY 25 2017..........SUNRISE   706 AM AKDT  SUNSET  1147 PM AKDT


-  INDICATES NEGATIVE NUMBERS.
R  INDICATES RECORD WAS SET OR TIED.
MM INDICATES DATA IS MISSING.
T  INDICATES TRACE AMOUNT.




$$
