000
CDAK48 PASN 292321
CLISNP

CLIMATE REPORT
NATIONAL WEATHER SERVICE ST PAUL, AK
321 PM AKDT SAT AUG 29 2015

...................................
...THE ST PAUL AIRPORT CLIMATE SUMMARY FOR AUGUST 29 2015...
VALID TODAY AS OF 2:00 PM LOCAL TIME

CLIMATE NORMAL PERIOD  1981 TO  2010
CLIMATE RECORD PERIOD  1892 TO  2015

WEATHER ITEM   OBSERVED TIME    RECORD YEAR NORMAL DEPARTURE LAST
               VALUE    (LST)   VALUE       VALUE  FROM      YEAR
                                                   NORMAL
...................................................................
TEMPERATURE
TODAY
 MAXIMUM            52  1206 PM    57  1993     52       0     54
 MINIMUM            50  0141 PM    32  1958     45       5     44
 AVERAGE            51                          49       2     49

PRECIPITATION
(INCHES)
 TODAY            1.30R          0.83  2006   0.10    1.20   0.20
 MONTH TO DATE    2.41                        2.85   -0.44   4.10
 SINCE JUN 1      5.17                        6.05   -0.88   6.19
 SINCE JAN 1     11.45                       12.21   -0.76  13.33

SNOWFALL
(INCHES)
 TODAY             0.0            0.0  2015    0.0     0.0    0.0
 MONTH TO DATE     0.0                         0.0     0.0    0.0
 SINCE JUN 1       0.0                         0.0     0.0    0.0
 SINCE JUL 1       0.0                         0.0     0.0    0.0
 SNOW DEPTH (IN)     0                                          0

DEGREE DAYS
 HEATING
  TODAY             14                          16      -2     16
  MONTH TO DATE    397                         465     -68    338
  SINCE JUN 1     1495                        1697    -202   1412
  SINCE JUL 1      875                        1018    -143    784

 COOLING
  TODAY              0                           0       0      0
  MONTH TO DATE      0                           0       0      0
  SINCE JUN 1        0                           0       0      0
  SINCE JAN 1        0                           0       0      0
...................................................................

WIND (MPH)
 HIGHEST WIND SPEED    29     HIGHEST WIND DIRECTION    260
 HIGHEST GUST SPEED    36     HIGHEST GUST DIRECTION    260
 AVERAGE WIND SPEED    MM

SKY COVER
  POSSIBLE SUNSHINE  MM            AVERAGE SKY COVER MM

WEATHER CONDITIONS
 THE FOLLOWING WEATHER WAS RECORDED TODAY.
FOG
RAIN


RELATIVE HUMIDITY
 HIGHEST RH     MM PERCENT       MM
 LOWEST  RH     MM PERCENT       MM
 AVERAGE RH     MM PERCENT       MM
...................................................................

THE ST PAUL CLIMATE NORMALS FOR TOMORROW
                        NORMAL    RECORD   YEAR
 MAXIMUM TEMPERATURE      52        57     2014
 MINIMUM TEMPERATURE      45        36     1956

SUNRISE AND SUNSET
 AUG 29 2015..........SUNRISE  8:17 AM      SUNSET 10:26 PM
 AUG 30 2015..........SUNRISE  8:19 AM      SUNSET 10:23 PM

-  INDICATES NEGATIVE NUMBERS.
R  INDICATES RECORD HAS BEEN SET OR TIED.
MM INDICATES DATA IS MISSING.
T  INDICATES TRACE OF PRECIPITATION.

&&
-------------------------------------------------------------------

AMOUNT OF DAYLIGHT TODAY  (HOUR:MIN)........14 HOURS 9 MINUTES
GAIN/LOSS SINCE YESTERDAY (HOUR:MIN:SEC)....-0:04:43

$$
SAH AUG 15
