000
CDUS46 KMTR 020835
CLISNS


CLIMATE REPORT
NATIONAL WEATHER SERVICE SAN FRANCISCO BAY AREA
1235 AM PST FRI DEC 2 2016


...................................

...THE SALINAS AIRPORT CLIMATE SUMMARY FOR DECEMBER 1 2016...

CLIMATE NORMAL PERIOD 1981 TO 2010
CLIMATE RECORD PERIOD 1930 TO 2016


WEATHER ITEM   OBSERVED TIME   RECORD YEAR NORMAL DEPARTURE LAST
                VALUE   (LST)  VALUE       VALUE  FROM      YEAR
                                                  NORMAL
..................................................................
TEMPERATURE (F)
 YESTERDAY
  MAXIMUM         59    215 PM  83    1956  63     -4       66
  MINIMUM         43   1159 PM  30    2004  42      1       36
  AVERAGE         51                        52     -1       51

PRECIPITATION (IN)
  YESTERDAY        0.00          0.85 1952   0.05  -0.05     0.00
  MONTH TO DATE    0.00                      0.05  -0.05     0.00
  SINCE OCT 1      2.56                      2.03   0.53     2.94
  SINCE JAN 1     11.13                     10.95   0.18     5.05

DEGREE DAYS
 HEATING
  YESTERDAY       14                        13      1       14
  MONTH TO DATE   14                        13      1       14
  SINCE DEC 1     14                        13      1       14
  SINCE JUL 1    584                       631    -47      374

 COOLING
  YESTERDAY        0                         0      0        0
  MONTH TO DATE    0                         0      0        0
  SINCE DEC 1      0                         0      0        0
  SINCE JAN 1    113                       130    -17      386
..................................................................


WIND (MPH)
  RESULTANT WIND SPEED   5   RESULTANT WIND DIRECTION   W (290)
  HIGHEST WIND SPEED    15   HIGHEST WIND DIRECTION    SW (240)
  HIGHEST GUST SPEED    18   HIGHEST GUST DIRECTION     N (340)
  AVERAGE WIND SPEED     7.1


SKY COVER
  POSSIBLE SUNSHINE  MM
  AVERAGE SKY COVER 0.2


WEATHER CONDITIONS
 THE FOLLOWING WEATHER WAS RECORDED YESTERDAY.
  NO SIGNIFICANT WEATHER WAS OBSERVED.


RELATIVE HUMIDITY (PERCENT)
 HIGHEST    82           900 PM
 LOWEST     40           200 PM
 AVERAGE    61

..........................................................


THE SALINAS AIRPORT CLIMATE NORMALS FOR TODAY
                         NORMAL    RECORD    YEAR
 MAXIMUM TEMPERATURE (F)   63        79      1956
 MINIMUM TEMPERATURE (F)   42        30      2004


SUNRISE AND SUNSET
DECEMBER  2 2016......SUNRISE   702 AM PST   SUNSET   450 PM PST
DECEMBER  3 2016......SUNRISE   702 AM PST   SUNSET   450 PM PST


-  INDICATES NEGATIVE NUMBERS.
R  INDICATES RECORD WAS SET OR TIED.
MM INDICATES DATA IS MISSING.
T  INDICATES TRACE AMOUNT.




$$
