000
CDUS46 KMTR 300825
CLISNS


CLIMATE REPORT
NATIONAL WEATHER SERVICE SAN FRANCISCO BAY AREA
125 AM PDT SAT AUG 30 2014


...................................

...THE SALINAS AIRPORT CLIMATE SUMMARY FOR AUGUST 29 2014...

CLIMATE NORMAL PERIOD 1981 TO 2010
CLIMATE RECORD PERIOD 1930 TO 2014


WEATHER ITEM   OBSERVED TIME   RECORD YEAR NORMAL DEPARTURE LAST
                VALUE   (LST)  VALUE       VALUE  FROM      YEAR
                                                  NORMAL
..................................................................
TEMPERATURE (F)
 YESTERDAY
  MAXIMUM         78   1205 PM  98    1968  73      5       79
  MINIMUM         59    740 AM  43    1945  56      3       59
  AVERAGE         69                        64      5       69

PRECIPITATION (IN)
  YESTERDAY        0.00          0.11 2000   0.00   0.00     0.00
  MONTH TO DATE    T                         0.03  -0.03     0.02
  SINCE JUL 1      0.01                      0.03  -0.02     0.02
  SINCE JAN 1      4.98                      8.75  -3.77     2.35

DEGREE DAYS
 HEATING
  YESTERDAY        0                         2     -2        0
  MONTH TO DATE    3                        58    -55       35
  SINCE JUN 1    155                       249    -94      203
  SINCE JUL 1     41                       136    -95      105

 COOLING
  YESTERDAY        4                         1      3        4
  MONTH TO DATE   34                        26      8       28
  SINCE JUN 1     77                        56     21       65
  SINCE JAN 1    127                        72     55       75
..................................................................


WIND (MPH)
  RESULTANT WIND SPEED   5   RESULTANT WIND DIRECTION   W (290)
  HIGHEST WIND SPEED    21   HIGHEST WIND DIRECTION     W (280)
  HIGHEST GUST SPEED    26   HIGHEST GUST DIRECTION     W (280)
  AVERAGE WIND SPEED     5.8


SKY COVER
  POSSIBLE SUNSHINE  MM
  AVERAGE SKY COVER 0.5


WEATHER CONDITIONS
 THE FOLLOWING WEATHER WAS RECORDED YESTERDAY.
  FOG
  HAZE


RELATIVE HUMIDITY (PERCENT)
 HIGHEST    93           700 AM
 LOWEST     48          1200 PM
 AVERAGE    71

..........................................................


THE SALINAS AIRPORT CLIMATE NORMALS FOR TODAY
                         NORMAL    RECORD    YEAR
 MAXIMUM TEMPERATURE (F)   73        87      1943
 MINIMUM TEMPERATURE (F)   56        43      1941


SUNRISE AND SUNSET
AUGUST 30 2014........SUNRISE   536 AM PST   SUNSET   637 PM PST
AUGUST 31 2014........SUNRISE   537 AM PST   SUNSET   636 PM PST


-  INDICATES NEGATIVE NUMBERS.
R  INDICATES RECORD WAS SET OR TIED.
MM INDICATES DATA IS MISSING.
T  INDICATES TRACE AMOUNT.




$$
