000
CDUS46 KMTR 290836
CLISNS


CLIMATE REPORT
NATIONAL WEATHER SERVICE SAN FRANCISCO BAY AREA
1235 AM PST THU JAN 29 2015


...................................

...THE SALINAS AIRPORT CLIMATE SUMMARY FOR JANUARY 28 2015...

CLIMATE NORMAL PERIOD 1981 TO 2010
CLIMATE RECORD PERIOD 1930 TO 2015


WEATHER ITEM   OBSERVED TIME   RECORD YEAR NORMAL DEPARTURE LAST
                VALUE   (LST)  VALUE       VALUE  FROM      YEAR
                                                  NORMAL
..................................................................
TEMPERATURE (F)
 YESTERDAY
  MAXIMUM         73    203 PM  78    1934  62     11       70
  MINIMUM         45    734 AM  26    1975  42      3       47
  AVERAGE         59                        52      7       59

PRECIPITATION (IN)
  YESTERDAY        0.00          0.75 1950   0.09  -0.09     0.00
  MONTH TO DATE    0.01                      2.33  -2.32     0.01
  SINCE JUL 1      8.11                      6.44   1.67     0.95
  SINCE JAN 1      0.01                      2.33  -2.32     0.01

DEGREE DAYS
 HEATING
  YESTERDAY        6                        13     -7        6
  MONTH TO DATE  212                       384   -172      219
  SINCE DEC 1    468                       819   -351      622
  SINCE JUL 1    682                      1437   -755     1148

 COOLING
  YESTERDAY        0                         0      0        0
  MONTH TO DATE    1                         0      1        2
  SINCE DEC 1      2                         0      2        2
  SINCE JAN 1      1                         0      1        2
..................................................................


WIND (MPH)
  RESULTANT WIND SPEED   1   RESULTANT WIND DIRECTION   N (350)
  HIGHEST WIND SPEED    12   HIGHEST WIND DIRECTION     N (340)
  HIGHEST GUST SPEED    15   HIGHEST GUST DIRECTION     N (340)
  AVERAGE WIND SPEED     2.6


SKY COVER
  POSSIBLE SUNSHINE  MM
  AVERAGE SKY COVER 0.0


WEATHER CONDITIONS
 THE FOLLOWING WEATHER WAS RECORDED YESTERDAY.
  NO SIGNIFICANT WEATHER WAS OBSERVED.


RELATIVE HUMIDITY (PERCENT)
 HIGHEST    86           200 AM
 LOWEST     33           200 PM
 AVERAGE    60

..........................................................


THE SALINAS AIRPORT CLIMATE NORMALS FOR TODAY
                         NORMAL    RECORD    YEAR
 MAXIMUM TEMPERATURE (F)   62        77      1931
 MINIMUM TEMPERATURE (F)   42        29      1957


SUNRISE AND SUNSET
JANUARY 29 2015.......SUNRISE   711 AM PST   SUNSET   529 PM PST
JANUARY 30 2015.......SUNRISE   710 AM PST   SUNSET   530 PM PST


-  INDICATES NEGATIVE NUMBERS.
R  INDICATES RECORD WAS SET OR TIED.
MM INDICATES DATA IS MISSING.
T  INDICATES TRACE AMOUNT.




$$
