000
CDUS46 KMTR 010027
CLISNS


CLIMATE REPORT
NATIONAL WEATHER SERVICE SAN FRANCISCO BAY AREA
527 PM PDT FRI SEP 30 2016


...................................

...THE SALINAS AIRPORT CLIMATE SUMMARY FOR SEPTEMBER 30 2016...
VALID TODAY AS OF 0500 PM LOCAL TIME.

CLIMATE NORMAL PERIOD 1981 TO 2010
CLIMATE RECORD PERIOD 1930 TO 2016


WEATHER ITEM   OBSERVED TIME   RECORD YEAR NORMAL DEPARTURE LAST
                VALUE   (LST)  VALUE       VALUE  FROM      YEAR
                                                  NORMAL
..................................................................
TEMPERATURE (F)
 TODAY
  MAXIMUM         66    202 PM  99    2001  74     -8       75
  MINIMUM         52    655 AM  36    1950  52      0       59
  AVERAGE         59                        63     -4       67

PRECIPITATION (IN)
  TODAY            0.00          0.78 1983   0.01  -0.01     0.19
  MONTH TO DATE    0.00                      0.17  -0.17     0.22
  SINCE OCT 1     13.47                     12.83   0.64    10.10
  SINCE JAN 1      8.57                      8.92  -0.35     2.11

DEGREE DAYS
 HEATING
  TODAY            6                         3      3        0
  MONTH TO DATE   78                        64     14       11
  SINCE SEP 1     78                        60     18       11
  SINCE JUL 1    226                       195     31       14

 COOLING
  TODAY            0                         1     -1        2
  MONTH TO DATE   50                        36     14      106
  SINCE SEP 1     50                        36     14      106
  SINCE JAN 1     83                       105    -22      317
..................................................................


WIND (MPH)
  RESULTANT WIND SPEED   8   RESULTANT WIND DIRECTION   W (250)
  HIGHEST WIND SPEED    18   HIGHEST WIND DIRECTION    SW (240)
  HIGHEST GUST SPEED    25   HIGHEST GUST DIRECTION     W (270)
  AVERAGE WIND SPEED     8.4


SKY COVER
  POSSIBLE SUNSHINE  MM
  AVERAGE SKY COVER 0.7


WEATHER CONDITIONS
 THE FOLLOWING WEATHER WAS RECORDED TODAY.
  FOG


RELATIVE HUMIDITY (PERCENT)
 HIGHEST    89           100 AM
 LOWEST     52           200 PM
 AVERAGE    71

..........................................................


THE SALINAS AIRPORT CLIMATE NORMALS FOR TOMORROW
                         NORMAL    RECORD    YEAR
 MAXIMUM TEMPERATURE (F)   74       105      1980
 MINIMUM TEMPERATURE (F)   52        40      1971


SUNRISE AND SUNSET
SEPTEMBER 30 2016.....SUNRISE   701 AM PDT   SUNSET   650 PM PDT
OCTOBER  1 2016.......SUNRISE   702 AM PDT   SUNSET   649 PM PDT


-  INDICATES NEGATIVE NUMBERS.
R  INDICATES RECORD WAS SET OR TIED.
MM INDICATES DATA IS MISSING.
T  INDICATES TRACE AMOUNT.




$$
