000
CDUS46 KMTR 290036
CLISNS


CLIMATE REPORT
NATIONAL WEATHER SERVICE SAN FRANCISCO BAY AREA
436 PM PST FRI NOV 28 2014


...................................

...THE SALINAS AIRPORT CLIMATE SUMMARY FOR NOVEMBER 28 2014...
VALID TODAY AS OF 0400 PM LOCAL TIME.

CLIMATE NORMAL PERIOD 1981 TO 2010
CLIMATE RECORD PERIOD 1930 TO 2014


WEATHER ITEM   OBSERVED TIME   RECORD YEAR NORMAL DEPARTURE LAST
                VALUE   (LST)  VALUE       VALUE  FROM      YEAR
                                                  NORMAL
..................................................................
TEMPERATURE (F)
 TODAY
  MAXIMUM         68    101 PM  79    1935  64      4       72
  MINIMUM         41    450 AM  31    1931  42     -1       46
  AVERAGE         55                        53      2       59

PRECIPITATION (IN)
  TODAY            0.00          1.18 1970   0.06  -0.06     0.00
  MONTH TO DATE    0.75                      1.29  -0.54     0.47
  SINCE JUL 1      2.00                      2.07  -0.07     0.73
  SINCE JAN 1      6.97                     10.79  -3.82     3.06

DEGREE DAYS
 HEATING
  TODAY           10                        12     -2        6
  MONTH TO DATE  113                       259   -146      222
  SINCE SEP 1    158                       458   -300      404
  SINCE JUL 1    199                       593   -394      509

 COOLING
  TODAY            0                         0      0        0
  MONTH TO DATE    9                         0      9        0
  SINCE SEP 1    136                        58     78       71
  SINCE JAN 1    269                       127    142      155
..................................................................


WIND (MPH)
  RESULTANT WIND SPEED   3   RESULTANT WIND DIRECTION  SE (120)
  HIGHEST WIND SPEED    14   HIGHEST WIND DIRECTION     E (110)
  HIGHEST GUST SPEED    17   HIGHEST GUST DIRECTION     E (110)
  AVERAGE WIND SPEED     6.0


SKY COVER
  POSSIBLE SUNSHINE  MM
  AVERAGE SKY COVER 0.3


WEATHER CONDITIONS
 THE FOLLOWING WEATHER WAS RECORDED TODAY.
  FOG
  FOG W/VISIBILITY <= 1/4 MILE
  HAZE


RELATIVE HUMIDITY (PERCENT)
 HIGHEST    93           300 AM
 LOWEST     32           100 PM
 AVERAGE    63

..........................................................


THE SALINAS AIRPORT CLIMATE NORMALS FOR TOMORROW
                         NORMAL    RECORD    YEAR
 MAXIMUM TEMPERATURE (F)   63        84      1956
 MINIMUM TEMPERATURE (F)   42        27      2004


SUNRISE AND SUNSET
NOVEMBER 28 2014......SUNRISE   657 AM PST   SUNSET   451 PM PST
NOVEMBER 29 2014......SUNRISE   658 AM PST   SUNSET   451 PM PST


-  INDICATES NEGATIVE NUMBERS.
R  INDICATES RECORD WAS SET OR TIED.
MM INDICATES DATA IS MISSING.
T  INDICATES TRACE AMOUNT.




$$
