000
CDUS46 KMTR 020026
CLISNS


CLIMATE REPORT
NATIONAL WEATHER SERVICE SAN FRANCISCO BAY AREA
526 PM PDT TUE SEP 1 2015


...................................

...THE SALINAS AIRPORT CLIMATE SUMMARY FOR SEPTEMBER 1 2015...
VALID TODAY AS OF 0500 PM LOCAL TIME.

CLIMATE NORMAL PERIOD 1981 TO 2010
CLIMATE RECORD PERIOD 1930 TO 2015


WEATHER ITEM   OBSERVED TIME   RECORD YEAR NORMAL DEPARTURE LAST
                VALUE   (LST)  VALUE       VALUE  FROM      YEAR
                                                  NORMAL
..................................................................
TEMPERATURE (F)
 TODAY
  MAXIMUM         71    238 PM  96    1952  74     -3       78
  MINIMUM         58    230 AM  45    2008  56      2       58
  AVERAGE         65                        65      0       68

PRECIPITATION (IN)
  TODAY            0.00          0.01 1983   0.00   0.00     0.00
  MONTH TO DATE    0.00                      0.00   0.00     0.00
  SINCE OCT 1      9.88                     12.66  -2.78     5.81
  SINCE JAN 1      1.89                      8.75  -6.86     4.98

DEGREE DAYS
 HEATING
  TODAY            0                         2     -2        0
  MONTH TO DATE    0                         2     -2        0
  SINCE SEP 1      0                         2     -2        0
  SINCE JUL 1      3                       137   -134       41

 COOLING
  TODAY            0                         1     -1        3
  MONTH TO DATE    0                         1     -1        3
  SINCE SEP 1      0                         1     -1        3
  SINCE JAN 1    211                        70    141      136
..................................................................


WIND (MPH)
  RESULTANT WIND SPEED   5   RESULTANT WIND DIRECTION   W (280)
  HIGHEST WIND SPEED    17   HIGHEST WIND DIRECTION     W (280)
  HIGHEST GUST SPEED    22   HIGHEST GUST DIRECTION    NW (300)
  AVERAGE WIND SPEED     6.2


SKY COVER
  POSSIBLE SUNSHINE  MM
  AVERAGE SKY COVER 0.5


WEATHER CONDITIONS
 THE FOLLOWING WEATHER WAS RECORDED TODAY.
  FOG


RELATIVE HUMIDITY (PERCENT)
 HIGHEST    93           400 AM
 LOWEST     57           200 PM
 AVERAGE    75

..........................................................


THE SALINAS AIRPORT CLIMATE NORMALS FOR TOMORROW
                         NORMAL    RECORD    YEAR
 MAXIMUM TEMPERATURE (F)   74        90      2008
                                             1955
 MINIMUM TEMPERATURE (F)   56        47      1964


SUNRISE AND SUNSET
SEPTEMBER  1 2015.....SUNRISE   537 AM PST   SUNSET   635 PM PST
SEPTEMBER  2 2015.....SUNRISE   538 AM PST   SUNSET   633 PM PST


-  INDICATES NEGATIVE NUMBERS.
R  INDICATES RECORD WAS SET OR TIED.
MM INDICATES DATA IS MISSING.
T  INDICATES TRACE AMOUNT.




$$
