000
CDUS46 KMTR 250831
CLISNS


CLIMATE REPORT
NATIONAL WEATHER SERVICE SAN FRANCISCO BAY AREA
1230 AM PST THU DEC 25 2014


...................................

...THE SALINAS AIRPORT CLIMATE SUMMARY FOR DECEMBER 24 2014...

CLIMATE NORMAL PERIOD 1981 TO 2010
CLIMATE RECORD PERIOD 1930 TO 2014


WEATHER ITEM   OBSERVED TIME   RECORD YEAR NORMAL DEPARTURE LAST
                VALUE   (LST)  VALUE       VALUE  FROM      YEAR
                                                  NORMAL
..................................................................
TEMPERATURE (F)
 YESTERDAY
  MAXIMUM         62    336 PM  76    1989  61      1       75
  MINIMUM         47   1113 PM  26    1998  40      7       44
  AVERAGE         55                        50      5       60

PRECIPITATION (IN)
  YESTERDAY        0.04          1.29 1931   0.07  -0.03     0.00
  MONTH TO DATE    6.01                      1.44   4.57     0.21
  SINCE JUL 1      8.10                      3.62   4.48     0.94
  SINCE JAN 1     13.07                     12.34   0.73     3.27

DEGREE DAYS
 HEATING
  YESTERDAY       10                        15     -5        5
  MONTH TO DATE  142                       335   -193      349
  SINCE DEC 1    142                       335   -193      349
  SINCE JUL 1    356                       953   -597      875

 COOLING
  YESTERDAY        0                         0      0        0
  MONTH TO DATE    1                         0      1        0
  SINCE DEC 1      1                         0      1        0
  SINCE JAN 1    270                       130    140      155
..................................................................


WIND (MPH)
  RESULTANT WIND SPEED   2   RESULTANT WIND DIRECTION   S (200)
  HIGHEST WIND SPEED    20   HIGHEST WIND DIRECTION     W (260)
  HIGHEST GUST SPEED    28   HIGHEST GUST DIRECTION     W (270)
  AVERAGE WIND SPEED     8.3


SKY COVER
  POSSIBLE SUNSHINE  MM
  AVERAGE SKY COVER 0.3


WEATHER CONDITIONS
 THE FOLLOWING WEATHER WAS RECORDED YESTERDAY.
  LIGHT RAIN
  FOG
  HAZE


RELATIVE HUMIDITY (PERCENT)
 HIGHEST    89           100 AM
 LOWEST     61           700 PM
 AVERAGE    75

..........................................................


THE SALINAS AIRPORT CLIMATE NORMALS FOR TODAY
                         NORMAL    RECORD    YEAR
 MAXIMUM TEMPERATURE (F)   61        80      1947
 MINIMUM TEMPERATURE (F)   40        27      1987


SUNRISE AND SUNSET
DECEMBER 25 2014......SUNRISE   717 AM PST   SUNSET   456 PM PST
DECEMBER 26 2014......SUNRISE   717 AM PST   SUNSET   457 PM PST


-  INDICATES NEGATIVE NUMBERS.
R  INDICATES RECORD WAS SET OR TIED.
MM INDICATES DATA IS MISSING.
T  INDICATES TRACE AMOUNT.




$$
