607
CDUS46 KMTR 201245
CLISNS


CLIMATE REPORT
NATIONAL WEATHER SERVICE SAN FRANCISCO BAY AREA
445 AM PST SAT JAN 20 2018


...................................

...THE SALINAS AIRPORT CLIMATE SUMMARY FOR JANUARY 19 2018...

CLIMATE NORMAL PERIOD 1981 TO 2010
CLIMATE RECORD PERIOD 1930 TO 2018


WEATHER ITEM   OBSERVED TIME   RECORD YEAR NORMAL DEPARTURE LAST
                VALUE   (LST)  VALUE       VALUE  FROM      YEAR
                                                  NORMAL
..................................................................
TEMPERATURE (F)
 YESTERDAY
  MAXIMUM         59    150 PM  79    2014  61     -2       57
                                      2009
                                      1961
  MINIMUM         45   1159 PM  27    1943  41      4       45
  AVERAGE         52                        51      1       51

PRECIPITATION (IN)
  YESTERDAY        0.02          1.25 1969   0.08  -0.06     0.18
  MONTH TO DATE    1.44                      1.57  -0.13     3.99
  SINCE OCT 1      2.22                      5.48  -3.26     7.99
  SINCE JAN 1      1.44                      1.57  -0.13     3.99

DEGREE DAYS
 HEATING
  YESTERDAY       13                        14     -1       14
  MONTH TO DATE  152                       266   -114      277
  SINCE DEC 1    494                       701   -207      722
  SINCE JUL 1    930                      1319   -389     1292

 COOLING
  YESTERDAY        0                         0      0        0
  MONTH TO DATE    0                         0      0        0
  SINCE DEC 1      0                         0      0        0
  SINCE JAN 1      0                         0      0        0
..................................................................


WIND (MPH)
  RESULTANT WIND SPEED   5   RESULTANT WIND DIRECTION   W (270)
  HIGHEST WIND SPEED    18   HIGHEST WIND DIRECTION     W (270)
  HIGHEST GUST SPEED    23   HIGHEST GUST DIRECTION     W (270)
  AVERAGE WIND SPEED     5.1


SKY COVER
  POSSIBLE SUNSHINE  MM
  AVERAGE SKY COVER 0.4


WEATHER CONDITIONS
 THE FOLLOWING WEATHER WAS RECORDED YESTERDAY.
  LIGHT RAIN
  FOG


RELATIVE HUMIDITY (PERCENT)
 HIGHEST   100           100 AM
 LOWEST     51           200 PM
 AVERAGE    76

..........................................................


THE SALINAS AIRPORT CLIMATE NORMALS FOR TODAY
                         NORMAL    RECORD    YEAR
 MAXIMUM TEMPERATURE (F)   62        79      1968
 MINIMUM TEMPERATURE (F)   42        25      1937


SUNRISE AND SUNSET
JANUARY 20 2018.......SUNRISE   716 AM PST   SUNSET   519 PM PST
JANUARY 21 2018.......SUNRISE   715 AM PST   SUNSET   521 PM PST


-  INDICATES NEGATIVE NUMBERS.
R  INDICATES RECORD WAS SET OR TIED.
MM INDICATES DATA IS MISSING.
T  INDICATES TRACE AMOUNT.




$$
