000
CDUS46 KMTR 220827
CLISNS


CLIMATE REPORT
NATIONAL WEATHER SERVICE SAN FRANCISCO BAY AREA
127 AM PDT SUN OCT 22 2017


...................................

...THE SALINAS AIRPORT CLIMATE SUMMARY FOR OCTOBER 21 2017...

CLIMATE NORMAL PERIOD 1981 TO 2010
CLIMATE RECORD PERIOD 1930 TO 2017


WEATHER ITEM   OBSERVED TIME   RECORD YEAR NORMAL DEPARTURE LAST
                VALUE   (LST)  VALUE       VALUE  FROM      YEAR
                                                  NORMAL
..................................................................
TEMPERATURE (F)
 YESTERDAY
  MAXIMUM         69    153 PM  97    1937  72     -3       74
  MINIMUM         43    618 AM  36    1949  49     -6       48
  AVERAGE         56                        61     -5       61

PRECIPITATION (IN)
  YESTERDAY        0.00          0.48 1941   0.02  -0.02     0.00
  MONTH TO DATE    0.13                      0.33  -0.20     0.16
  SINCE OCT 1      0.13                      0.33  -0.20     0.16
  SINCE JAN 1     12.62                      9.25   3.37     8.73

DEGREE DAYS
 HEATING
  YESTERDAY        9                         5      4        4
  MONTH TO DATE   86                        81      5       77
  SINCE SEP 1    116                       141    -25      155
  SINCE JUL 1    207                       276    -69      303

 COOLING
  YESTERDAY        0                         1     -1        0
  MONTH TO DATE   17                        21     -4       18
  SINCE SEP 1    162                        57    105       68
  SINCE JAN 1    230                       126    104      101
..................................................................


WIND (MPH)
  RESULTANT WIND SPEED   4   RESULTANT WIND DIRECTION   W (270)
  HIGHEST WIND SPEED    20   HIGHEST WIND DIRECTION    SW (240)
  HIGHEST GUST SPEED    24   HIGHEST GUST DIRECTION    SW (240)
  AVERAGE WIND SPEED     4.7


SKY COVER
  POSSIBLE SUNSHINE  MM
  AVERAGE SKY COVER 0.0


WEATHER CONDITIONS
 THE FOLLOWING WEATHER WAS RECORDED YESTERDAY.
  NO SIGNIFICANT WEATHER WAS OBSERVED.


RELATIVE HUMIDITY (PERCENT)
 HIGHEST    89           600 AM
 LOWEST     39          1200 PM
 AVERAGE    64

..........................................................


THE SALINAS AIRPORT CLIMATE NORMALS FOR TODAY
                         NORMAL    RECORD    YEAR
 MAXIMUM TEMPERATURE (F)   72        98      1965
 MINIMUM TEMPERATURE (F)   49        30      1935


SUNRISE AND SUNSET
OCTOBER 22 2017.......SUNRISE   721 AM PDT   SUNSET   620 PM PDT
OCTOBER 23 2017.......SUNRISE   722 AM PDT   SUNSET   619 PM PDT


-  INDICATES NEGATIVE NUMBERS.
R  INDICATES RECORD WAS SET OR TIED.
MM INDICATES DATA IS MISSING.
T  INDICATES TRACE AMOUNT.




$$
