380
CDUS46 KMTR 210026
CLISNS


CLIMATE REPORT
NATIONAL WEATHER SERVICE SAN FRANCISCO BAY AREA
526 PM PDT SUN AUG 20 2017


...................................

...THE SALINAS AIRPORT CLIMATE SUMMARY FOR AUGUST 20 2017...
VALID TODAY AS OF 0500 PM LOCAL TIME.

CLIMATE NORMAL PERIOD 1981 TO 2010
CLIMATE RECORD PERIOD 1930 TO 2017


WEATHER ITEM   OBSERVED TIME   RECORD YEAR NORMAL DEPARTURE LAST
                VALUE   (LST)  VALUE       VALUE  FROM      YEAR
                                                  NORMAL
..................................................................
TEMPERATURE (F)
 TODAY
  MAXIMUM         72    222 PM  85    1948  72      0       69
  MINIMUM         61    630 AM  47    1949  56      5       57
  AVERAGE         67                        64      3       63

PRECIPITATION (IN)
  TODAY            0.00          0.02 1939   0.00   0.00     0.00
  MONTH TO DATE    T                         0.02  -0.02      T
  SINCE OCT 1     16.45                     12.65   3.80    13.47
  SINCE JAN 1     12.45                      8.74   3.71     8.57

DEGREE DAYS
 HEATING
  TODAY            0                         2     -2        2
  MONTH TO DATE   11                        40    -29       50
  SINCE JUN 1    153                       231    -78      218
  SINCE JUL 1     83                       118    -35      142

 COOLING
  TODAY            2                         1      1        0
  MONTH TO DATE   28                        17     11        0
  SINCE JUN 1     47                        47      0        8
  SINCE JAN 1     65                        63      2       31
..................................................................


WIND (MPH)
  RESULTANT WIND SPEED   7   RESULTANT WIND DIRECTION  NW (300)
  HIGHEST WIND SPEED    20   HIGHEST WIND DIRECTION    NW (320)
  HIGHEST GUST SPEED    26   HIGHEST GUST DIRECTION    NW (300)
  AVERAGE WIND SPEED     7.4


SKY COVER
  POSSIBLE SUNSHINE  MM
  AVERAGE SKY COVER 0.7


WEATHER CONDITIONS
 THE FOLLOWING WEATHER WAS RECORDED TODAY.
  NO SIGNIFICANT WEATHER WAS OBSERVED.


RELATIVE HUMIDITY (PERCENT)
 HIGHEST    90           200 AM
 LOWEST     61           100 PM
 AVERAGE    76

..........................................................


THE SALINAS AIRPORT CLIMATE NORMALS FOR TOMORROW
                         NORMAL    RECORD    YEAR
 MAXIMUM TEMPERATURE (F)   73        84      1972
 MINIMUM TEMPERATURE (F)   56        49      1994


SUNRISE AND SUNSET
AUGUST 20 2017........SUNRISE   628 AM PDT   SUNSET   751 PM PDT
AUGUST 21 2017........SUNRISE   629 AM PDT   SUNSET   749 PM PDT


-  INDICATES NEGATIVE NUMBERS.
R  INDICATES RECORD WAS SET OR TIED.
MM INDICATES DATA IS MISSING.
T  INDICATES TRACE AMOUNT.




$$
