000
CDUS45 KPIH 190738
CLISNT


CLIMATE REPORT
NATIONAL WEATHER SERVICE POCATELLO ID
1234 AM MST SUN NOV 19 2017


...................................

...THE STANLEY ID CLIMATE SUMMARY FOR NOVEMBER 18 2017...

CLIMATE NORMAL PERIOD 1981 TO 2010
CLIMATE RECORD PERIOD 1916 TO 2017


WEATHER ITEM   OBSERVED TIME   RECORD YEAR NORMAL DEPARTURE LAST
                VALUE   (LST)  VALUE       VALUE  FROM      YEAR
                                                  NORMAL
..................................................................
TEMPERATURE (F)
 YESTERDAY
  MAXIMUM         26    412 PM  60    2008  33     -7       36
  MINIMUM         -1    726 AM  -9    2000  11    -12        7
  AVERAGE         13                        22     -9       22

PRECIPITATION (IN)
  YESTERDAY        0.00          0.40 1920   0.07  -0.07     0.00
  MONTH TO DATE    3.83                      1.49   2.34     0.78
  SINCE OCT 1      5.22                      2.96   2.26     5.09
  SINCE JAN 1     25.27                     15.17  10.10    16.08

SNOWFALL (IN)
  YESTERDAY       MM
  MONTH TO DATE   MM
  SINCE SEP 1     MM
  SINCE JUL 1     MM
  SNOW DEPTH      MM

DEGREE DAYS
 HEATING
  YESTERDAY       52                        43      9       43
  MONTH TO DATE  713                       686     27      493
  SINCE SEP 1   1993                      2030    -37     1692
  SINCE JUL 1   2208                      2550   -342     2170

 COOLING
  YESTERDAY        0                         0      0        0
  MONTH TO DATE    0                         0      0        0
  SINCE SEP 1      0                         0      0        0
  SINCE JAN 1     25                         3     22        4
..................................................................


WIND (MPH)
  HIGHEST WIND SPEED     7   HIGHEST WIND DIRECTION    SE (150)
  HIGHEST GUST SPEED     9   HIGHEST GUST DIRECTION    SE (150)
  AVERAGE WIND SPEED     1.1


SKY COVER
  POSSIBLE SUNSHINE  MM
  AVERAGE SKY COVER 0.0


WEATHER CONDITIONS
 THE FOLLOWING WEATHER WAS RECORDED YESTERDAY.
  NO SIGNIFICANT WEATHER WAS OBSERVED.


RELATIVE HUMIDITY (PERCENT)
 HIGHEST    95           900 AM
 LOWEST     50           300 PM
 AVERAGE    73

..........................................................


THE STANLEY ID CLIMATE NORMALS FOR TODAY
                         NORMAL    RECORD    YEAR
 MAXIMUM TEMPERATURE (F)   33        51      1976
 MINIMUM TEMPERATURE (F)   11       -19      1979


SUNRISE AND SUNSET
NOVEMBER 19 2017......SUNRISE   741 AM MST   SUNSET   509 PM MST
NOVEMBER 20 2017......SUNRISE   742 AM MST   SUNSET   508 PM MST


-  INDICATES NEGATIVE NUMBERS.
R  INDICATES RECORD WAS SET OR TIED.
MM INDICATES DATA IS MISSING.
T  INDICATES TRACE AMOUNT.




$$
