000
CDUS45 KPIH 072325
CLISNT


CLIMATE REPORT
NATIONAL WEATHER SERVICE POCATELLO ID
523 PM MDT TUE JUL 7 2015


...................................

...THE STANLEY ID CLIMATE SUMMARY FOR JULY 7 2015...
VALID TODAY AS OF 0500 PM LOCAL TIME.

CLIMATE NORMAL PERIOD 1981 TO 2010
CLIMATE RECORD PERIOD 1916 TO 2015


WEATHER ITEM   OBSERVED TIME   RECORD YEAR NORMAL DEPARTURE LAST
                VALUE   (LST)  VALUE       VALUE  FROM      YEAR
                                                  NORMAL
..................................................................
TEMPERATURE (F)
 TODAY
  MAXIMUM         81   1253 PM  88    1968  76      5       87
  MINIMUM         38    529 AM  18    1969  36      2       38
  AVERAGE         60                        56      4       63

PRECIPITATION (IN)
  TODAY            0.01          0.47 1969   0.03  -0.02     0.00
  MONTH TO DATE    0.01                      0.20  -0.19     0.00
  SINCE OCT 1     15.53                     14.97   0.56    16.87
  SINCE JAN 1      8.82                     10.12  -1.30    13.26

SNOWFALL (IN)
  TODAY           MM
  MONTH TO DATE   MM
  SINCE JUN 1     MM
  SINCE JUL 1     MM
  SNOW DEPTH      MM

DEGREE DAYS
 HEATING
  TODAY            5                         9     -4        2
  MONTH TO DATE   14                        72    -58       26
  SINCE JUN 1    248                       526   -278      496
  SINCE JUL 1     14                        72    -58       26

 COOLING
  TODAY            0                         0      0        0
  MONTH TO DATE    1                         0      1        0
  SINCE JUN 1     18                         0     18        0
  SINCE JAN 1     18                         0     18        0
..................................................................


WIND (MPH)
  HIGHEST WIND SPEED    16   HIGHEST WIND DIRECTION     N (340)
  HIGHEST GUST SPEED    25   HIGHEST GUST DIRECTION     N (340)
  AVERAGE WIND SPEED     4.1


SKY COVER
  POSSIBLE SUNSHINE  MM
  AVERAGE SKY COVER 0.0


WEATHER CONDITIONS
 THE FOLLOWING WEATHER WAS RECORDED TODAY.
  NO SIGNIFICANT WEATHER WAS OBSERVED.


RELATIVE HUMIDITY (PERCENT)
 HIGHEST    92           500 AM
 LOWEST     21          1200 PM
 AVERAGE    57

..........................................................


THE STANLEY ID CLIMATE NORMALS FOR TOMORROW
                         NORMAL    RECORD    YEAR
 MAXIMUM TEMPERATURE (F)   76        88      2014
                                             2012
 MINIMUM TEMPERATURE (F)   36        21      1981


SUNRISE AND SUNSET
JULY  7 2015..........SUNRISE   604 AM MDT   SUNSET   925 PM MDT
JULY  8 2015..........SUNRISE   604 AM MDT   SUNSET   925 PM MDT


-  INDICATES NEGATIVE NUMBERS.
R  INDICATES RECORD WAS SET OR TIED.
MM INDICATES DATA IS MISSING.
T  INDICATES TRACE AMOUNT.




$$
