000
CDUS45 KPIH 270738
CLISNT


CLIMATE REPORT
NATIONAL WEATHER SERVICE POCATELLO ID
1236 AM MST SAT DEC 27 2014


...................................

...THE STANLEY ID CLIMATE SUMMARY FOR DECEMBER 26 2014...

CLIMATE NORMAL PERIOD 1981 TO 2010
CLIMATE RECORD PERIOD 1916 TO 2014


WEATHER ITEM   OBSERVED TIME   RECORD YEAR NORMAL DEPARTURE LAST
                VALUE   (LST)  VALUE       VALUE  FROM      YEAR
                                                  NORMAL
..................................................................
TEMPERATURE (F)
 YESTERDAY
  MAXIMUM         24    215 PM  47    1980  25     -1       31
  MINIMUM         -6   1114 PM -37    1916   3     -9       -2
  AVERAGE          9                        14     -5       15

PRECIPITATION (IN)
  YESTERDAY        0.00          0.46 1964   0.04  -0.04     0.00
  MONTH TO DATE    2.34                      1.06   1.28     1.47
  SINCE OCT 1      6.53                      4.64   1.89     3.56
  SINCE JAN 1     22.44                     16.85   5.59    14.06

SNOWFALL (IN)
  YESTERDAY       MM
  MONTH TO DATE   MM
  SINCE DEC 1     MM
  SINCE JUL 1     MM
  SNOW DEPTH      MM

DEGREE DAYS
 HEATING
  YESTERDAY       56                        51      5       50
  MONTH TO DATE 1046                      1308   -262     1393
  SINCE DEC 1   1046                      1308   -262     1393
  SINCE JUL 1   3639                      4405   -766     4182

 COOLING
  YESTERDAY        0                         0      0        0
  MONTH TO DATE    0                         0      0        0
  SINCE DEC 1      0                         0      0        0
  SINCE JAN 1     16                         3     13       19
..................................................................


WIND (MPH)
  HIGHEST WIND SPEED     7   HIGHEST WIND DIRECTION    NW (310)
  HIGHEST GUST SPEED    10   HIGHEST GUST DIRECTION    NW (330)
  AVERAGE WIND SPEED     1.2


SKY COVER
  POSSIBLE SUNSHINE  MM
  AVERAGE SKY COVER 0.0


WEATHER CONDITIONS
 THE FOLLOWING WEATHER WAS RECORDED YESTERDAY.
  NO SIGNIFICANT WEATHER WAS OBSERVED.


RELATIVE HUMIDITY (PERCENT)
 HIGHEST    87          1000 PM
 LOWEST     57           300 PM
 AVERAGE    72

..........................................................


THE STANLEY ID CLIMATE NORMALS FOR TODAY
                         NORMAL    RECORD    YEAR
 MAXIMUM TEMPERATURE (F)   25        48      1980
 MINIMUM TEMPERATURE (F)    3       -42      1916


SUNRISE AND SUNSET
DECEMBER 27 2014......SUNRISE   814 AM MST   SUNSET   508 PM MST
DECEMBER 28 2014......SUNRISE   814 AM MST   SUNSET   508 PM MST


-  INDICATES NEGATIVE NUMBERS.
R  INDICATES RECORD WAS SET OR TIED.
MM INDICATES DATA IS MISSING.
T  INDICATES TRACE AMOUNT.




$$
