000
CDUS45 KPIH 240731
CLISNT


CLIMATE REPORT
NATIONAL WEATHER SERVICE POCATELLO ID
1230 AM MST WED JAN 24 2018


...................................

...THE STANLEY ID CLIMATE SUMMARY FOR JANUARY 23 2018...

CLIMATE NORMAL PERIOD 1981 TO 2010
CLIMATE RECORD PERIOD 1916 TO 2018


WEATHER ITEM   OBSERVED TIME   RECORD YEAR NORMAL DEPARTURE LAST
                VALUE   (LST)  VALUE       VALUE  FROM      YEAR
                                                  NORMAL
..................................................................
TEMPERATURE (F)
 YESTERDAY
  MAXIMUM         28   1159 PM  45    1923  28      0       22
  MINIMUM         -1    755 AM -27    1997   1     -2        7
  AVERAGE         14                        15     -1       15

PRECIPITATION (IN)
  YESTERDAY        0.00          0.38 1972   0.04  -0.04    MM
  MONTH TO DATE    1.61                      1.18   0.43     0.00
  SINCE OCT 1      9.85                      6.03   3.82    11.33
  SINCE JAN 1      1.61                      1.18   0.43     0.00

SNOWFALL (IN)
  YESTERDAY       MM
  MONTH TO DATE   MM
  SINCE DEC 1     MM
  SINCE JUL 1     MM
  SNOW DEPTH      MM

DEGREE DAYS
 HEATING
  YESTERDAY       51                        50      1       50
  MONTH TO DATE  998                      1170   -172     1344
  SINCE DEC 1   2448                      2735   -287     3089
  SINCE JUL 1   5089                      5832   -743     5706

 COOLING
  YESTERDAY        0                         0      0        0
  MONTH TO DATE    0                         0      0        0
  SINCE DEC 1      0                         0      0        0
  SINCE JAN 1      0                         0      0        0
..................................................................


WIND (MPH)
  HIGHEST WIND SPEED    14   HIGHEST WIND DIRECTION     S (180)
  HIGHEST GUST SPEED    19   HIGHEST GUST DIRECTION     S (170)
  AVERAGE WIND SPEED     3.5


SKY COVER
  POSSIBLE SUNSHINE  MM
  AVERAGE SKY COVER 0.0


WEATHER CONDITIONS
 THE FOLLOWING WEATHER WAS RECORDED YESTERDAY.
  NO SIGNIFICANT WEATHER WAS OBSERVED.


RELATIVE HUMIDITY (PERCENT)
 HIGHEST    88           200 AM
 LOWEST     59           300 PM
 AVERAGE    74

..........................................................


THE STANLEY ID CLIMATE NORMALS FOR TODAY
                         NORMAL    RECORD    YEAR
 MAXIMUM TEMPERATURE (F)   28        41      2015
                                             1919
 MINIMUM TEMPERATURE (F)    1       -34      1989


SUNRISE AND SUNSET
JANUARY 24 2018.......SUNRISE   805 AM MST   SUNSET   539 PM MST
JANUARY 25 2018.......SUNRISE   804 AM MST   SUNSET   540 PM MST


-  INDICATES NEGATIVE NUMBERS.
R  INDICATES RECORD WAS SET OR TIED.
MM INDICATES DATA IS MISSING.
T  INDICATES TRACE AMOUNT.




$$
