000
CDUS45 KPIH 262322
CLISNT


CLIMATE REPORT
NATIONAL WEATHER SERVICE POCATELLO ID
522 PM MDT WED JUL 26 2017


...................................

...THE STANLEY ID CLIMATE SUMMARY FOR JULY 26 2017...
VALID TODAY AS OF 0500 PM LOCAL TIME.

CLIMATE NORMAL PERIOD 1981 TO 2010
CLIMATE RECORD PERIOD 1916 TO 2017


WEATHER ITEM   OBSERVED TIME   RECORD YEAR NORMAL DEPARTURE LAST
                VALUE   (LST)  VALUE       VALUE  FROM      YEAR
                                                  NORMAL
..................................................................
TEMPERATURE (F)
 TODAY
  MAXIMUM         73    354 PM  90    1978  80     -7       87
  MINIMUM         50    126 AM  21    1968  38     12       37
  AVERAGE         62                        59      3       62

PRECIPITATION (IN)
  TODAY            0.23          0.33 1991   0.02   0.21     0.00
  MONTH TO DATE    0.42                      0.60  -0.18     0.10
  SINCE OCT 1     28.55                     15.37  13.18    17.13
  SINCE JAN 1     17.22                     10.52   6.70     9.56

SNOWFALL (IN)
  TODAY           MM
  MONTH TO DATE   MM
  SINCE JUN 1     MM
  SINCE JUL 1     MM
  SNOW DEPTH      MM

DEGREE DAYS
 HEATING
  TODAY            3                         6     -3        3
  MONTH TO DATE   65                       209   -144      221
  SINCE JUN 1    409                       663   -254      525
  SINCE JUL 1     65                       209   -144      221

 COOLING
  TODAY            0                         0      0        0
  MONTH TO DATE   19                         0     19        0
  SINCE JUN 1     21                         0     21        3
  SINCE JAN 1     21                         0     21        3
..................................................................


WIND (MPH)
  HIGHEST WIND SPEED    10   HIGHEST WIND DIRECTION     N (10)
  HIGHEST GUST SPEED    15   HIGHEST GUST DIRECTION     N (350)
  AVERAGE WIND SPEED     3.5


SKY COVER
  POSSIBLE SUNSHINE  MM
  AVERAGE SKY COVER 0.0


WEATHER CONDITIONS
 THE FOLLOWING WEATHER WAS RECORDED TODAY.
  NO SIGNIFICANT WEATHER WAS OBSERVED.


RELATIVE HUMIDITY (PERCENT)
 HIGHEST    93           400 AM
 LOWEST     41           400 PM
 AVERAGE    67

..........................................................


THE STANLEY ID CLIMATE NORMALS FOR TOMORROW
                         NORMAL    RECORD    YEAR
 MAXIMUM TEMPERATURE (F)   80        91      1994
 MINIMUM TEMPERATURE (F)   38        25      1966


SUNRISE AND SUNSET
JULY 26 2017..........SUNRISE   621 AM MDT   SUNSET   911 PM MDT
JULY 27 2017..........SUNRISE   622 AM MDT   SUNSET   909 PM MDT


-  INDICATES NEGATIVE NUMBERS.
R  INDICATES RECORD WAS SET OR TIED.
MM INDICATES DATA IS MISSING.
T  INDICATES TRACE AMOUNT.




$$
