000
CDUS45 KPIH 270740
CLISNT


CLIMATE REPORT
NATIONAL WEATHER SERVICE POCATELLO ID
137 AM MDT WED MAY 27 2015


...................................

...THE STANLEY ID CLIMATE SUMMARY FOR MAY 26 2015...

CLIMATE NORMAL PERIOD 1981 TO 2010
CLIMATE RECORD PERIOD 1916 TO 2015


WEATHER ITEM   OBSERVED TIME   RECORD YEAR NORMAL DEPARTURE LAST
                VALUE   (LST)  VALUE       VALUE  FROM      YEAR
                                                  NORMAL
..................................................................
TEMPERATURE (F)
 YESTERDAY
  MAXIMUM         63    126 PM  80    1992  61      2       70
  MINIMUM         34    112 AM  20    1989  31      3       30
  AVERAGE         49                        46      3       50

PRECIPITATION (IN)
  YESTERDAY        0.00          0.61 1987   0.05  -0.05     0.00
  MONTH TO DATE    2.13                      1.45   0.68     0.65
  SINCE OCT 1     14.38                     13.14   1.24    16.04
  SINCE JAN 1      7.67                      8.29  -0.62    12.43

SNOWFALL (IN)
  YESTERDAY       MM
  MONTH TO DATE   MM
  SINCE MAR 1     MM
  SINCE JUL 1     MM
  SNOW DEPTH      MM

DEGREE DAYS
 HEATING
  YESTERDAY       16                        19     -3       15
  MONTH TO DATE  496                       589    -93      557
  SINCE MAR 1   2261                      2715   -454     2669
  SINCE JUL 1   8639                     10249  -1610     9837

 COOLING
  YESTERDAY        0                         0      0        0
  MONTH TO DATE    0                         0      0        0
  SINCE MAR 1      0                         0      0        0
  SINCE JAN 1      0                         0      0        0
..................................................................


WIND (MPH)
  HIGHEST WIND SPEED    15   HIGHEST WIND DIRECTION    NW (320)
  HIGHEST GUST SPEED    24   HIGHEST GUST DIRECTION     N (340)
  AVERAGE WIND SPEED     3.4


SKY COVER
  POSSIBLE SUNSHINE  MM
  AVERAGE SKY COVER 0.0


WEATHER CONDITIONS
 THE FOLLOWING WEATHER WAS RECORDED YESTERDAY.
  NO SIGNIFICANT WEATHER WAS OBSERVED.


RELATIVE HUMIDITY (PERCENT)
 HIGHEST    92           100 AM
 LOWEST     29           500 PM
 AVERAGE    61

..........................................................


THE STANLEY ID CLIMATE NORMALS FOR TODAY
                         NORMAL    RECORD    YEAR
 MAXIMUM TEMPERATURE (F)   61        80      1986
 MINIMUM TEMPERATURE (F)   31        19      1991


SUNRISE AND SUNSET
MAY 27 2015...........SUNRISE   602 AM MDT   SUNSET   912 PM MDT
MAY 28 2015...........SUNRISE   602 AM MDT   SUNSET   913 PM MDT


-  INDICATES NEGATIVE NUMBERS.
R  INDICATES RECORD WAS SET OR TIED.
MM INDICATES DATA IS MISSING.
T  INDICATES TRACE AMOUNT.




$$
