000
CDUS45 KPIH 300734
CLISNT


CLIMATE REPORT
NATIONAL WEATHER SERVICE POCATELLO ID
133 AM MDT MON MAR 30 2015


...................................

...THE STANLEY ID CLIMATE SUMMARY FOR MARCH 29 2015...

CLIMATE NORMAL PERIOD 1981 TO 2010
CLIMATE RECORD PERIOD 1916 TO 2015


WEATHER ITEM   OBSERVED TIME   RECORD YEAR NORMAL DEPARTURE LAST
                VALUE   (LST)  VALUE       VALUE  FROM      YEAR
                                                  NORMAL
..................................................................
TEMPERATURE (F)
 YESTERDAY
  MAXIMUM         58    208 PM  61    1923  43     15       38
  MINIMUM         21    634 AM  -7    1987  16      5       27
  AVERAGE         40                        30     10       33

PRECIPITATION (IN)
  YESTERDAY        0.00          0.62 1924   0.06  -0.06     0.56
  MONTH TO DATE    1.07                      1.67  -0.60     2.87
  SINCE OCT 1     11.05                      9.83   1.22    13.02
  SINCE JAN 1      4.34                      4.98  -0.64     9.41

SNOWFALL (IN)
  YESTERDAY       MM
  MONTH TO DATE   MM
  SINCE MAR 1     MM
  SINCE JUL 1     MM
  SNOW DEPTH      MM

DEGREE DAYS
 HEATING
  YESTERDAY       25                        35    -10       32
  MONTH TO DATE  893                      1113   -220     1063
  SINCE MAR 1    893                      1113   -220     1063
  SINCE JUL 1   7271                      8647  -1376     8231

 COOLING
  YESTERDAY        0                         0      0        0
  MONTH TO DATE    0                         0      0        0
  SINCE MAR 1      0                         0      0        0
  SINCE JAN 1      0                         0      0        0
..................................................................


WIND (MPH)
  HIGHEST WIND SPEED    13   HIGHEST WIND DIRECTION     W (270)
  HIGHEST GUST SPEED    22   HIGHEST GUST DIRECTION     W (260)
  AVERAGE WIND SPEED     3.2


SKY COVER
  POSSIBLE SUNSHINE  MM
  AVERAGE SKY COVER 0.0


WEATHER CONDITIONS
 THE FOLLOWING WEATHER WAS RECORDED YESTERDAY.
  NO SIGNIFICANT WEATHER WAS OBSERVED.


RELATIVE HUMIDITY (PERCENT)
 HIGHEST    84           600 AM
 LOWEST     24           100 PM
 AVERAGE    54

..........................................................


THE STANLEY ID CLIMATE NORMALS FOR TODAY
                         NORMAL    RECORD    YEAR
 MAXIMUM TEMPERATURE (F)   44        62      1994
 MINIMUM TEMPERATURE (F)   16       -30      1924


SUNRISE AND SUNSET
MARCH 30 2015.........SUNRISE   725 AM MDT   SUNSET   804 PM MDT
MARCH 31 2015.........SUNRISE   723 AM MDT   SUNSET   805 PM MDT


-  INDICATES NEGATIVE NUMBERS.
R  INDICATES RECORD WAS SET OR TIED.
MM INDICATES DATA IS MISSING.
T  INDICATES TRACE AMOUNT.




$$
