000
CDUS45 KPIH 210737
CLISNT


CLIMATE REPORT
NATIONAL WEATHER SERVICE POCATELLO ID
1235 AM MST FRI NOV 21 2014


...................................

...THE STANLEY ID CLIMATE SUMMARY FOR NOVEMBER 20 2014...

CLIMATE NORMAL PERIOD 1981 TO 2010
CLIMATE RECORD PERIOD 1916 TO 2014


WEATHER ITEM   OBSERVED TIME   RECORD YEAR NORMAL DEPARTURE LAST
                VALUE   (LST)  VALUE       VALUE  FROM      YEAR
                                                  NORMAL
..................................................................
TEMPERATURE (F)
 YESTERDAY
  MAXIMUM         38    336 PM  55    2008  32      6       38
  MINIMUM         13    325 AM -19    1979  10      3       10
  AVERAGE         26                        21      5       24

PRECIPITATION (IN)
  YESTERDAY        0.00          0.58 1921   0.07  -0.07     0.44
  MONTH TO DATE    1.53                      1.63  -0.10     1.69
  SINCE OCT 1      2.84                      3.10  -0.26     2.06
  SINCE JAN 1     18.75                     15.31   3.44    12.56

SNOWFALL (IN)
  YESTERDAY       MM
  MONTH TO DATE   MM
  SINCE SEP 1     MM
  SINCE JUL 1     MM
  SNOW DEPTH      MM

DEGREE DAYS
 HEATING
  YESTERDAY       39                        44     -5       41
  MONTH TO DATE  815                       773     42      717
  SINCE SEP 1   1902                      2117   -215     2018
  SINCE JUL 1   2241                      2637   -396     2345

 COOLING
  YESTERDAY        0                         0      0        0
  MONTH TO DATE    0                         0      0        0
  SINCE SEP 1      0                         0      0        0
  SINCE JAN 1     16                         3     13       19
..................................................................


WIND (MPH)
  HIGHEST WIND SPEED     7   HIGHEST WIND DIRECTION     N (350)
  HIGHEST GUST SPEED     8   HIGHEST GUST DIRECTION     N (350)
  AVERAGE WIND SPEED     0.7


SKY COVER
  POSSIBLE SUNSHINE  MM
  AVERAGE SKY COVER 0.0


WEATHER CONDITIONS
 THE FOLLOWING WEATHER WAS RECORDED YESTERDAY.
  NO SIGNIFICANT WEATHER WAS OBSERVED.


RELATIVE HUMIDITY (PERCENT)
 HIGHEST    92           100 AM
 LOWEST     61           200 PM
 AVERAGE    77

..........................................................


THE STANLEY ID CLIMATE NORMALS FOR TODAY
                         NORMAL    RECORD    YEAR
 MAXIMUM TEMPERATURE (F)   32        51      1986
 MINIMUM TEMPERATURE (F)   10       -17      1994


SUNRISE AND SUNSET
NOVEMBER 21 2014......SUNRISE   743 AM MST   SUNSET   508 PM MST
NOVEMBER 22 2014......SUNRISE   744 AM MST   SUNSET   507 PM MST


-  INDICATES NEGATIVE NUMBERS.
R  INDICATES RECORD WAS SET OR TIED.
MM INDICATES DATA IS MISSING.
T  INDICATES TRACE AMOUNT.




$$
