000
CDUS45 KPIH 292322
CLISNT


CLIMATE REPORT
NATIONAL WEATHER SERVICE POCATELLO ID
521 PM MDT MON MAY 29 2017


...................................

...THE STANLEY ID CLIMATE SUMMARY FOR MAY 29 2017...
VALID TODAY AS OF 0500 PM LOCAL TIME.

CLIMATE NORMAL PERIOD 1981 TO 2010
CLIMATE RECORD PERIOD 1916 TO 2017


WEATHER ITEM   OBSERVED TIME   RECORD YEAR NORMAL DEPARTURE LAST
                VALUE   (LST)  VALUE       VALUE  FROM      YEAR
                                                  NORMAL
..................................................................
TEMPERATURE (F)
 TODAY
  MAXIMUM         74    323 PM  82    2003  62     12       67
                                      1986
  MINIMUM         30    533 AM  18    1977  31     -1       25
  AVERAGE         52                        46      6       46

PRECIPITATION (IN)
  TODAY            0.00          0.56 2005   0.05  -0.05     0.00
  MONTH TO DATE    1.17                      1.61  -0.44     1.17
  SINCE OCT 1     26.69                     13.30  13.39    16.59
  SINCE JAN 1     15.36                      8.45   6.91     9.02

SNOWFALL (IN)
  TODAY           MM
  MONTH TO DATE   MM
  SINCE MAR 1     MM
  SINCE JUL 1     MM
  SNOW DEPTH      MM

DEGREE DAYS
 HEATING
  TODAY           13                        19     -6       19
  MONTH TO DATE  576                       646    -70      578
  SINCE MAR 1   2528                      2772   -244     2394
  SINCE JUL 1   9785                     10306   -521     9344

 COOLING
  TODAY            0                         0      0        0
  MONTH TO DATE    0                         0      0        0
  SINCE MAR 1      0                         0      0        0
  SINCE JAN 1      0                         0      0        0
..................................................................


WIND (MPH)
  HIGHEST WIND SPEED    13   HIGHEST WIND DIRECTION    NW (310)
  HIGHEST GUST SPEED    22   HIGHEST GUST DIRECTION    NW (320)
  AVERAGE WIND SPEED     4.1


SKY COVER
  POSSIBLE SUNSHINE  MM
  AVERAGE SKY COVER 0.0


WEATHER CONDITIONS
 THE FOLLOWING WEATHER WAS RECORDED TODAY.
  NO SIGNIFICANT WEATHER WAS OBSERVED.


RELATIVE HUMIDITY (PERCENT)
 HIGHEST    92           400 AM
 LOWEST     17           400 PM
 AVERAGE    55

..........................................................


THE STANLEY ID CLIMATE NORMALS FOR TOMORROW
                         NORMAL    RECORD    YEAR
 MAXIMUM TEMPERATURE (F)   62        84      1986
 MINIMUM TEMPERATURE (F)   31        18      1977


SUNRISE AND SUNSET
MAY 29 2017...........SUNRISE   601 AM MDT   SUNSET   914 PM MDT
MAY 30 2017...........SUNRISE   600 AM MDT   SUNSET   915 PM MDT


-  INDICATES NEGATIVE NUMBERS.
R  INDICATES RECORD WAS SET OR TIED.
MM INDICATES DATA IS MISSING.
T  INDICATES TRACE AMOUNT.




$$
