000
CDUS45 KPIH 230742
CLISNT


CLIMATE REPORT
NATIONAL WEATHER SERVICE POCATELLO ID
140 AM MDT SAT SEP 23 2017


...................................

...THE STANLEY ID CLIMATE SUMMARY FOR SEPTEMBER 22 2017...

CLIMATE NORMAL PERIOD 1981 TO 2010
CLIMATE RECORD PERIOD 1916 TO 2017


WEATHER ITEM   OBSERVED TIME   RECORD YEAR NORMAL DEPARTURE LAST
                VALUE   (LST)  VALUE       VALUE  FROM      YEAR
                                                  NORMAL
..................................................................
TEMPERATURE (F)
 YESTERDAY
  MAXIMUM         47    521 PM  84    1987  65    -18       49
  MINIMUM         29   1159 PM  12    1993  27      2       41
  AVERAGE         38                        46     -8       45

PRECIPITATION (IN)
  YESTERDAY        0.17          0.51 2016   0.02   0.15     0.51
  MONTH TO DATE    2.24                      0.73   1.51     1.40
  SINCE OCT 1     31.22                     16.87  14.35    18.55
  SINCE JAN 1     19.89                     12.02   7.87    10.98

SNOWFALL (IN)
  YESTERDAY       MM
  MONTH TO DATE   MM
  SINCE SEP 1     MM
  SINCE JUL 1     MM
  SNOW DEPTH      MM

DEGREE DAYS
 HEATING
  YESTERDAY       27                        19      8       20
  MONTH TO DATE  250                       359   -109      356
  SINCE SEP 1    250                       359   -109      356
  SINCE JUL 1    465                       879   -414      834

 COOLING
  YESTERDAY        0                         0      0        0
  MONTH TO DATE    0                         0      0        0
  SINCE SEP 1      0                         0      0        0
  SINCE JAN 1     25                         3     22        4
..................................................................


WIND (MPH)
  HIGHEST WIND SPEED     8   HIGHEST WIND DIRECTION    NE (30)
  HIGHEST GUST SPEED    11   HIGHEST GUST DIRECTION    NE (40)
  AVERAGE WIND SPEED     1.8


SKY COVER
  POSSIBLE SUNSHINE  MM
  AVERAGE SKY COVER 0.0


WEATHER CONDITIONS
 THE FOLLOWING WEATHER WAS RECORDED YESTERDAY.
  NO SIGNIFICANT WEATHER WAS OBSERVED.


RELATIVE HUMIDITY (PERCENT)
 HIGHEST   100          1200 AM
 LOWEST     58           300 PM
 AVERAGE    79

..........................................................


THE STANLEY ID CLIMATE NORMALS FOR TODAY
                         NORMAL    RECORD    YEAR
 MAXIMUM TEMPERATURE (F)   64        84      1987
 MINIMUM TEMPERATURE (F)   27        10      1926


SUNRISE AND SUNSET
SEPTEMBER 23 2017.....SUNRISE   728 AM MDT   SUNSET   735 PM MDT
SEPTEMBER 24 2017.....SUNRISE   730 AM MDT   SUNSET   733 PM MDT


-  INDICATES NEGATIVE NUMBERS.
R  INDICATES RECORD WAS SET OR TIED.
MM INDICATES DATA IS MISSING.
T  INDICATES TRACE AMOUNT.




$$
