000
CDUS45 KCYS 030730
CLISNY


CLIMATE REPORT
NATIONAL WEATHER SERVICE CHEYENNE WY
129 AM MDT WED JUN 3 2015


...................................

...THE SIDNEY NE AIRPORT CLIMATE SUMMARY FOR JUNE 2 2015...

CLIMATE NORMAL PERIOD 1981 TO 2010
CLIMATE RECORD PERIOD 1948 TO 2015


WEATHER ITEM   OBSERVED TIME   RECORD YEAR NORMAL DEPARTURE LAST
                VALUE   (LST)  VALUE       VALUE  FROM      YEAR
                                                  NORMAL
..................................................................
TEMPERATURE (F)
 YESTERDAY
  MAXIMUM         84    348 PM  93    2012  77      7       80
  MINIMUM         56    500 AM  28    1969  49      7       48
  AVERAGE         70                        63      7       64

PRECIPITATION (IN)
  YESTERDAY        0.00          2.32 1997   0.11  -0.11     0.00
  MONTH TO DATE    0.92                      0.22   0.70     0.10
  SINCE JAN 1     15.36                      6.98   8.38     5.10

DEGREE DAYS
 HEATING
  YESTERDAY        0                         4     -4        1
  MONTH TO DATE    0                         8     -8        2
  SINCE JUN 1      0                         8     -8        2
  SINCE JUL 1   6299                      6170    129     6577

 COOLING
  YESTERDAY        5                         2      3        0
  MONTH TO DATE    6                         4      2        0
  SINCE JUN 1      6                         4      2        0
  SINCE JAN 1      6                        26    -20       16
..................................................................


WIND (MPH)
  HIGHEST WIND SPEED    21   HIGHEST WIND DIRECTION     S (190)
  HIGHEST GUST SPEED    26   HIGHEST GUST DIRECTION     S (190)
  AVERAGE WIND SPEED     9.7


SKY COVER
  AVERAGE SKY COVER 0.0


WEATHER CONDITIONS
 THE FOLLOWING WEATHER WAS RECORDED YESTERDAY.
  THUNDERSTORM


RELATIVE HUMIDITY (PERCENT)
 HIGHEST    93           100 AM
 LOWEST     46           300 PM
 AVERAGE    70

..........................................................


THE SIDNEY NE AIRPORT CLIMATE NORMALS FOR TODAY
                         NORMAL    RECORD    YEAR
 MAXIMUM TEMPERATURE (F)   77        94      2012
                                             2000
 MINIMUM TEMPERATURE (F)   49        28      1954


SUNRISE AND SUNSET
JUNE  3 2015..........SUNRISE   521 AM MDT   SUNSET   819 PM MDT
JUNE  4 2015..........SUNRISE   521 AM MDT   SUNSET   820 PM MDT


-  INDICATES NEGATIVE NUMBERS.
R  INDICATES RECORD WAS SET OR TIED.
MM INDICATES DATA IS MISSING.
T  INDICATES TRACE AMOUNT.




$$
