000
CDUS45 KCYS 260728
CLISNY


CLIMATE REPORT
NATIONAL WEATHER SERVICE CHEYENNE WY
1227 AM MST FRI DEC 26 2014


...................................

...THE SIDNEY NE AIRPORT CLIMATE SUMMARY FOR DECEMBER 25 2014...

CLIMATE NORMAL PERIOD 1981 TO 2010
CLIMATE RECORD PERIOD 1948 TO 2014


WEATHER ITEM   OBSERVED TIME   RECORD YEAR NORMAL DEPARTURE LAST
                VALUE   (LST)  VALUE       VALUE  FROM      YEAR
                                                  NORMAL
..................................................................
TEMPERATURE (F)
 YESTERDAY
  MAXIMUM         36    816 AM  66    1971  41     -5       42
  MINIMUM         21   1159 PM -16    1987  15      6       23
  AVERAGE         29                        28      1       33

PRECIPITATION (IN)
  YESTERDAY        0.07          0.96 1982   0.01   0.06     0.00
  MONTH TO DATE    0.40                      0.46  -0.06     0.02
  SINCE JAN 1     16.39                     18.46  -2.07    16.94

DEGREE DAYS
 HEATING
  YESTERDAY       36                        37     -1       32
  MONTH TO DATE  850                       906    -56      969
  SINCE DEC 1    850                       906    -56      969
  SINCE JUL 1   2340                      2328     12     2461

 COOLING
  YESTERDAY        0                         0      0        0
  MONTH TO DATE    0                         0      0        0
  SINCE DEC 1      0                         0      0        0
  SINCE JAN 1    637                       830   -193      918
..................................................................


WIND (MPH)
  HIGHEST WIND SPEED    28   HIGHEST WIND DIRECTION    NE (30)
  HIGHEST GUST SPEED    35   HIGHEST GUST DIRECTION    NE (30)
  AVERAGE WIND SPEED    15.3


SKY COVER
  AVERAGE SKY COVER 0.7


WEATHER CONDITIONS
 THE FOLLOWING WEATHER WAS RECORDED YESTERDAY.
  SNOW
  LIGHT SNOW
  FOG


RELATIVE HUMIDITY (PERCENT)
 HIGHEST    92           400 PM
 LOWEST     64           300 AM
 AVERAGE    78

..........................................................


THE SIDNEY NE AIRPORT CLIMATE NORMALS FOR TODAY
                         NORMAL    RECORD    YEAR
 MAXIMUM TEMPERATURE (F)   41        67      2005
 MINIMUM TEMPERATURE (F)   16       -14      1948


SUNRISE AND SUNSET
DECEMBER 26 2014......SUNRISE   716 AM MST   SUNSET   429 PM MST
DECEMBER 27 2014......SUNRISE   716 AM MST   SUNSET   430 PM MST


-  INDICATES NEGATIVE NUMBERS.
R  INDICATES RECORD WAS SET OR TIED.
MM INDICATES DATA IS MISSING.
T  INDICATES TRACE AMOUNT.




$$
