000
CDUS45 KCYS 300726
CLISNY


CLIMATE REPORT
NATIONAL WEATHER SERVICE CHEYENNE WY
126 AM MDT THU OCT 30 2014


...................................

...THE SIDNEY NE AIRPORT CLIMATE SUMMARY FOR OCTOBER 29 2014...

CLIMATE NORMAL PERIOD 1981 TO 2010
CLIMATE RECORD PERIOD 1948 TO 2014


WEATHER ITEM   OBSERVED TIME   RECORD YEAR NORMAL DEPARTURE LAST
                VALUE   (LST)  VALUE       VALUE  FROM      YEAR
                                                  NORMAL
..................................................................
TEMPERATURE (F)
 YESTERDAY
  MAXIMUM         73    233 PM  84    2003  60     13       37
  MINIMUM         22    536 AM   2    1991  31     -9       32
  AVERAGE         48                        46      2       35

PRECIPITATION (IN)
  YESTERDAY        0.00          0.54 1969   0.03  -0.03     0.00
  MONTH TO DATE    0.86                      0.98  -0.12     1.23
  SINCE JAN 1     15.53                     17.39  -1.86    16.45

DEGREE DAYS
 HEATING
  YESTERDAY       17                        20     -3       30
  MONTH TO DATE  342                       424    -82      518
  SINCE SEP 1    447                       553   -106      613
  SINCE JUL 1    459                       564   -105      622

 COOLING
  YESTERDAY        0                         0      0        0
  MONTH TO DATE    0                         1     -1        0
  SINCE SEP 1     79                        85     -6      155
  SINCE JAN 1    637                       827   -190      918
..................................................................


WIND (MPH)
  HIGHEST WIND SPEED    26   HIGHEST WIND DIRECTION    NW (330)
  HIGHEST GUST SPEED    32   HIGHEST GUST DIRECTION    NW (310)
  AVERAGE WIND SPEED    11.6


SKY COVER
  AVERAGE SKY COVER 0.1


WEATHER CONDITIONS
 THE FOLLOWING WEATHER WAS RECORDED YESTERDAY.
  NO SIGNIFICANT WEATHER WAS OBSERVED.


RELATIVE HUMIDITY (PERCENT)
 HIGHEST    81           200 AM
 LOWEST     16           300 PM
 AVERAGE    49

..........................................................


THE SIDNEY NE AIRPORT CLIMATE NORMALS FOR TODAY
                         NORMAL    RECORD    YEAR
 MAXIMUM TEMPERATURE (F)   60        83      1950
 MINIMUM TEMPERATURE (F)   31         4      1991


SUNRISE AND SUNSET
OCTOBER 30 2014.......SUNRISE   721 AM MDT   SUNSET   550 PM MDT
OCTOBER 31 2014.......SUNRISE   722 AM MDT   SUNSET   549 PM MDT


-  INDICATES NEGATIVE NUMBERS.
R  INDICATES RECORD WAS SET OR TIED.
MM INDICATES DATA IS MISSING.
T  INDICATES TRACE AMOUNT.




$$
