000
CDUS45 KCYS 210738
CLISNY


CLIMATE REPORT
NATIONAL WEATHER SERVICE CHEYENNE WY
138 AM MDT THU AUG 21 2014


...................................

...THE SIDNEY NE AIRPORT CLIMATE SUMMARY FOR AUGUST 20 2014...

CLIMATE NORMAL PERIOD 1981 TO 2010
CLIMATE RECORD PERIOD 1948 TO 2014


WEATHER ITEM   OBSERVED TIME   RECORD YEAR NORMAL DEPARTURE LAST
                VALUE   (LST)  VALUE       VALUE  FROM      YEAR
                                                  NORMAL
..................................................................
TEMPERATURE (F)
 YESTERDAY
  MAXIMUM         94    106 PM 101    2013  88      6      101
  MINIMUM         62    433 AM  39    1978  58      4       62
  AVERAGE         78                        73      5       82

PRECIPITATION (IN)
  YESTERDAY        0.06          0.45 1979   0.06   0.00     0.00
  MONTH TO DATE    1.11                      1.53  -0.42     0.69
  SINCE JAN 1      9.88                     14.43  -4.55     8.17

DEGREE DAYS
 HEATING
  YESTERDAY        0                         0      0        0
  MONTH TO DATE    0                         0      0        1
  SINCE JUN 1     64                        62      2       46
  SINCE JUL 1      9                         3      6        9

 COOLING
  YESTERDAY       13                         8      5       17
  MONTH TO DATE  176                       187    -11      144
  SINCE JUN 1    503                       643   -140      582
  SINCE JAN 1    519                       665   -146      615
..................................................................


WIND (MPH)
  HIGHEST WIND SPEED    25   HIGHEST WIND DIRECTION    SW (240)
  HIGHEST GUST SPEED    33   HIGHEST GUST DIRECTION    SW (240)
  AVERAGE WIND SPEED     7.7


SKY COVER
  AVERAGE SKY COVER 0.4


WEATHER CONDITIONS
 THE FOLLOWING WEATHER WAS RECORDED YESTERDAY.
  THUNDERSTORM
  LIGHT RAIN


RELATIVE HUMIDITY (PERCENT)
 HIGHEST    90          1200 AM
 LOWEST     23           100 PM
 AVERAGE    57

..........................................................


THE SIDNEY NE AIRPORT CLIMATE NORMALS FOR TODAY
                         NORMAL    RECORD    YEAR
 MAXIMUM TEMPERATURE (F)   88        99      2007
                                             1960
 MINIMUM TEMPERATURE (F)   58        43      1950


SUNRISE AND SUNSET
AUGUST 21 2014........SUNRISE   608 AM MDT   SUNSET   742 PM MDT
AUGUST 22 2014........SUNRISE   609 AM MDT   SUNSET   740 PM MDT


-  INDICATES NEGATIVE NUMBERS.
R  INDICATES RECORD WAS SET OR TIED.
MM INDICATES DATA IS MISSING.
T  INDICATES TRACE AMOUNT.




$$
