000
CDUS45 KPUB 051142
CLISPD


CLIMATE REPORT
NATIONAL WEATHER SERVICE PUEBLO
442 AM MST THU MAR 5 2015


...................................

...THE SPRINGFIELD CO CLIMATE SUMMARY FOR MARCH 4 2015...

CLIMATE NORMAL PERIOD 1981 TO 2010
CLIMATE RECORD PERIOD 9999 TO 9999


WEATHER ITEM   OBSERVED TIME   NORMAL DEPARTURE LAST
                VALUE   (LST)  VALUE  FROM      YEAR
                                      NORMAL
......................................................
TEMPERATURE (F)
 YESTERDAY
  MAXIMUM         24   1238 AM  54    -30       66
  MINIMUM          7   1155 PM  25    -18       24
  AVERAGE         16                            45

PRECIPITATION (IN)
  YESTERDAY        0.01          0.02  -0.01     0.00
  MONTH TO DATE    0.01          0.08  -0.07     0.07
  SINCE MAR 1      0.01          0.08  -0.07     0.07
  SINCE JAN 1      1.85          0.89   0.96     0.40

DEGREE DAYS
 HEATING
  YESTERDAY       49            26     23       20
  MONTH TO DATE  150           104     46      169
  SINCE MAR 1    150           104     46      169
  SINCE JUL 1   4054          4110    -56     4166

 COOLING
  YESTERDAY        0             0      0        0
  MONTH TO DATE    0             0      0        0
  SINCE MAR 1      0             0      0        0
  SINCE JAN 1      0             0      0        0
......................................................


WIND (MPH)
  HIGHEST WIND SPEED    20   HIGHEST WIND DIRECTION    NE (50)
  HIGHEST GUST SPEED    24   HIGHEST GUST DIRECTION    NE (50)
  AVERAGE WIND SPEED    11.5


SKY COVER
  POSSIBLE SUNSHINE  MM



RELATIVE HUMIDITY (PERCENT)
 HIGHEST   100           600 AM
 LOWEST     77          1200 PM
 AVERAGE    89

..........................................................


THE SPRINGFIELD CO CLIMATE NORMALS FOR TODAY
                         NORMAL    RECORD    YEAR
 MAXIMUM TEMPERATURE (F)   55        MM        MM
 MINIMUM TEMPERATURE (F)   25        MM        MM


SUNRISE AND SUNSET
MARCH  5 2015.........SUNRISE   616 AM MST   SUNSET   548 PM MST
MARCH  6 2015.........SUNRISE   615 AM MST   SUNSET   549 PM MST


-  INDICATES NEGATIVE NUMBERS.
R  INDICATES RECORD WAS SET OR TIED.
MM INDICATES DATA IS MISSING.
T  INDICATES TRACE AMOUNT.




$$
