000
CDUS45 KPUB 041037
CLISPD


CLIMATE REPORT
NATIONAL WEATHER SERVICE PUEBLO
437 AM MDT FRI SEP 4 2015


...................................

...THE SPRINGFIELD CO CLIMATE SUMMARY FOR SEPTEMBER 3 2015...

CLIMATE NORMAL PERIOD 1981 TO 2010
CLIMATE RECORD PERIOD 9999 TO 9999


WEATHER ITEM   OBSERVED TIME   NORMAL DEPARTURE LAST
                VALUE   (LST)  VALUE  FROM      YEAR
                                      NORMAL
......................................................
TEMPERATURE (F)
 YESTERDAY
  MAXIMUM         96    230 PM  85     11       99
  MINIMUM         63    548 AM  57      6       65
  AVERAGE         80                            82

PRECIPITATION (IN)
  YESTERDAY        0.00          0.05  -0.05     0.00
  MONTH TO DATE    0.00          0.16  -0.16     0.00
  SINCE SEP 1      0.00          0.16  -0.16     0.00
  SINCE JAN 1     12.77         13.90  -1.13    10.64

DEGREE DAYS
 HEATING
  YESTERDAY        0             1     -1        0
  MONTH TO DATE    0             3     -3        0
  SINCE SEP 1      0             3     -3        0
  SINCE JUL 1      4            10     -6        6

 COOLING
  YESTERDAY       15             6      9       17
  MONTH TO DATE   39            20     19       28
  SINCE SEP 1     39            20     19       28
  SINCE JAN 1    949           921     28      943
......................................................


WIND (MPH)
  HIGHEST WIND SPEED    29   HIGHEST WIND DIRECTION     S (190)
  HIGHEST GUST SPEED    37   HIGHEST GUST DIRECTION     S (190)
  AVERAGE WIND SPEED    12.3


SKY COVER
  POSSIBLE SUNSHINE  MM



RELATIVE HUMIDITY (PERCENT)
 HIGHEST    63           100 AM
 LOWEST     16           200 PM
 AVERAGE    40

..........................................................


THE SPRINGFIELD CO CLIMATE NORMALS FOR TODAY
                         NORMAL    RECORD    YEAR
 MAXIMUM TEMPERATURE (F)   85        MM        MM
 MINIMUM TEMPERATURE (F)   56        MM        MM


SUNRISE AND SUNSET
SEPTEMBER  4 2015.....SUNRISE   623 AM MDT   SUNSET   715 PM MDT
SEPTEMBER  5 2015.....SUNRISE   624 AM MDT   SUNSET   714 PM MDT


-  INDICATES NEGATIVE NUMBERS.
R  INDICATES RECORD WAS SET OR TIED.
MM INDICATES DATA IS MISSING.
T  INDICATES TRACE AMOUNT.




$$
