000
CDUS45 KPUB 011026
CLISPD


CLIMATE REPORT
NATIONAL WEATHER SERVICE PUEBLO
426 AM MDT WED JUL 1 2015


...................................

...THE SPRINGFIELD CO CLIMATE SUMMARY FOR JUNE 30 2015...

CLIMATE NORMAL PERIOD 1981 TO 2010
CLIMATE RECORD PERIOD 9999 TO 9999


WEATHER ITEM   OBSERVED TIME   NORMAL DEPARTURE LAST
                VALUE   (LST)  VALUE  FROM      YEAR
                                      NORMAL
......................................................
TEMPERATURE (F)
 YESTERDAY
  MAXIMUM         95    306 PM  90      5      102
  MINIMUM         59    456 AM  60     -1       64
  AVERAGE         77                            83

PRECIPITATION (IN)
  YESTERDAY        0.00          0.09  -0.09     0.48
  MONTH TO DATE    0.86          2.50  -1.64     1.93
  SINCE JUN 1      0.86          2.50  -1.64     1.93
  SINCE JAN 1      8.43          8.07   0.36     5.82

DEGREE DAYS
 HEATING
  YESTERDAY        0             0      0        0
  MONTH TO DATE    0            19    -19       22
  SINCE JUN 1      0            21    -21       22
  SINCE JUL 1   5128          5283   -155     5320

 COOLING
  YESTERDAY       12            10      2       18
  MONTH TO DATE  247           208     39      219
  SINCE JUN 1    247           208     39      219
  SINCE JAN 1    248           262    -14      277
......................................................


WIND (MPH)
  HIGHEST WIND SPEED    21   HIGHEST WIND DIRECTION     S (190)
  HIGHEST GUST SPEED    27   HIGHEST GUST DIRECTION     S (200)
  AVERAGE WIND SPEED    11.1


SKY COVER
  POSSIBLE SUNSHINE  MM



RELATIVE HUMIDITY (PERCENT)
 HIGHEST    78           100 AM
 LOWEST     17           400 PM
 AVERAGE    48

..........................................................


THE SPRINGFIELD CO CLIMATE NORMALS FOR TODAY
                         NORMAL    RECORD    YEAR
 MAXIMUM TEMPERATURE (F)   90        MM        MM
 MINIMUM TEMPERATURE (F)   60        MM        MM


SUNRISE AND SUNSET
JULY  1 2015..........SUNRISE   534 AM MDT   SUNSET   815 PM MDT
JULY  2 2015..........SUNRISE   534 AM MDT   SUNSET   815 PM MDT


-  INDICATES NEGATIVE NUMBERS.
R  INDICATES RECORD WAS SET OR TIED.
MM INDICATES DATA IS MISSING.
T  INDICATES TRACE AMOUNT.




$$
