000
CDUS45 KPUB 261127
CLISPD


CLIMATE REPORT
NATIONAL WEATHER SERVICE PUEBLO
427 AM MST WED NOV 26 2014


...................................

...THE SPRINGFIELD CO CLIMATE SUMMARY FOR NOVEMBER 25 2014...

CLIMATE NORMAL PERIOD 1981 TO 2010
CLIMATE RECORD PERIOD 9999 TO 9999


WEATHER ITEM   OBSERVED TIME   NORMAL DEPARTURE LAST
                VALUE   (LST)  VALUE  FROM      YEAR
                                      NORMAL
......................................................
TEMPERATURE (F)
 YESTERDAY
  MAXIMUM         52    231 PM  53     -1       35
  MINIMUM         18    417 AM  23     -5       13
  AVERAGE         35                            24

PRECIPITATION (IN)
  YESTERDAY        0.00          0.01  -0.01     0.00
  MONTH TO DATE    0.41          0.51  -0.10     0.75
  SINCE SEP 1      2.72          3.23  -0.51     4.51
  SINCE JAN 1     13.36         16.97  -3.61    14.25

DEGREE DAYS
 HEATING
  YESTERDAY       30            27      3       41
  MONTH TO DATE  682           557    125      555
  SINCE SEP 1   1029           995     34      975
  SINCE JUL 1   1035          1002     33      976

 COOLING
  YESTERDAY        0             0      0        0
  MONTH TO DATE    0             0      0        0
  SINCE SEP 1    127           127      0      194
  SINCE JAN 1   1042          1028     14     1358
......................................................


WIND (MPH)
  HIGHEST WIND SPEED    22   HIGHEST WIND DIRECTION     W (290)
  HIGHEST GUST SPEED    29   HIGHEST GUST DIRECTION     W (290)
  AVERAGE WIND SPEED    11.7


SKY COVER
  POSSIBLE SUNSHINE  MM



RELATIVE HUMIDITY (PERCENT)
 HIGHEST    84           100 AM
 LOWEST     18           100 PM
 AVERAGE    51

..........................................................


THE SPRINGFIELD CO CLIMATE NORMALS FOR TODAY
                         NORMAL    RECORD    YEAR
 MAXIMUM TEMPERATURE (F)   52        MM        MM
 MINIMUM TEMPERATURE (F)   22        MM        MM


SUNRISE AND SUNSET
NOVEMBER 26 2014......SUNRISE   641 AM MST   SUNSET   434 PM MST
NOVEMBER 27 2014......SUNRISE   642 AM MST   SUNSET   434 PM MST


-  INDICATES NEGATIVE NUMBERS.
R  INDICATES RECORD WAS SET OR TIED.
MM INDICATES DATA IS MISSING.
T  INDICATES TRACE AMOUNT.




$$
