000
CDUS45 KPUB 311034
CLISPD


CLIMATE REPORT
NATIONAL WEATHER SERVICE PUEBLO
434 AM MDT FRI OCT 31 2014


...................................

...THE SPRINGFIELD CO CLIMATE SUMMARY FOR OCTOBER 30 2014...

CLIMATE NORMAL PERIOD 1981 TO 2010
CLIMATE RECORD PERIOD 9999 TO 9999


WEATHER ITEM   OBSERVED TIME   NORMAL DEPARTURE LAST
                VALUE   (LST)  VALUE  FROM      YEAR
                                      NORMAL
......................................................
TEMPERATURE (F)
 YESTERDAY
  MAXIMUM         66    225 PM  64      2       71
  MINIMUM         35   1159 PM  33      2       35
  AVERAGE         51                            53

PRECIPITATION (IN)
  YESTERDAY        0.00          0.04  -0.04     0.02
  MONTH TO DATE    1.06          1.34  -0.28     0.23
  SINCE SEP 1      2.31          2.67  -0.36     3.73
  SINCE JAN 1     12.95         16.41  -3.46    13.47

DEGREE DAYS
 HEATING
  YESTERDAY       14            16     -2       12
  MONTH TO DATE  261           337    -76      376
  SINCE SEP 1    324           420    -96      403
  SINCE JUL 1    330           427    -97      404

 COOLING
  YESTERDAY        0             0      0        0
  MONTH TO DATE    2             9     -7        2
  SINCE SEP 1    127           125      2      194
  SINCE JAN 1   1042          1026     16     1358
......................................................


WIND (MPH)
  HIGHEST WIND SPEED    20   HIGHEST WIND DIRECTION     N (360)
  HIGHEST GUST SPEED    23   HIGHEST GUST DIRECTION     N (360)
  AVERAGE WIND SPEED     8.9


SKY COVER
  POSSIBLE SUNSHINE  MM



RELATIVE HUMIDITY (PERCENT)
 HIGHEST    70          1200 AM
 LOWEST     22          1200 PM
 AVERAGE    46

..........................................................


THE SPRINGFIELD CO CLIMATE NORMALS FOR TODAY
                         NORMAL    RECORD    YEAR
 MAXIMUM TEMPERATURE (F)   64        MM        MM
 MINIMUM TEMPERATURE (F)   33        MM        MM


SUNRISE AND SUNSET
OCTOBER 31 2014.......SUNRISE   714 AM MDT   SUNSET   554 PM MDT
NOVEMBER  1 2014......SUNRISE   715 AM MDT   SUNSET   553 PM MDT


-  INDICATES NEGATIVE NUMBERS.
R  INDICATES RECORD WAS SET OR TIED.
MM INDICATES DATA IS MISSING.
T  INDICATES TRACE AMOUNT.




$$
