000
CDUS43 KILX 090647
CLISPI


CLIMATE REPORT
NATIONAL WEATHER SERVICE LINCOLN IL
1246 AM CST FRI DEC 9 2016


...................................

...THE SPRINGFIELD IL CLIMATE SUMMARY FOR DECEMBER 8 2016...

CLIMATE NORMAL PERIOD 1981 TO 2010
CLIMATE RECORD PERIOD 1879 TO 2016


WEATHER ITEM   OBSERVED TIME   RECORD YEAR NORMAL DEPARTURE LAST
                VALUE   (LST)  VALUE       VALUE  FROM      YEAR
                                                  NORMAL
..................................................................
TEMPERATURE (F)
 YESTERDAY
  MAXIMUM         26    113 PM  68    1991  41    -15       57
  MINIMUM         19    843 PM  -6    1882  24     -5       37
  AVERAGE         23                        32     -9       47

PRECIPITATION (IN)
  YESTERDAY        T             0.95 1885   0.09  -0.09     0.00
  MONTH TO DATE    0.43                      0.75  -0.32     0.11
  SINCE DEC 1      0.43                      0.75  -0.32     0.11
  SINCE JAN 1     42.29                     35.66   6.63    37.66

SNOWFALL (IN)
  YESTERDAY       MM             4.7  2005   0.1   MM        0.0
  MONTH TO DATE    2.3                       1.0    1.3      0.1
  SINCE DEC 1      2.3                       1.0    1.3      0.1
  SINCE JUL 1      2.3                       1.6    0.7      0.6
  SNOW DEPTH       0

DEGREE DAYS
 HEATING
  YESTERDAY       42                        33      9       18
  MONTH TO DATE  242                       249     -7      210
  SINCE DEC 1    242                       249     -7      210
  SINCE JUL 1    893                      1317   -424      980

 COOLING
  YESTERDAY        0                         0      0        0
  MONTH TO DATE    0                         0      0        0
  SINCE DEC 1      0                         0      0        0
  SINCE JAN 1   1626                      1122    504     1375
..................................................................


WIND (MPH)
  HIGHEST WIND SPEED    22   HIGHEST WIND DIRECTION     W (290)
  HIGHEST GUST SPEED    28   HIGHEST GUST DIRECTION     W (280)
  AVERAGE WIND SPEED    13.2


SKY COVER
  POSSIBLE SUNSHINE  MM
  AVERAGE SKY COVER 0.6


WEATHER CONDITIONS
 THE FOLLOWING WEATHER WAS RECORDED YESTERDAY.
  LIGHT SNOW


RELATIVE HUMIDITY (PERCENT)
 HIGHEST    77           900 PM
 LOWEST     57          1200 AM
 AVERAGE    67

..........................................................


THE SPRINGFIELD IL CLIMATE NORMALS FOR TODAY
                         NORMAL    RECORD    YEAR
 MAXIMUM TEMPERATURE (F)   40        69      1918
 MINIMUM TEMPERATURE (F)   24        -3      1917


SUNRISE AND SUNSET
DECEMBER  9 2016......SUNRISE   709 AM CST   SUNSET   434 PM CST
DECEMBER 10 2016......SUNRISE   710 AM CST   SUNSET   434 PM CST


-  INDICATES NEGATIVE NUMBERS.
R  INDICATES RECORD WAS SET OR TIED.
MM INDICATES DATA IS MISSING.
T  INDICATES TRACE AMOUNT.




$$
