000
CDUS43 KILX 300642
CLISPI


CLIMATE REPORT
NATIONAL WEATHER SERVICE LINCOLN IL
141 AM CDT MON MAY 30 2016


...................................

...THE SPRINGFIELD IL CLIMATE SUMMARY FOR MAY 29 2016...

CLIMATE NORMAL PERIOD 1981 TO 2010
CLIMATE RECORD PERIOD 1879 TO 2016


WEATHER ITEM   OBSERVED TIME   RECORD YEAR NORMAL DEPARTURE LAST
                VALUE   (LST)  VALUE       VALUE  FROM      YEAR
                                                  NORMAL
..................................................................
TEMPERATURE (F)
 YESTERDAY
  MAXIMUM         87    319 PM  95    1934  79      8       86
  MINIMUM         65   1148 PM  39    1965  57      8       68
  AVERAGE         76                        68      8       77

PRECIPITATION (IN)
  YESTERDAY        0.00          3.26 1889   0.14  -0.14     0.44
  MONTH TO DATE    2.40                      3.95  -1.55     4.59
  SINCE MAR 1     10.76                     10.09   0.67     8.27
  SINCE JAN 1     13.09                     13.72  -0.63    11.55

SNOWFALL (IN)
  YESTERDAY        0.0           0.0    MM   0.0    0.0      0.0
  MONTH TO DATE    0.0                       0.0    0.0      0.0
  SINCE MAR 1      0.1                       2.8   -2.7      3.7
  SINCE JUL 1     15.7                      20.9   -5.2     33.9
  SNOW DEPTH       0

DEGREE DAYS
 HEATING
  YESTERDAY        0                         2     -2        0
  MONTH TO DATE  119                       122     -3       70
  SINCE MAR 1    891                      1196   -305     1085
  SINCE JUL 1   4317                      5467  -1150     5654

 COOLING
  YESTERDAY       11                         4      7       12
  MONTH TO DATE   85                        74     11      156
  SINCE MAR 1    105                        94     11      166
  SINCE JAN 1    105                        94     11      166
..................................................................


WIND (MPH)
  HIGHEST WIND SPEED    20   HIGHEST WIND DIRECTION     W (270)
  HIGHEST GUST SPEED    26   HIGHEST GUST DIRECTION     W (270)
  AVERAGE WIND SPEED     6.9


SKY COVER
  POSSIBLE SUNSHINE  MM
  AVERAGE SKY COVER 0.1


WEATHER CONDITIONS
 THE FOLLOWING WEATHER WAS RECORDED YESTERDAY.
  NO SIGNIFICANT WEATHER WAS OBSERVED.


RELATIVE HUMIDITY (PERCENT)
 HIGHEST    93           300 AM
 LOWEST     32           300 PM
 AVERAGE    63

..........................................................


THE SPRINGFIELD IL CLIMATE NORMALS FOR TODAY
                         NORMAL    RECORD    YEAR
 MAXIMUM TEMPERATURE (F)   79        96      1934
 MINIMUM TEMPERATURE (F)   57        40      1966
                                             1930
                                             1889


SUNRISE AND SUNSET
MAY 30 2016...........SUNRISE   533 AM CDT   SUNSET   820 PM CDT
MAY 31 2016...........SUNRISE   533 AM CDT   SUNSET   821 PM CDT


-  INDICATES NEGATIVE NUMBERS.
R  INDICATES RECORD WAS SET OR TIED.
MM INDICATES DATA IS MISSING.
T  INDICATES TRACE AMOUNT.




$$
