000
CDUS43 KILX 060641
CLISPI


CLIMATE REPORT
NATIONAL WEATHER SERVICE LINCOLN IL
1241 AM CST FRI MAR 6 2015


...................................

...THE SPRINGFIELD IL CLIMATE SUMMARY FOR MARCH 5 2015...

CLIMATE NORMAL PERIOD 1981 TO 2010
CLIMATE RECORD PERIOD 1879 TO 2015


WEATHER ITEM   OBSERVED TIME   RECORD YEAR NORMAL DEPARTURE LAST
                VALUE   (LST)  VALUE       VALUE  FROM      YEAR
                                                  NORMAL
..................................................................
TEMPERATURE (F)
 YESTERDAY
  MAXIMUM         19    227 PM  76    1956  47    -28       36
  MINIMUM          0   1159 PM -12    1960  29    -29       22
  AVERAGE         10                        38    -28       29

PRECIPITATION (IN)
  YESTERDAY        0.00          1.40 1894   0.09  -0.09     0.00
  MONTH TO DATE    0.33                      0.40  -0.07     0.12
  SINCE MAR 1      0.33                      0.40  -0.07     0.12
  SINCE JAN 1      3.61                      4.03  -0.42     5.55

SNOWFALL (IN)
  YESTERDAY        0.0           2.4  1966   0.1   -0.1      0.0
  MONTH TO DATE    3.7                       0.6    3.1      0.9
  SINCE MAR 1      3.7                       0.6    3.1      0.9
  SINCE JUL 1     33.9                      18.7   15.2     43.2
  SNOW DEPTH       5

DEGREE DAYS
 HEATING
  YESTERDAY       55                        27     28       36
  MONTH TO DATE  210                       140     70      222
  SINCE MAR 1    210                       140     70      222
  SINCE JUL 1   4779                      4411    368     5169

 COOLING
  YESTERDAY        0                         0      0        0
  MONTH TO DATE    0                         0      0        0
  SINCE MAR 1      0                         0      0        0
  SINCE JAN 1      0                         0      0        0
..................................................................


WIND (MPH)
  HIGHEST WIND SPEED    20   HIGHEST WIND DIRECTION    NW (300)
  HIGHEST GUST SPEED    24   HIGHEST GUST DIRECTION     W (290)
  AVERAGE WIND SPEED     7.3


SKY COVER
  POSSIBLE SUNSHINE  MM
  AVERAGE SKY COVER 0.0


WEATHER CONDITIONS
 THE FOLLOWING WEATHER WAS RECORDED YESTERDAY.
  NO SIGNIFICANT WEATHER WAS OBSERVED.


RELATIVE HUMIDITY (PERCENT)
 HIGHEST    79          1000 PM
 LOWEST     46          1000 AM
 AVERAGE    63

..........................................................


THE SPRINGFIELD IL CLIMATE NORMALS FOR TODAY
                         NORMAL    RECORD    YEAR
 MAXIMUM TEMPERATURE (F)   48        83      1956
 MINIMUM TEMPERATURE (F)   29        -9      1960


SUNRISE AND SUNSET
MARCH  6 2015.........SUNRISE   625 AM CST   SUNSET   556 PM CST
MARCH  7 2015.........SUNRISE   623 AM CST   SUNSET   557 PM CST


-  INDICATES NEGATIVE NUMBERS.
R  INDICATES RECORD WAS SET OR TIED.
MM INDICATES DATA IS MISSING.
T  INDICATES TRACE AMOUNT.




$$
