000
CDUS43 KILX 050633
CLISPI


CLIMATE REPORT
NATIONAL WEATHER SERVICE LINCOLN IL
132 AM CDT SUN JUL 5 2015


...................................

...THE SPRINGFIELD IL CLIMATE SUMMARY FOR JULY 4 2015...

CLIMATE NORMAL PERIOD 1981 TO 2010
CLIMATE RECORD PERIOD 1879 TO 2015


WEATHER ITEM   OBSERVED TIME   RECORD YEAR NORMAL DEPARTURE LAST
                VALUE   (LST)  VALUE       VALUE  FROM      YEAR
                                                  NORMAL
..................................................................
TEMPERATURE (F)
 YESTERDAY
  MAXIMUM         84    347 PM 105    1936  86     -2       80
  MINIMUM         60    444 AM  49    1967  65     -5       56
  AVERAGE         72                        76     -4       68

PRECIPITATION (IN)
  YESTERDAY        0.00          3.00 1981   0.13  -0.13     0.00
  MONTH TO DATE    0.12                      0.52  -0.40     0.03
  SINCE JUN 1      9.26                      4.98   4.28     8.90
  SINCE JAN 1     22.17                     18.99   3.18    23.19

SNOWFALL (IN)
  YESTERDAY        0.0           0.0    MM   0.0    0.0      0.0
  MONTH TO DATE    0.0                       0.0    0.0      0.0
  SINCE JUN 1      0.0                       0.0    0.0      0.0
  SINCE JUL 1      0.0                       0.0    0.0      0.0
  SNOW DEPTH       0

DEGREE DAYS
 HEATING
  YESTERDAY        0                         0      0        0
  MONTH TO DATE    0                         0      0        0
  SINCE JUN 1      3                        15    -12        0
  SINCE JUL 1      0                         0      0        0

 COOLING
  YESTERDAY        7                        11     -4        3
  MONTH TO DATE   30                        44    -14       19
  SINCE JUN 1    328                       284     44      325
  SINCE JAN 1    494                       388    106      501
..................................................................


WIND (MPH)
  HIGHEST WIND SPEED     8   HIGHEST WIND DIRECTION     W (270)
  HIGHEST GUST SPEED    10   HIGHEST GUST DIRECTION     W (250)
  AVERAGE WIND SPEED     1.9


SKY COVER
  POSSIBLE SUNSHINE  MM
  AVERAGE SKY COVER 0.2


WEATHER CONDITIONS
 THE FOLLOWING WEATHER WAS RECORDED YESTERDAY.
  FOG
  FOG W/VISIBILITY <= 1/4 MILE
  HAZE


RELATIVE HUMIDITY (PERCENT)
 HIGHEST    93          1200 AM
 LOWEST     47           300 PM
 AVERAGE    70

..........................................................


THE SPRINGFIELD IL CLIMATE NORMALS FOR TODAY
                         NORMAL    RECORD    YEAR
 MAXIMUM TEMPERATURE (F)   86       103      1936
 MINIMUM TEMPERATURE (F)   65        51      1997
                                             1915


SUNRISE AND SUNSET
JULY  5 2015..........SUNRISE   536 AM CDT   SUNSET   830 PM CDT
JULY  6 2015..........SUNRISE   537 AM CDT   SUNSET   830 PM CDT


-  INDICATES NEGATIVE NUMBERS.
R  INDICATES RECORD WAS SET OR TIED.
MM INDICATES DATA IS MISSING.
T  INDICATES TRACE AMOUNT.




$$
