704
CDUS43 KILX 230636
CLISPI


CLIMATE REPORT
NATIONAL WEATHER SERVICE LINCOLN IL
136 AM CDT TUE MAY 23 2017


...................................

...THE SPRINGFIELD IL CLIMATE SUMMARY FOR MAY 22 2017...

CLIMATE NORMAL PERIOD 1981 TO 2010
CLIMATE RECORD PERIOD 1879 TO 2017


WEATHER ITEM   OBSERVED TIME   RECORD YEAR NORMAL DEPARTURE LAST
                VALUE   (LST)  VALUE       VALUE  FROM      YEAR
                                                  NORMAL
..................................................................
TEMPERATURE (F)
 YESTERDAY
  MAXIMUM         76    240 PM  95    1925  77     -1       86
  MINIMUM         49    418 AM  34    1883  55     -6       50
  AVERAGE         63                        66     -3       68

PRECIPITATION (IN)
  YESTERDAY        0.09          1.38 1968   0.15  -0.06     0.00
  MONTH TO DATE    3.82                      2.97   0.85     1.92
  SINCE MAR 1     15.00                      9.11   5.89    10.28
  SINCE JAN 1     16.47                     12.74   3.73    12.61

SNOWFALL (IN)
  YESTERDAY        0.0           0.0    MM   0.0    0.0      0.0
  MONTH TO DATE    0.0                       0.0    0.0      0.0
  SINCE MAR 1      4.6                       2.8    1.8      0.1
  SINCE JUL 1     10.3                      20.9  -10.6     15.7
  SNOW DEPTH       0

DEGREE DAYS
 HEATING
  YESTERDAY        2                         3     -1        0
  MONTH TO DATE  100                       106     -6      119
  SINCE MAR 1    899                      1180   -281      891
  SINCE JUL 1   4154                      5451  -1297     4317

 COOLING
  YESTERDAY        0                         3     -3        3
  MONTH TO DATE   73                        46     27       19
  SINCE MAR 1    110                        66     44       39
  SINCE JAN 1    110                        66     44       39
..................................................................


WIND (MPH)
  HIGHEST WIND SPEED    23   HIGHEST WIND DIRECTION    NW (310)
  HIGHEST GUST SPEED    25   HIGHEST GUST DIRECTION    NW (310)
  AVERAGE WIND SPEED     7.6


SKY COVER
  POSSIBLE SUNSHINE  MM
  AVERAGE SKY COVER 0.3


WEATHER CONDITIONS
 THE FOLLOWING WEATHER WAS RECORDED YESTERDAY.
  LIGHT RAIN
  FOG


RELATIVE HUMIDITY (PERCENT)
 HIGHEST   100           200 AM
 LOWEST     41          1200 PM
 AVERAGE    71

..........................................................


THE SPRINGFIELD IL CLIMATE NORMALS FOR TODAY
                         NORMAL    RECORD    YEAR
 MAXIMUM TEMPERATURE (F)   77        92      1964
                                             1921
 MINIMUM TEMPERATURE (F)   55        36      1963
                                             1961


SUNRISE AND SUNSET
MAY 23 2017...........SUNRISE   537 AM CDT   SUNSET   814 PM CDT
MAY 24 2017...........SUNRISE   537 AM CDT   SUNSET   815 PM CDT


-  INDICATES NEGATIVE NUMBERS.
R  INDICATES RECORD WAS SET OR TIED.
MM INDICATES DATA IS MISSING.
T  INDICATES TRACE AMOUNT.




$$
