000
CDUS43 KILX 202136
CLISPI


CLIMATE REPORT
NATIONAL WEATHER SERVICE LINCOLN IL
435 PM CDT WED SEP 20 2017


...................................

...THE SPRINGFIELD IL CLIMATE SUMMARY FOR SEPTEMBER 20 2017...
VALID TODAY AS OF 0400 PM LOCAL TIME.

CLIMATE NORMAL PERIOD 1981 TO 2010
CLIMATE RECORD PERIOD 1879 TO 2017


WEATHER ITEM   OBSERVED TIME   RECORD YEAR NORMAL DEPARTURE LAST
                VALUE   (LST)  VALUE       VALUE  FROM      YEAR
                                                  NORMAL
..................................................................
TEMPERATURE (F)
 TODAY
  MAXIMUM         96R   236 PM  96    1931  77     19       93
  MINIMUM         71    510 AM  34    1991  53     18       69
  AVERAGE         84                        65     19       81

PRECIPITATION (IN)
  TODAY            0.00          4.23 1986   0.10  -0.10     0.00
  MONTH TO DATE    0.01                      1.95  -1.94     1.45
  SINCE SEP 1      0.01                      1.95  -1.94     1.45
  SINCE JAN 1     25.05                     27.60  -2.55    37.30

SNOWFALL (IN)
  TODAY            0.0           0.0    MM   0.0    0.0      0.0
  MONTH TO DATE    0.0                       0.0    0.0      0.0
  SINCE SEP 1      0.0                       0.0    0.0      0.0
  SINCE JUL 1      0.0                       0.0    0.0      0.0
  SNOW DEPTH       0

DEGREE DAYS
 HEATING
  TODAY            0                         3     -3        0
  MONTH TO DATE   26                        29     -3        0
  SINCE SEP 1     26                        29     -3        0
  SINCE JUL 1     26                        34     -8        1

 COOLING
  TODAY           19                         3     16       16
  MONTH TO DATE  108                       104      4      190
  SINCE SEP 1    108                       104      4      190
  SINCE JAN 1   1220                      1074    146     1466
..................................................................


WIND (MPH)
  HIGHEST WIND SPEED    15   HIGHEST WIND DIRECTION     S (160)
  HIGHEST GUST SPEED    21   HIGHEST GUST DIRECTION    SW (210)
  AVERAGE WIND SPEED     8.5


SKY COVER
  POSSIBLE SUNSHINE  MM
  AVERAGE SKY COVER 0.0


WEATHER CONDITIONS
 THE FOLLOWING WEATHER WAS RECORDED TODAY.
  NO SIGNIFICANT WEATHER WAS OBSERVED.


RELATIVE HUMIDITY (PERCENT)
 HIGHEST    90           400 AM
 LOWEST     43           200 PM
 AVERAGE    67

..........................................................


THE SPRINGFIELD IL CLIMATE NORMALS FOR TOMORROW
                         NORMAL    RECORD    YEAR
 MAXIMUM TEMPERATURE (F)   77        96      1931
 MINIMUM TEMPERATURE (F)   52        36      1991


SUNRISE AND SUNSET
SEPTEMBER 20 2017.....SUNRISE   645 AM CDT   SUNSET   659 PM CDT
SEPTEMBER 21 2017.....SUNRISE   646 AM CDT   SUNSET   657 PM CDT


-  INDICATES NEGATIVE NUMBERS.
R  INDICATES RECORD WAS SET OR TIED.
MM INDICATES DATA IS MISSING.
T  INDICATES TRACE AMOUNT.




$$
