000
CDUS43 KILX 260633
CLISPI


CLIMATE REPORT
NATIONAL WEATHER SERVICE LINCOLN IL
132 AM CDT SAT JUL 26 2014


...................................

...THE SPRINGFIELD IL CLIMATE SUMMARY FOR JULY 25 2014...

CLIMATE NORMAL PERIOD 1981 TO 2010
CLIMATE RECORD PERIOD 1879 TO 2014


WEATHER ITEM   OBSERVED TIME   RECORD YEAR NORMAL DEPARTURE LAST
                VALUE   (LST)  VALUE       VALUE  FROM      YEAR
                                                  NORMAL
..................................................................
TEMPERATURE (F)
 YESTERDAY
  MAXIMUM         77    559 PM 103    2012  86     -9       82
                                      1936
  MINIMUM         57    123 AM  54    2013  65     -8       54
                                      2000
                                      1991
  AVERAGE         67                        76     -9       68

PRECIPITATION (IN)
  YESTERDAY        0.46          1.81 1937   0.13   0.33     0.00
  MONTH TO DATE    1.53                      3.25  -1.72     1.30
  SINCE JUN 1     10.40                      7.71   2.69     3.35
  SINCE JAN 1     24.69                     21.72   2.97    28.37

SNOWFALL (IN)
  YESTERDAY        0.0           0.0    MM   0.0    0.0      0.0
  MONTH TO DATE    0.0                       0.0    0.0      0.0
  SINCE JUN 1      0.0                       0.0    0.0      0.0
  SINCE JUL 1      0.0                       0.0    0.0      0.0
  SNOW DEPTH       0

DEGREE DAYS
 HEATING
  YESTERDAY        0                         0      0        0
  MONTH TO DATE    3                         0      3        0
  SINCE JUN 1      3                        15    -12       12
  SINCE JUL 1      3                         0      3        0

 COOLING
  YESTERDAY        2                        11     -9        3
  MONTH TO DATE  174                       275   -101      278
  SINCE JUN 1    480                       515    -35      536
  SINCE JAN 1    656                       619     37      662
..................................................................


WIND (MPH)
  HIGHEST WIND SPEED    36   HIGHEST WIND DIRECTION     S (170)
  HIGHEST GUST SPEED    49   HIGHEST GUST DIRECTION     S (180)
  AVERAGE WIND SPEED     7.3


SKY COVER
  POSSIBLE SUNSHINE  MM
  AVERAGE SKY COVER 0.4


WEATHER CONDITIONS
 THE FOLLOWING WEATHER WAS RECORDED YESTERDAY.
  HEAVY RAIN
  RAIN
  LIGHT RAIN
  FOG


RELATIVE HUMIDITY (PERCENT)
 HIGHEST    93           100 AM
 LOWEST     50           600 PM
 AVERAGE    72

..........................................................


THE SPRINGFIELD IL CLIMATE NORMALS FOR TODAY
                         NORMAL    RECORD    YEAR
 MAXIMUM TEMPERATURE (F)   86       104      1936
 MINIMUM TEMPERATURE (F)   65        52      1977
                                             1962


SUNRISE AND SUNSET
JULY 26 2014..........SUNRISE   552 AM CDT   SUNSET   818 PM CDT
JULY 27 2014..........SUNRISE   553 AM CDT   SUNSET   817 PM CDT


-  INDICATES NEGATIVE NUMBERS.
R  INDICATES RECORD WAS SET OR TIED.
MM INDICATES DATA IS MISSING.
T  INDICATES TRACE AMOUNT.




$$
