000
CDUS44 KOUN 260630
CLISPS

OUNCLISPS 000
TTAA00 KOUN 260628


CLIMATE REPORT
NATIONAL WEATHER SERVICE NORMAN OK
127 AM CDT FRI AUG 26 2016


...................................

...THE WICHITA FALLS CLIMATE SUMMARY FOR AUGUST 25 2016...

CLIMATE NORMAL PERIOD 1981 TO 2010
CLIMATE RECORD PERIOD 1897 TO 2016


WEATHER ITEM   OBSERVED TIME   RECORD YEAR NORMAL DEPARTURE LAST
                VALUE   (LST)  VALUE       VALUE  FROM      YEAR
                                                  NORMAL
..................................................................
TEMPERATURE (F)
 YESTERDAY
  MAXIMUM         98    152 PM 108    2006  95      3       97
  MINIMUM         72    607 AM  58    1966  70      2       69
  AVERAGE         85                        83      2       83

PRECIPITATION (IN)
  YESTERDAY        0.00          1.03 1968   0.09  -0.09     0.42
  MONTH TO DATE    0.74                      1.94  -1.20     1.49
  SINCE JAN 1     22.34                     19.17   3.17    33.58

DEGREE DAYS
 COOLING
  YESTERDAY       20                        18      2       18
  MONTH TO DATE  469                       486    -17      478
  SINCE JAN 1   1831                      1842    -11     1775
..................................................................


WIND (MPH)
  HIGHEST WIND SPEED    18   HIGHEST WIND DIRECTION    SE (140)
  HIGHEST GUST SPEED    23   HIGHEST GUST DIRECTION     S (160)
  AVERAGE WIND SPEED    11.0


SKY COVER
  AVERAGE SKY COVER 0.1


WEATHER CONDITIONS
 THE FOLLOWING WEATHER WAS RECORDED YESTERDAY.
  NO SIGNIFICANT WEATHER WAS OBSERVED.


RELATIVE HUMIDITY (PERCENT)
 HIGHEST    84           700 AM
 LOWEST     35           200 PM
 AVERAGE    60

..........................................................


THE WICHITA FALLS CLIMATE NORMALS FOR TODAY
                         NORMAL    RECORD    YEAR
 MAXIMUM TEMPERATURE (F)   95       107      2011
                                             2009
 MINIMUM TEMPERATURE (F)   70        54      1962


SUNRISE AND SUNSET
AUGUST 26 2016........SUNRISE   704 AM CDT   SUNSET   807 PM CDT
AUGUST 27 2016........SUNRISE   704 AM CDT   SUNSET   805 PM CDT


-  INDICATES NEGATIVE NUMBERS.
R  INDICATES RECORD WAS SET OR TIED.
MM INDICATES DATA IS MISSING.
T  INDICATES TRACE AMOUNT.




$$
