000
CDUS44 KOUN 250748 RRA
CLISPS

OUNCLISPS 000
TTAA00 KOUN 250635


CLIMATE REPORT
NATIONAL WEATHER SERVICE NORMAN OK
135 AM CDT TUE JUL 25 2017


...................................

...THE WICHITA FALLS CLIMATE SUMMARY FOR JULY 24 2017...

CLIMATE NORMAL PERIOD 1981 TO 2010
CLIMATE RECORD PERIOD 1897 TO 2017


WEATHER ITEM   OBSERVED TIME   RECORD YEAR NORMAL DEPARTURE LAST
                VALUE   (LST)  VALUE       VALUE  FROM      YEAR
                                                  NORMAL
..................................................................
TEMPERATURE (F)
 YESTERDAY
  MAXIMUM         92    502 PM 109    1969  98     -6      100
  MINIMUM         72    604 AM  60    1970  73     -1       72
  AVERAGE         82                        85     -3       86

PRECIPITATION (IN)
  YESTERDAY        0.01          1.86 1975   0.04  -0.03     0.00
  MONTH TO DATE    3.14                      1.24   1.90     1.72
  SINCE JUN 1      5.60                      5.39   0.21     5.01
  SINCE JAN 1     15.92                     16.88  -0.96    21.50

SNOWFALL (IN)
  YESTERDAY        0.0

DEGREE DAYS
 HEATING
  YESTERDAY        0                         0      0        0
  MONTH TO DATE    0                         0      0        0
  SINCE JUN 1      0                         1     -1        0
  SINCE JUL 1      0                         0      0        0

 COOLING
  YESTERDAY       17                        20     -3       21
  MONTH TO DATE  452                       460     -8      494
  SINCE JUN 1    867                       896    -29      958
  SINCE JAN 1   1216                      1215      1     1211
..................................................................


WIND (MPH)
  HIGHEST WIND SPEED    24   HIGHEST WIND DIRECTION    SE (150)
  HIGHEST GUST SPEED    28   HIGHEST GUST DIRECTION    SE (150)
  AVERAGE WIND SPEED     9.2


SKY COVER
  AVERAGE SKY COVER 0.2


WEATHER CONDITIONS
 THE FOLLOWING WEATHER WAS RECORDED YESTERDAY.
  LIGHT RAIN


RELATIVE HUMIDITY (PERCENT)
 HIGHEST    93          1200 AM
 LOWEST     49           500 PM
 AVERAGE    71

..........................................................


THE WICHITA FALLS CLIMATE NORMALS FOR TODAY
                         NORMAL    RECORD    YEAR
 MAXIMUM TEMPERATURE (F)   98       111      1964
 MINIMUM TEMPERATURE (F)   73        64      2004


SUNRISE AND SUNSET
JULY 25 2017..........SUNRISE   641 AM CDT   SUNSET   840 PM CDT
JULY 26 2017..........SUNRISE   641 AM CDT   SUNSET   839 PM CDT


-  INDICATES NEGATIVE NUMBERS.
R  INDICATES RECORD WAS SET OR TIED.
MM INDICATES DATA IS MISSING.
T  INDICATES TRACE AMOUNT.




$$
