000
CDUS44 KOUN 080640
CLISPS

CLIMATE REPORT
NATIONAL WEATHER SERVICE NORMAN OK
1238 AM CST MON FEB 8 2016


...................................

...THE WICHITA FALLS CLIMATE SUMMARY FOR FEBRUARY 7 2016...

CLIMATE NORMAL PERIOD 1981 TO 2010
CLIMATE RECORD PERIOD 1897 TO 2016


WEATHER ITEM   OBSERVED TIME   RECORD YEAR NORMAL DEPARTURE LAST
                VALUE   (LST)  VALUE       VALUE  FROM      YEAR
                                                  NORMAL
..................................................................
TEMPERATURE (F)
 YESTERDAY
  MAXIMUM         63    416 PM  85    1950  57      6       80
  MINIMUM         24    704 AM   3    1933  32     -8       39
  AVERAGE         44                        44      0       60

PRECIPITATION (IN)
  YESTERDAY        0.00          0.65 1905   0.06  -0.06     0.00
  MONTH TO DATE    0.01                      0.33  -0.32      T
  SINCE JAN 1      0.44                      1.47  -1.03     2.17

SNOWFALL (IN)
  YESTERDAY        0.0                       0.0    0.0      0.0
  MONTH TO DATE    0.0                       0.2   -0.2      0.0
  SINCE JUL 1      2.6                       2.9   -0.3      2.3
  SNOW DEPTH       0

DEGREE DAYS
 HEATING
  YESTERDAY       21                        21      0        5
  MONTH TO DATE  147                       149     -2      166
  SINCE JUL 1   1716                      2059   -343     1982
..................................................................


WIND (MPH)
  HIGHEST WIND SPEED    23   HIGHEST WIND DIRECTION    NE (30)
  HIGHEST GUST SPEED    27   HIGHEST GUST DIRECTION    NE (30)
  AVERAGE WIND SPEED    10.2


SKY COVER
  AVERAGE SKY COVER 0.0


WEATHER CONDITIONS
 THE FOLLOWING WEATHER WAS RECORDED YESTERDAY.
  NO SIGNIFICANT WEATHER WAS OBSERVED.


RELATIVE HUMIDITY (PERCENT)
 HIGHEST    92           800 AM
 LOWEST     27           400 PM
 AVERAGE    60

..........................................................


THE WICHITA FALLS CLIMATE NORMALS FOR TODAY
                         NORMAL    RECORD    YEAR
 MAXIMUM TEMPERATURE (F)   57        82      1943
 MINIMUM TEMPERATURE (F)   32         1      1933


SUNRISE AND SUNSET
FEBRUARY  8 2016......SUNRISE   726 AM CST   SUNSET   611 PM CST
FEBRUARY  9 2016......SUNRISE   725 AM CST   SUNSET   612 PM CST


-  INDICATES NEGATIVE NUMBERS.
R  INDICATES RECORD WAS SET OR TIED.
MM INDICATES DATA IS MISSING.
T  INDICATES TRACE AMOUNT.




$$
