000
CDUS44 KOUN 290635 RRA
CLISPS

CLIMATE REPORT
NATIONAL WEATHER SERVICE NORMAN OK
135 AM CDT SUN MAY 29 2016


...................................

...THE WICHITA FALLS CLIMATE SUMMARY FOR MAY 28 2016...

CLIMATE NORMAL PERIOD 1981 TO 2010
CLIMATE RECORD PERIOD 1897 TO 2016


WEATHER ITEM   OBSERVED TIME   RECORD YEAR NORMAL DEPARTURE LAST
                VALUE   (LST)  VALUE       VALUE  FROM      YEAR
                                                  NORMAL
..................................................................
TEMPERATURE (F)
 YESTERDAY
  MAXIMUM         89    448 PM 110    2011  87      2       86
  MINIMUM         60    432 AM  48    1947  63     -3       62
  AVERAGE         75                        75      0       74

PRECIPITATION (IN)
  YESTERDAY        0.15          2.70 1987   0.14   0.01     2.29
  MONTH TO DATE    5.61                      3.36   2.25    16.82
  SINCE JAN 1     15.97                     11.06   4.91    24.93

DEGREE DAYS
 COOLING
  YESTERDAY       10                        10      0        9
  MONTH TO DATE  155                       194    -39      143
  SINCE JAN 1    223                       286    -63      223
..................................................................


WIND (MPH)
  HIGHEST WIND SPEED    28   HIGHEST WIND DIRECTION     S (190)
  HIGHEST GUST SPEED    33   HIGHEST GUST DIRECTION     S (200)
  AVERAGE WIND SPEED     6.3


SKY COVER
  AVERAGE SKY COVER 0.3


WEATHER CONDITIONS
 THE FOLLOWING WEATHER WAS RECORDED YESTERDAY.
  THUNDERSTORM
  HEAVY RAIN
  FOG
  FOG W/VISIBILITY <= 1/4 MILE


RELATIVE HUMIDITY (PERCENT)
 HIGHEST   100           400 AM
 LOWEST     46           400 PM
 AVERAGE    73

..........................................................


THE WICHITA FALLS CLIMATE NORMALS FOR TODAY
                         NORMAL    RECORD    YEAR
 MAXIMUM TEMPERATURE (F)   87       106      1927
 MINIMUM TEMPERATURE (F)   64        42      1947


SUNRISE AND SUNSET
MAY 29 2016...........SUNRISE   625 AM CDT   SUNSET   839 PM CDT
MAY 30 2016...........SUNRISE   624 AM CDT   SUNSET   839 PM CDT


-  INDICATES NEGATIVE NUMBERS.
R  INDICATES RECORD WAS SET OR TIED.
MM INDICATES DATA IS MISSING.
T  INDICATES TRACE AMOUNT.

$$
