000
CDUS44 KOUN 300649 RRA
CLISPS

CLIMATE REPORT
NATIONAL WEATHER SERVICE NORMAN OK
149 AM CDT SAT AUG 30 2014

...................................

...THE WICHITA FALLS CLIMATE SUMMARY FOR AUGUST 29 2014...

CLIMATE NORMAL PERIOD 1981 TO 2010
CLIMATE RECORD PERIOD 1897 TO 2014


WEATHER ITEM   OBSERVED TIME   RECORD YEAR NORMAL DEPARTURE LAST
                VALUE   (LST)  VALUE       VALUE  FROM      YEAR
                                                  NORMAL
..................................................................
TEMPERATURE (F)
 YESTERDAY
  MAXIMUM         87    510 PM 108    2011  94     -7      101
  MINIMUM         69    639 AM  57    1986  69      0       73
  AVERAGE         78                        82     -4       87

PRECIPITATION (IN)
  YESTERDAY        0.05          1.46 1996   0.09  -0.04     0.00
  MONTH TO DATE    2.04                      2.30  -0.26     1.49
  SINCE JAN 1     15.81                     19.53  -3.72    15.48

DEGREE DAYS
 COOLING
  YESTERDAY       13                        17     -4       22
  MONTH TO DATE  565                       555     10      564
  SINCE JAN 1   1955                      1911     44     2010
..................................................................


WIND (MPH)
  HIGHEST WIND SPEED    30   HIGHEST WIND DIRECTION     S (160)
  HIGHEST GUST SPEED    35   HIGHEST GUST DIRECTION     S (160)
  AVERAGE WIND SPEED     5.4


SKY COVER
  AVERAGE SKY COVER 0.5


WEATHER CONDITIONS
 THE FOLLOWING WEATHER WAS RECORDED YESTERDAY.
  THUNDERSTORM
  RAIN
  LIGHT RAIN
  FOG


RELATIVE HUMIDITY (PERCENT)
 HIGHEST    97           700 AM
 LOWEST     51           500 PM
 AVERAGE    74

..........................................................


THE WICHITA FALLS CLIMATE NORMALS FOR TODAY
                         NORMAL    RECORD    YEAR
 MAXIMUM TEMPERATURE (F)   94       109      2011
 MINIMUM TEMPERATURE (F)   69        56      1946


SUNRISE AND SUNSET
AUGUST 30 2014........SUNRISE   706 AM CDT   SUNSET   802 PM CDT
AUGUST 31 2014........SUNRISE   707 AM CDT   SUNSET   801 PM CDT


-  INDICATES NEGATIVE NUMBERS.
R  INDICATES RECORD WAS SET OR TIED.
MM INDICATES DATA IS MISSING.
T  INDICATES TRACE AMOUNT.




$$
