000
CDUS44 KOUN 272322
CLISPS

CLIMATE REPORT
NATIONAL WEATHER SERVICE NORMAN OK
519 PM CST THU NOV 27 2014


...................................

...THE WICHITA FALLS CLIMATE SUMMARY FOR NOVEMBER 27 2014...
VALID TODAY AS OF 0500 PM LOCAL TIME.

CLIMATE NORMAL PERIOD 1981 TO 2010
CLIMATE RECORD PERIOD 1897 TO 2014


WEATHER ITEM   OBSERVED TIME   RECORD YEAR NORMAL DEPARTURE LAST
                VALUE   (LST)  VALUE       VALUE  FROM      YEAR
                                                  NORMAL
..................................................................
TEMPERATURE (F)
 TODAY
  MAXIMUM         55    422 PM  82    1960  60     -5       44
  MINIMUM         30    703 AM  20    1938  35     -5       22
  AVERAGE         43                        48     -5       33

PRECIPITATION (IN)
  TODAY            0.00          1.00 1908   0.05  -0.05     0.00
                                      1905
  MONTH TO DATE    4.24                      1.50   2.74     0.64
  SINCE JAN 1     22.82                     27.15  -4.33    20.04

SNOWFALL (IN)
  TODAY            0.0                       0.0    0.0      0.0
  MONTH TO DATE    0.3                       0.2    0.1      0.2
  SINCE JUL 1      0.3                       0.2    0.1      0.2
  SNOW DEPTH       0

DEGREE DAYS
 HEATING
  TODAY           22                        17      5       32
  MONTH TO DATE  442                       326    116      401
  SINCE JUL 1    488                       452     36      503

 COOLING
  TODAY            0                         0      0        0
  MONTH TO DATE    0                        10    -10        8
  SINCE JAN 1   2558                      2386    172     2628
..................................................................


WIND (MPH)
  HIGHEST WIND SPEED    13   HIGHEST WIND DIRECTION     S (170)
  HIGHEST GUST SPEED    17   HIGHEST GUST DIRECTION     S (180)
  AVERAGE WIND SPEED     5.4


SKY COVER
  AVERAGE SKY COVER 0.0


WEATHER CONDITIONS
 THE FOLLOWING WEATHER WAS RECORDED TODAY.
  NO SIGNIFICANT WEATHER WAS OBSERVED.


RELATIVE HUMIDITY (PERCENT)
 HIGHEST    78           600 AM
 LOWEST     30           400 PM
 AVERAGE    54

..........................................................


THE WICHITA FALLS CLIMATE NORMALS FOR TOMORROW
                         NORMAL    RECORD    YEAR
 MAXIMUM TEMPERATURE (F)   60        82      1949
 MINIMUM TEMPERATURE (F)   35        18      1955


SUNRISE AND SUNSET
NOVEMBER 27 2014......SUNRISE   718 AM CST   SUNSET   525 PM CST
NOVEMBER 28 2014......SUNRISE   718 AM CST   SUNSET   525 PM CST


-  INDICATES NEGATIVE NUMBERS.
R  INDICATES RECORD WAS SET OR TIED.
MM INDICATES DATA IS MISSING.
T  INDICATES TRACE AMOUNT.

$$
