000
CDUS44 KOUN 062208
CLISPS

CLIMATE REPORT
NATIONAL WEATHER SERVICE NORMAN OK
506 PM CDT MON JUL 6 2015


...................................

...THE WICHITA FALLS CLIMATE SUMMARY FOR JULY 6 2015...
VALID TODAY AS OF 0500 PM LOCAL TIME.

CLIMATE NORMAL PERIOD 1981 TO 2010
CLIMATE RECORD PERIOD 1897 TO 2015


WEATHER ITEM   OBSERVED TIME   RECORD YEAR NORMAL DEPARTURE LAST
                VALUE   (LST)  VALUE       VALUE  FROM      YEAR
                                                  NORMAL
..................................................................
TEMPERATURE (F)
 TODAY
  MAXIMUM         93    356 PM 109    1996  96     -3       93
  MINIMUM         77    621 AM  59    1972  71      6       73
  AVERAGE         85                        84      1       83

PRECIPITATION (IN)
  TODAY            0.00          1.96 2004   0.06  -0.06     0.00
  MONTH TO DATE    0.03                      0.36  -0.33     2.13
  SINCE JAN 1     29.33                     16.00  13.33    10.37

DEGREE DAYS
 COOLING
  TODAY           20                        18      2       18
  MONTH TO DATE  118                       108     10       92
  SINCE JAN 1    810                       863    -53      982
..................................................................


WIND (MPH)
  HIGHEST WIND SPEED    23   HIGHEST WIND DIRECTION     S (190)
  HIGHEST GUST SPEED    30   HIGHEST GUST DIRECTION    SE (150)
  AVERAGE WIND SPEED    15.6


SKY COVER
  AVERAGE SKY COVER 0.5


WEATHER CONDITIONS
 THE FOLLOWING WEATHER WAS RECORDED TODAY.
  NO SIGNIFICANT WEATHER WAS OBSERVED.


RELATIVE HUMIDITY (PERCENT)
 HIGHEST    82           500 AM
 LOWEST     49           300 PM
 AVERAGE    66

..........................................................


THE WICHITA FALLS CLIMATE NORMALS FOR TOMORROW
                         NORMAL    RECORD    YEAR
 MAXIMUM TEMPERATURE (F)   96       110      1996
                                             1970
 MINIMUM TEMPERATURE (F)   71        59      1972


SUNRISE AND SUNSET
JULY  6 2015..........SUNRISE   629 AM CDT   SUNSET   848 PM CDT
JULY  7 2015..........SUNRISE   629 AM CDT   SUNSET   848 PM CDT


-  INDICATES NEGATIVE NUMBERS.
R  INDICATES RECORD WAS SET OR TIED.
MM INDICATES DATA IS MISSING.
T  INDICATES TRACE AMOUNT.




$$
