000
CDUS44 KOUN 230630 RRA
CLISPS

CLIMATE REPORT
NATIONAL WEATHER SERVICE NORMAN OK
129 AM CDT SAT SEP 23 2017


...................................

...THE WICHITA FALLS CLIMATE SUMMARY FOR SEPTEMBER 22 2017...

CLIMATE NORMAL PERIOD 1981 TO 2010
CLIMATE RECORD PERIOD 1897 TO 2017


WEATHER ITEM   OBSERVED TIME   RECORD YEAR NORMAL DEPARTURE LAST
                VALUE   (LST)  VALUE       VALUE  FROM      YEAR
                                                  NORMAL
..................................................................
TEMPERATURE (F)
 YESTERDAY
  MAXIMUM         91    425 PM 101    2000  86      5       91
                                      1926
  MINIMUM         71    639 AM  45    1999  61     10       66
  AVERAGE         81                        73      8       79

PRECIPITATION (IN)
  YESTERDAY        0.00          3.42 1902   0.09  -0.09     0.00
  MONTH TO DATE    0.61                      2.13  -1.52     4.21
  SINCE SEP 1      0.61                      2.13  -1.52     4.21
  SINCE JAN 1     20.69                     21.86  -1.17    26.59

SNOWFALL (IN)
  YESTERDAY        0.0

DEGREE DAYS
 HEATING
  YESTERDAY        0                         1     -1        0
  MONTH TO DATE    0                         4     -4        0
  SINCE SEP 1      0                         4     -4        0
  SINCE JUL 1      0                         4     -4        0

 COOLING
  YESTERDAY       16                         9      7       14
  MONTH TO DATE  280                       275      5      354
  SINCE SEP 1    280                       275      5      354
  SINCE JAN 1   2122                      2220    -98     2290
..................................................................


WIND (MPH)
  HIGHEST WIND SPEED    23   HIGHEST WIND DIRECTION    SE (140)
  HIGHEST GUST SPEED    29   HIGHEST GUST DIRECTION    SE (130)
  AVERAGE WIND SPEED    14.5


SKY COVER
  AVERAGE SKY COVER 0.1


WEATHER CONDITIONS
 THE FOLLOWING WEATHER WAS RECORDED YESTERDAY.
  NO SIGNIFICANT WEATHER WAS OBSERVED.


RELATIVE HUMIDITY (PERCENT)
 HIGHEST    93           500 AM
 LOWEST     44           400 PM
 AVERAGE    69

..........................................................


THE WICHITA FALLS CLIMATE NORMALS FOR TODAY
                         NORMAL    RECORD    YEAR
 MAXIMUM TEMPERATURE (F)   85       102      1926
 MINIMUM TEMPERATURE (F)   60        42      1989


SUNRISE AND SUNSET
SEPTEMBER 23 2017.....SUNRISE   723 AM CDT   SUNSET   729 PM CDT
SEPTEMBER 24 2017.....SUNRISE   724 AM CDT   SUNSET   727 PM CDT


-  INDICATES NEGATIVE NUMBERS.
R  INDICATES RECORD WAS SET OR TIED.
MM INDICATES DATA IS MISSING.
T  INDICATES TRACE AMOUNT.




$$
