000
CDUS44 KOUN 270654 RRA
CLISPS

OUNCLISPS 000
TTAA00 KOUN 270635


CLIMATE REPORT
NATIONAL WEATHER SERVICE NORMAN OK
135 AM CDT THU AUG 27 2015


...................................

...THE WICHITA FALLS CLIMATE SUMMARY FOR AUGUST 26 2015...

CLIMATE NORMAL PERIOD 1981 TO 2010
CLIMATE RECORD PERIOD 1897 TO 2015


WEATHER ITEM   OBSERVED TIME   RECORD YEAR NORMAL DEPARTURE LAST
                VALUE   (LST)  VALUE       VALUE  FROM      YEAR
                                                  NORMAL
..................................................................
TEMPERATURE (F)
 YESTERDAY
  MAXIMUM         95    442 PM 107    2011  95      0      102
                                      2009
  MINIMUM         69    616 AM  54    1962  70     -1       72
  AVERAGE         82                        83     -1       87

PRECIPITATION (IN)
  YESTERDAY        0.00          2.57 1975   0.09  -0.09     0.00
  MONTH TO DATE    1.49                      2.03  -0.54     1.12
  SINCE JAN 1     33.58                     19.26  14.32    14.89

DEGREE DAYS
 COOLING
  YESTERDAY       17                        18     -1       22
  MONTH TO DATE  495                       504     -9      512
  SINCE JAN 1   1792                      1860    -68     1902
..................................................................


WIND (MPH)
  HIGHEST WIND SPEED    13   HIGHEST WIND DIRECTION    SE (120)
  HIGHEST GUST SPEED    17   HIGHEST GUST DIRECTION    SE (150)
  AVERAGE WIND SPEED     7.9


SKY COVER
  AVERAGE SKY COVER 0.1


WEATHER CONDITIONS
 THE FOLLOWING WEATHER WAS RECORDED YESTERDAY.
  FOG


RELATIVE HUMIDITY (PERCENT)
 HIGHEST   100           500 AM
 LOWEST     39           300 PM
 AVERAGE    70

..........................................................


THE WICHITA FALLS CLIMATE NORMALS FOR TODAY
                         NORMAL    RECORD    YEAR
 MAXIMUM TEMPERATURE (F)   95       109      2011
 MINIMUM TEMPERATURE (F)   70        59      1962


SUNRISE AND SUNSET
AUGUST 27 2015........SUNRISE   704 AM CDT   SUNSET   806 PM CDT
AUGUST 28 2015........SUNRISE   705 AM CDT   SUNSET   805 PM CDT


-  INDICATES NEGATIVE NUMBERS.
R  INDICATES RECORD WAS SET OR TIED.
MM INDICATES DATA IS MISSING.
T  INDICATES TRACE AMOUNT.




$$
