000
CDUS42 KTBW 190932
CLISRQ


CLIMATE REPORT
NATIONAL WEATHER SERVICE TAMPA BAY FL
429 AM EST SUN FEB 19 2017


...................................

...THE SARASOTA BRADENTON CLIMATE SUMMARY FOR FEBRUARY 18 2017...

CLIMATE NORMAL PERIOD 1981 TO 2010
CLIMATE RECORD PERIOD 1911 TO 2017


WEATHER ITEM   OBSERVED TIME   RECORD YEAR NORMAL DEPARTURE LAST
                VALUE   (LST)  VALUE       VALUE  FROM      YEAR
                                                  NORMAL
..................................................................
TEMPERATURE (F)
 YESTERDAY
  MAXIMUM         77   1246 PM  85    1918  73      4       75
  MINIMUM         52    529 AM  35    2013  54     -2       52
                                      1977
  AVERAGE         65                        64      1       64

PRECIPITATION (IN)
  YESTERDAY        0.16          1.53 1978   0.12   0.04     0.00
  MONTH TO DATE    0.72                      1.32  -0.60     0.99
  SINCE DEC 1      3.67                      6.34  -2.67     6.69
  SINCE JAN 1      2.42                      3.81  -1.39     5.40

DEGREE DAYS
 HEATING
  YESTERDAY        0                         3     -3        1
  MONTH TO DATE   26                        68    -42      101
  SINCE DEC 1    137                       355   -218      271
  SINCE JUL 1    148                       388   -240      275

 COOLING
  YESTERDAY        0                         2     -2        0
  MONTH TO DATE   32                        32      0       28
  SINCE DEC 1    281                       158    123      312
  SINCE JAN 1    118                        84     34       53
..................................................................


WIND (MPH)
  HIGHEST WIND SPEED    16   HIGHEST WIND DIRECTION     S (180)
  HIGHEST GUST SPEED    20   HIGHEST GUST DIRECTION     S (180)
  AVERAGE WIND SPEED     7.2


SKY COVER
  POSSIBLE SUNSHINE  MM
  AVERAGE SKY COVER 0.4


WEATHER CONDITIONS
 THE FOLLOWING WEATHER WAS RECORDED YESTERDAY.
  THUNDERSTORM
  HEAVY RAIN
  LIGHT RAIN
  FOG


RELATIVE HUMIDITY (PERCENT)
 HIGHEST    93          1000 PM
 LOWEST     54          1100 AM

..........................................................


THE SARASOTA BRADENTON CLIMATE NORMALS FOR TODAY
                         NORMAL    RECORD    YEAR
 MAXIMUM TEMPERATURE (F)   74        86      1990
 MINIMUM TEMPERATURE (F)   54        32      1958


SUNRISE AND SUNSET
FEBRUARY 19 2017......SUNRISE   703 AM EST   SUNSET   625 PM EST
FEBRUARY 20 2017......SUNRISE   703 AM EST   SUNSET   625 PM EST


-  INDICATES NEGATIVE NUMBERS.
R  INDICATES RECORD WAS SET OR TIED.
MM INDICATES DATA IS MISSING.
T  INDICATES TRACE AMOUNT.




$$


&&
------------------------------------------------------------------
******************** SUPPLEMENTAL DATA ***************************

...GULF WATER TEMPERATURE AT VENICE 69 DEGREES
