000
CDUS42 KTBW 040929
CLISRQ


CLIMATE REPORT
NATIONAL WEATHER SERVICE TAMPA BAY FL
427 AM EST WED MAR 4 2015


...................................

...THE SARASOTA BRADENTON CLIMATE SUMMARY FOR MARCH 3 2015...

CLIMATE NORMAL PERIOD 1981 TO 2010
CLIMATE RECORD PERIOD 1911 TO 2015


WEATHER ITEM   OBSERVED TIME   RECORD YEAR NORMAL DEPARTURE LAST
                VALUE   (LST)  VALUE       VALUE  FROM      YEAR
                                                  NORMAL
..................................................................
TEMPERATURE (F)
 YESTERDAY
  MAXIMUM         83   1202 PM  87    1963  75      8       77
  MINIMUM         63    733 AM  30    1980  55      8       56
  AVERAGE         73                        65      8       67

PRECIPITATION (IN)
  YESTERDAY        0.00          1.35 1989   0.13  -0.13     0.00
  MONTH TO DATE    0.00                      0.37  -0.37     0.00
  SINCE MAR 1      0.00                      0.37  -0.37     0.00
  SINCE JAN 1      4.88                      5.56  -0.68     3.62

DEGREE DAYS
 HEATING
  YESTERDAY        0                         3     -3        0
  MONTH TO DATE    0                         9     -9        3
  SINCE MAR 1      0                         9     -9        3
  SINCE JUL 1    457                       427     30      311

 COOLING
  YESTERDAY        8                         3      5        2
  MONTH TO DATE   27                         9     18        4
  SINCE MAR 1     27                         9     18        4
  SINCE JAN 1     96                       113    -17      120
..................................................................


WIND (MPH)
  HIGHEST WIND SPEED    16   HIGHEST WIND DIRECTION    SE (130)
  HIGHEST GUST SPEED    21   HIGHEST GUST DIRECTION    SE (130)
  AVERAGE WIND SPEED     6.6


SKY COVER
  POSSIBLE SUNSHINE  MM
  AVERAGE SKY COVER 0.4


WEATHER CONDITIONS
 THE FOLLOWING WEATHER WAS RECORDED YESTERDAY.
  FOG
  FOG W/VISIBILITY <= 1/4 MILE


RELATIVE HUMIDITY (PERCENT)
 HIGHEST   100           400 AM
 LOWEST     54          1200 PM

..........................................................


THE SARASOTA BRADENTON CLIMATE NORMALS FOR TODAY
                         NORMAL    RECORD    YEAR
 MAXIMUM TEMPERATURE (F)   75        87      1976
 MINIMUM TEMPERATURE (F)   55        30      1943


SUNRISE AND SUNSET
MARCH  4 2015.........SUNRISE   652 AM EST   SUNSET   633 PM EST
MARCH  5 2015.........SUNRISE   651 AM EST   SUNSET   633 PM EST


-  INDICATES NEGATIVE NUMBERS.
R  INDICATES RECORD WAS SET OR TIED.
MM INDICATES DATA IS MISSING.
T  INDICATES TRACE AMOUNT.




$$


&&
------------------------------------------------------------------
******************** SUPPLEMENTAL DATA ***************************

...GULF WATER TEMPERATURE AT NEW PASS 68
