000
CDUS42 KTBW 310833
CLISRQ


CLIMATE REPORT
NATIONAL WEATHER SERVICE TAMPA BAY FL
431 AM EDT THU JUL 31 2014


...................................

...THE SARASOTA BRADENTON CLIMATE SUMMARY FOR JULY 30 2014...

CLIMATE NORMAL PERIOD 1981 TO 2010
CLIMATE RECORD PERIOD 1911 TO 2014


WEATHER ITEM   OBSERVED TIME   RECORD YEAR NORMAL DEPARTURE LAST
                VALUE   (LST)  VALUE       VALUE  FROM      YEAR
                                                  NORMAL
..................................................................
TEMPERATURE (F)
 YESTERDAY
  MAXIMUM         92    315 PM  96    1998  90      2       94
                                      1990
                                      1927
  MINIMUM         76    552 AM  65    1976  75      1       75
  AVERAGE         84                        82      2       85

PRECIPITATION (IN)
  YESTERDAY        0.03          4.47 1960   0.27  -0.24     0.19
  MONTH TO DATE    2.15                      7.71  -5.56    10.41
  SINCE JUN 1      9.13                     15.22  -6.09    19.15
  SINCE JAN 1     27.51                     28.92  -1.41    27.29

DEGREE DAYS
 HEATING
  YESTERDAY        0                         0      0        0
  MONTH TO DATE    0                         0      0        0
  SINCE JUN 1      0                         0      0        0
  SINCE JUL 1      0                         0      0        0

 COOLING
  YESTERDAY       19                        17      2       20
  MONTH TO DATE  579                       523     56      529
  SINCE JUN 1   1089                       995     94     1042
  SINCE JAN 1   1901                      1746    155     1910
..................................................................


WIND (MPH)
  HIGHEST WIND SPEED    16   HIGHEST WIND DIRECTION    NW (330)
  HIGHEST GUST SPEED    20   HIGHEST GUST DIRECTION    NW (310)
  AVERAGE WIND SPEED     6.3


SKY COVER
  POSSIBLE SUNSHINE  MM
  AVERAGE SKY COVER 0.2


WEATHER CONDITIONS
 THE FOLLOWING WEATHER WAS RECORDED YESTERDAY.
  THUNDERSTORM
  LIGHT RAIN


RELATIVE HUMIDITY (PERCENT)
 HIGHEST    91           700 AM
 LOWEST     52           200 PM

..........................................................


THE SARASOTA BRADENTON CLIMATE NORMALS FOR TODAY
                         NORMAL    RECORD    YEAR
 MAXIMUM TEMPERATURE (F)   90        97      1927
 MINIMUM TEMPERATURE (F)   75        65      1976


SUNRISE AND SUNSET
JULY 31 2014..........SUNRISE   653 AM EDT   SUNSET   820 PM EDT
AUGUST  1 2014........SUNRISE   654 AM EDT   SUNSET   819 PM EDT


-  INDICATES NEGATIVE NUMBERS.
R  INDICATES RECORD WAS SET OR TIED.
MM INDICATES DATA IS MISSING.
T  INDICATES TRACE AMOUNT.




$$


&&
------------------------------------------------------------------
******************** SUPPLEMENTAL DATA ***************************

...GULF WATER TEMPERATURE AT NEW PASS 88
