000
CDUS42 KTBW 312113
CLISRQ


CLIMATE REPORT
NATIONAL WEATHER SERVICE TAMPA BAY FL
512 PM EDT TUE MAY 31 2016


...................................

...THE SARASOTA BRADENTON CLIMATE SUMMARY FOR MAY 31 2016...
VALID TODAY AS OF 0500 PM LOCAL TIME.

CLIMATE NORMAL PERIOD 1981 TO 2010
CLIMATE RECORD PERIOD 1911 TO 2016


WEATHER ITEM   OBSERVED TIME   RECORD YEAR NORMAL DEPARTURE LAST
                VALUE   (LST)  VALUE       VALUE  FROM      YEAR
                                                  NORMAL
..................................................................
TEMPERATURE (F)
 TODAY
  MAXIMUM         89    351 PM  94    2011  88      1       87
                                      2000
                                      1989
  MINIMUM         71    509 AM  57    1971  70      1       70
  AVERAGE         80                        79      1       79

PRECIPITATION (IN)
  TODAY            0.00          2.52 1957   0.10  -0.10     0.01
  MONTH TO DATE    4.77                      2.21   2.56     4.80
  SINCE MAR 1      6.60                      8.51  -1.91     7.44
  SINCE JAN 1     12.28                     13.70  -1.42    12.32

DEGREE DAYS
 HEATING
  TODAY            0                         0      0        0
  MONTH TO DATE    0                         0      0        0
  SINCE MAR 1     14                        59    -45       13
  SINCE JUL 1    320                       477   -157      470

 COOLING
  TODAY           15                        14      1       14
  MONTH TO DATE  418                       354     64      415
  SINCE MAR 1    898                       647    251      971
  SINCE JAN 1    964                       751    213     1040
..................................................................


WIND (MPH)
  RESULTANT WIND SPEED   3   RESULTANT WIND DIRECTION   W (260)
  HIGHEST WIND SPEED    14   HIGHEST WIND DIRECTION     W (270)
  HIGHEST GUST SPEED    19   HIGHEST GUST DIRECTION    SW (240)
  AVERAGE WIND SPEED     5.7


SKY COVER
  POSSIBLE SUNSHINE  MM
  AVERAGE SKY COVER 0.0


WEATHER CONDITIONS
 THE FOLLOWING WEATHER WAS RECORDED TODAY.
  THUNDERSTORM


RELATIVE HUMIDITY (PERCENT)
 HIGHEST    84           100 AM
 LOWEST     55           200 PM

..........................................................


THE SARASOTA BRADENTON CLIMATE NORMALS FOR TOMORROW
                         NORMAL    RECORD    YEAR
 MAXIMUM TEMPERATURE (F)   88        96      1945
 MINIMUM TEMPERATURE (F)   71        52      1984


SUNRISE AND SUNSET
MAY 31 2016...........SUNRISE   635 AM EDT   SUNSET   821 PM EDT
JUNE  1 2016..........SUNRISE   635 AM EDT   SUNSET   821 PM EDT


-  INDICATES NEGATIVE NUMBERS.
R  INDICATES RECORD WAS SET OR TIED.
MM INDICATES DATA IS MISSING.
T  INDICATES TRACE AMOUNT.




$$


&&
------------------------------------------------------------------
******************** SUPPLEMENTAL DATA ***************************

...GULF WATER TEMPERATURE AT VENICE 84 DEGREES
