000
CDUS42 KTBW 252228
CLISRQ


CLIMATE REPORT
NATIONAL WEATHER SERVICE TAMPA BAY FL
525 PM EST TUE NOV 25 2014


...................................

...THE SARASOTA BRADENTON CLIMATE SUMMARY FOR NOVEMBER 25 2014...
VALID TODAY AS OF 0500 PM LOCAL TIME.

CLIMATE NORMAL PERIOD 1981 TO 2010
CLIMATE RECORD PERIOD 1911 TO 2014


WEATHER ITEM   OBSERVED TIME   RECORD YEAR NORMAL DEPARTURE LAST
                VALUE   (LST)  VALUE       VALUE  FROM      YEAR
                                                  NORMAL
..................................................................
TEMPERATURE (F)
 TODAY
  MAXIMUM         80   1157 AM  87    1992  77      3       79
                                      1973
  MINIMUM         68    130 AM  27    1970  58     10       61
  AVERAGE         74                        67      7       70

PRECIPITATION (IN)
  TODAY            0.80          3.65 1953   0.06   0.74     0.00
  MONTH TO DATE    3.04                      1.58   1.46     0.99
  SINCE SEP 1     17.99                     11.80   6.19    13.49
  SINCE JAN 1     49.47                     50.13  -0.66    52.10

DEGREE DAYS
 HEATING
  TODAY            0                         2     -2        0
  MONTH TO DATE   55                        18     37        2
  SINCE SEP 1     55                        21     34        2
  SINCE JUL 1     55                        21     34        2

 COOLING
  TODAY            9                         4      5        5
  MONTH TO DATE   76                       137    -61      228
  SINCE SEP 1    865                       984   -119     1116
  SINCE JAN 1   3411                      3281    130     3616
..................................................................


WIND (MPH)
  RESULTANT WIND SPEED  12   RESULTANT WIND DIRECTION   S (180)
  HIGHEST WIND SPEED    25   HIGHEST WIND DIRECTION     S (180)
  HIGHEST GUST SPEED    32   HIGHEST GUST DIRECTION     S (170)
  AVERAGE WIND SPEED    12.3


SKY COVER
  POSSIBLE SUNSHINE  MM
  AVERAGE SKY COVER 0.9


WEATHER CONDITIONS
 THE FOLLOWING WEATHER WAS RECORDED TODAY.
  THUNDERSTORM
  HEAVY RAIN
  RAIN
  LIGHT RAIN
  FOG


RELATIVE HUMIDITY (PERCENT)
 HIGHEST   100          1200 AM
 LOWEST     85          1200 PM

..........................................................


THE SARASOTA BRADENTON CLIMATE NORMALS FOR TOMORROW
                         NORMAL    RECORD    YEAR
 MAXIMUM TEMPERATURE (F)   77        88      1992
 MINIMUM TEMPERATURE (F)   57        28      1970


SUNRISE AND SUNSET
NOVEMBER 25 2014......SUNRISE   658 AM EST   SUNSET   536 PM EST
NOVEMBER 26 2014......SUNRISE   659 AM EST   SUNSET   536 PM EST


-  INDICATES NEGATIVE NUMBERS.
R  INDICATES RECORD WAS SET OR TIED.
MM INDICATES DATA IS MISSING.
T  INDICATES TRACE AMOUNT.




$$


&&
------------------------------------------------------------------
******************** SUPPLEMENTAL DATA ***************************

...GULF WATER TEMPERATURE AT NEW PASS 69
