000
CDUS42 KJAX 290532
CLISSI


CLIMATE REPORT
NATIONAL WEATHER SERVICE JACKSONVILLE FL
132 AM EDT SUN MAR 29 2015


...................................

...THE ST SIMONS ISLAND CLIMATE SUMMARY FOR MARCH 28 2015...

CLIMATE NORMAL PERIOD 1981 TO 2010
CLIMATE RECORD PERIOD 1948 TO 2015


WEATHER ITEM   OBSERVED TIME   RECORD YEAR NORMAL DEPARTURE LAST
                VALUE   (LST)  VALUE       VALUE  FROM      YEAR
                                                  NORMAL
..................................................................
TEMPERATURE (F)
 YESTERDAY
  MAXIMUM         61    334 PM  84    1984  71    -10       70
  MINIMUM         46   1159 PM  35    1955  54     -8       57
  AVERAGE         54                        63     -9       64

PRECIPITATION (IN)
  YESTERDAY        0.00          3.11 1970   0.12  -0.12     0.26
  MONTH TO DATE    2.37                      3.52  -1.15     2.38
  SINCE MAR 1      2.37                      3.52  -1.15     2.38
  SINCE JAN 1      8.09                     10.21  -2.12     8.86

SNOWFALL (IN)
  YESTERDAY        0.0           0.0    MM                   0.0
  MONTH TO DATE    0.0                                       0.0
  SINCE MAR 1      0.0                                       0.0
  SINCE JUL 1      0.0                                        T
  SNOW DEPTH       0

DEGREE DAYS
 HEATING
  YESTERDAY       11                         4      7        1
  MONTH TO DATE   93                       167    -74      217
  SINCE MAR 1     93                       167    -74      217
  SINCE JUL 1   1473                      1418     55     1445

 COOLING
  YESTERDAY        0                         1     -1        0
  MONTH TO DATE   27                        27      0        9
  SINCE MAR 1     27                        27      0        9
  SINCE JAN 1     33                        36     -3       17
..................................................................


WIND (MPH)
  HIGHEST WIND SPEED    18   HIGHEST WIND DIRECTION     W (270)
  HIGHEST GUST SPEED    25   HIGHEST GUST DIRECTION     W (270)
  AVERAGE WIND SPEED     8.0


SKY COVER
  POSSIBLE SUNSHINE  MM
  AVERAGE SKY COVER 0.0


WEATHER CONDITIONS
 THE FOLLOWING WEATHER WAS RECORDED YESTERDAY.
  NO SIGNIFICANT WEATHER WAS OBSERVED.


RELATIVE HUMIDITY (PERCENT)
 HIGHEST    66          1200 AM
 LOWEST     27           500 PM
 AVERAGE    47

..........................................................


THE ST SIMONS ISLAND CLIMATE NORMALS FOR TODAY
                         NORMAL    RECORD    YEAR
 MAXIMUM TEMPERATURE (F)   71        85      2012
 MINIMUM TEMPERATURE (F)   54        34      1955


SUNRISE AND SUNSET
MARCH 29 2015.........SUNRISE   718 AM EDT   SUNSET   743 PM EDT
MARCH 30 2015.........SUNRISE   717 AM EDT   SUNSET   743 PM EDT


-  INDICATES NEGATIVE NUMBERS.
R  INDICATES RECORD WAS SET OR TIED.
MM INDICATES DATA IS MISSING.
T  INDICATES TRACE AMOUNT.




$$
