000
CDUS42 KJAX 220535
CLISSI


CLIMATE REPORT
NATIONAL WEATHER SERVICE JACKSONVILLE FL
1234 AM EST SUN JAN 22 2017


...................................

...THE ST SIMONS ISLAND CLIMATE SUMMARY FOR JANUARY 21 2017...

CLIMATE NORMAL PERIOD 1981 TO 2010
CLIMATE RECORD PERIOD 1948 TO 2017


WEATHER ITEM   OBSERVED TIME   RECORD YEAR NORMAL DEPARTURE LAST
                VALUE   (LST)  VALUE       VALUE  FROM      YEAR
                                                  NORMAL
..................................................................
TEMPERATURE (F)
 YESTERDAY
  MAXIMUM         74   1121 AM  79    1974  61     13       62
  MINIMUM         62    738 PM   6    1985  43     19       44
  AVERAGE         68                        52     16       53

PRECIPITATION (IN)
  YESTERDAY        1.09          3.88 1983   0.11   0.98     0.00
  MONTH TO DATE    2.26                      2.06   0.20     2.53
  SINCE DEC 1      5.28                      4.70   0.58     3.88
  SINCE JAN 1      2.26                      2.06   0.20     2.53

SNOWFALL (IN)
  YESTERDAY        0.0           0.0    MM                   0.0
  MONTH TO DATE    0.0                                       0.0
  SINCE DEC 1      0.0                                       0.0
  SINCE JUL 1      0.0                                       0.0
  SNOW DEPTH       0

DEGREE DAYS
 HEATING
  YESTERDAY        0                        14    -14       12
  MONTH TO DATE  121                       294   -173      298
  SINCE DEC 1    323                       645   -322      393
  SINCE JUL 1    428                       825   -397      458

 COOLING
  YESTERDAY        3                         0      3        0
  MONTH TO DATE   19                         0     19        0
  SINCE DEC 1     44                        13     31       90
  SINCE JAN 1     19                         0     19        0
..................................................................


WIND (MPH)
  HIGHEST WIND SPEED    20   HIGHEST WIND DIRECTION     S (170)
  HIGHEST GUST SPEED    26   HIGHEST GUST DIRECTION     S (190)
  AVERAGE WIND SPEED     7.7


SKY COVER
  POSSIBLE SUNSHINE  MM
  AVERAGE SKY COVER 0.7


WEATHER CONDITIONS
 THE FOLLOWING WEATHER WAS RECORDED YESTERDAY.
  THUNDERSTORM
  HEAVY RAIN
  RAIN
  LIGHT RAIN
  FOG


RELATIVE HUMIDITY (PERCENT)
 HIGHEST   100           600 AM
 LOWEST     79          1200 PM
 AVERAGE    90

..........................................................


THE ST SIMONS ISLAND CLIMATE NORMALS FOR TODAY
                         NORMAL    RECORD    YEAR
 MAXIMUM TEMPERATURE (F)   61        77      1954
 MINIMUM TEMPERATURE (F)   43        18      1985


SUNRISE AND SUNSET
JANUARY 22 2017.......SUNRISE   723 AM EST   SUNSET   552 PM EST
JANUARY 23 2017.......SUNRISE   722 AM EST   SUNSET   553 PM EST


-  INDICATES NEGATIVE NUMBERS.
R  INDICATES RECORD WAS SET OR TIED.
MM INDICATES DATA IS MISSING.
T  INDICATES TRACE AMOUNT.




$$
