000
CDUS42 KJAX 010534
CLISSI


CLIMATE REPORT
NATIONAL WEATHER SERVICE JACKSONVILLE FL
133 AM EDT SAT AUG 1 2015


...................................

...THE ST SIMONS ISLAND CLIMATE SUMMARY FOR JULY 31 2015...

CLIMATE NORMAL PERIOD 1981 TO 2010
CLIMATE RECORD PERIOD 1948 TO 2015


WEATHER ITEM   OBSERVED TIME   RECORD YEAR NORMAL DEPARTURE LAST
                VALUE   (LST)  VALUE       VALUE  FROM      YEAR
                                                  NORMAL
..................................................................
TEMPERATURE (F)
 YESTERDAY
  MAXIMUM         90    135 PM 101    1999  90      0       90
  MINIMUM         73    722 PM  68    1966  76     -3       75
  AVERAGE         82                        83     -1       83

PRECIPITATION (IN)
  YESTERDAY        4.07R         1.36 1991   0.14   3.93     0.00
  MONTH TO DATE    9.22                      4.08   5.14     2.70
  SINCE JUN 1     13.24                      8.92   4.32     7.46
  SINCE JAN 1     27.36                     23.84   3.52    25.95

SNOWFALL (IN)
  YESTERDAY        0.0           0.0    MM                   0.0
  MONTH TO DATE    0.0                                       0.0
  SINCE JUN 1      0.0                                       0.0
  SINCE JUL 1      0.0                                       0.0
  SNOW DEPTH       0

DEGREE DAYS
 HEATING
  YESTERDAY        0                         0      0        0
  MONTH TO DATE    0                         0      0        0
  SINCE JUN 1      0                         0      0        0
  SINCE JUL 1      0                         0      0        0

 COOLING
  YESTERDAY       17                        18     -1       18
  MONTH TO DATE  563                       553     10      539
  SINCE JUN 1   1058                      1012     46     1006
  SINCE JAN 1   1606                      1454    152     1449
..................................................................


WIND (MPH)
  HIGHEST WIND SPEED    21   HIGHEST WIND DIRECTION    SW (230)
  HIGHEST GUST SPEED    27   HIGHEST GUST DIRECTION    SW (240)
  AVERAGE WIND SPEED     8.0


SKY COVER
  POSSIBLE SUNSHINE  MM
  AVERAGE SKY COVER 0.2


WEATHER CONDITIONS
 THE FOLLOWING WEATHER WAS RECORDED YESTERDAY.
  THUNDERSTORM
  HEAVY RAIN
  RAIN
  LIGHT RAIN
  FOG
  FOG W/VISIBILITY <= 1/4 MILE


RELATIVE HUMIDITY (PERCENT)
 HIGHEST   100           700 PM
 LOWEST     68          1100 AM
 AVERAGE    84

..........................................................


THE ST SIMONS ISLAND CLIMATE NORMALS FOR TODAY
                         NORMAL    RECORD    YEAR
 MAXIMUM TEMPERATURE (F)   90       100      1999
 MINIMUM TEMPERATURE (F)   76        69      1997


SUNRISE AND SUNSET
AUGUST  1 2015........SUNRISE   642 AM EDT   SUNSET   821 PM EDT
AUGUST  2 2015........SUNRISE   643 AM EDT   SUNSET   820 PM EDT


-  INDICATES NEGATIVE NUMBERS.
R  INDICATES RECORD WAS SET OR TIED.
MM INDICATES DATA IS MISSING.
T  INDICATES TRACE AMOUNT.




$$
