305
CDUS43 KMPX 220637
CLISTC


CLIMATE REPORT
NATIONAL WEATHER SERVICE CHANHASSEN MN
1237 AM CST WED FEB 22 2017


...................................

...THE ST CLOUD MN CLIMATE SUMMARY FOR FEBRUARY 21 2017...

CLIMATE NORMAL PERIOD 1981 TO 2010
CLIMATE RECORD PERIOD 1893 TO 2017


WEATHER ITEM   OBSERVED TIME   RECORD YEAR NORMAL DEPARTURE LAST
                VALUE   (LST)  VALUE       VALUE  FROM      YEAR
                                                  NORMAL
..................................................................
TEMPERATURE (F)
 YESTERDAY
  MAXIMUM         56R   324 PM  55    1961  29     27       31
  MINIMUM         28    631 AM -25    1939  10     18       25
  AVERAGE         42                        19     23       28

PRECIPITATION (IN)
  YESTERDAY        0.00          0.54 1957   0.02  -0.02      T
  MONTH TO DATE    0.64                      0.39   0.25     0.62
  SINCE DEC 1      2.73                      1.86   0.87     1.95
  SINCE JAN 1      1.18                      1.04   0.14     0.93

SNOWFALL (IN)
  YESTERDAY        0.0           5.9  1957   0.3   -0.3       T
  MONTH TO DATE    0.3                       5.0   -4.7      7.0
  SINCE DEC 1     19.1                      23.0   -3.9     19.8
  SINCE JUL 1     26.4                      32.2   -5.8     25.5
  SNOW DEPTH       0

DEGREE DAYS
 HEATING
  YESTERDAY       23                        46    -23       37
  MONTH TO DATE  798                      1034   -236      964
  SINCE DEC 1   3740                      4211   -471     3727
  SINCE JUL 1   5114                      6136  -1022     5186

 COOLING
  YESTERDAY        0                         0      0        0
  MONTH TO DATE    0                         0      0        0
  SINCE DEC 1      0                         0      0        0
  SINCE JAN 1      0                         0      0        0
..................................................................


WIND (MPH)
  HIGHEST WIND SPEED    22   HIGHEST WIND DIRECTION     S (200)
  HIGHEST GUST SPEED    26   HIGHEST GUST DIRECTION     S (200)
  AVERAGE WIND SPEED     5.8


SKY COVER
  POSSIBLE SUNSHINE  MM
  AVERAGE SKY COVER 0.2


WEATHER CONDITIONS
 THE FOLLOWING WEATHER WAS RECORDED YESTERDAY.
  FOG
  FOG W/VISIBILITY <= 1/4 MILE


RELATIVE HUMIDITY (PERCENT)
 HIGHEST   100           200 AM
 LOWEST     61           100 PM
 AVERAGE    81

..........................................................


THE ST CLOUD MN CLIMATE NORMALS FOR TODAY
                         NORMAL    RECORD    YEAR
 MAXIMUM TEMPERATURE (F)   29        55      1961
 MINIMUM TEMPERATURE (F)   10       -19      1972


SUNRISE AND SUNSET
FEBRUARY 22 2017......SUNRISE   706 AM CST   SUNSET   554 PM CST
FEBRUARY 23 2017......SUNRISE   705 AM CST   SUNSET   555 PM CST


-  INDICATES NEGATIVE NUMBERS.
R  INDICATES RECORD WAS SET OR TIED.
MM INDICATES DATA IS MISSING.
T  INDICATES TRACE AMOUNT.




$$
