003
CDUS43 KMPX 280625
CLISTC


CLIMATE REPORT
NATIONAL WEATHER SERVICE CHANHASSEN MN
125 AM CDT TUE MAR 28 2017


...................................

...THE ST CLOUD MN CLIMATE SUMMARY FOR MARCH 27 2017...

CLIMATE NORMAL PERIOD 1981 TO 2010
CLIMATE RECORD PERIOD 1893 TO 2017


WEATHER ITEM   OBSERVED TIME   RECORD YEAR NORMAL DEPARTURE LAST
                VALUE   (LST)  VALUE       VALUE  FROM      YEAR
                                                  NORMAL
..................................................................
TEMPERATURE (F)
 YESTERDAY
  MAXIMUM         57    442 PM  76    1946  45     12       47
  MINIMUM         31   1149 PM  -2    1923  24      7       30
  AVERAGE         44                        35      9       39

PRECIPITATION (IN)
  YESTERDAY        0.00          0.73 1995   0.05  -0.05     0.06
  MONTH TO DATE    0.67                      1.29  -0.62     0.96
  SINCE MAR 1      0.67                      1.29  -0.62     0.96
  SINCE JAN 1      1.99                      2.53  -0.54     1.90

SNOWFALL (IN)
  YESTERDAY        0.0           4.3  1965   0.2   -0.2       T
  MONTH TO DATE    2.0                       7.8   -5.8      3.0
  SINCE MAR 1      2.0                       7.8   -5.8      3.0
  SINCE JUL 1     30.9                      42.0  -11.1     28.7
  SNOW DEPTH       0

DEGREE DAYS
 HEATING
  YESTERDAY       21                        30     -9       26
  MONTH TO DATE  972                       986    -14      738
  SINCE MAR 1    972                       986    -14      738
  SINCE JUL 1   6328                      7432  -1104     6189

 COOLING
  YESTERDAY        0                         0      0        0
  MONTH TO DATE    0                         0      0        0
  SINCE MAR 1      0                         0      0        0
  SINCE JAN 1      0                         0      0        0
..................................................................


WIND (MPH)
  HIGHEST WIND SPEED     9   HIGHEST WIND DIRECTION     N (350)
  HIGHEST GUST SPEED    13   HIGHEST GUST DIRECTION     N (340)
  AVERAGE WIND SPEED     2.8


SKY COVER
  POSSIBLE SUNSHINE  MM
  AVERAGE SKY COVER 0.6


WEATHER CONDITIONS
 THE FOLLOWING WEATHER WAS RECORDED YESTERDAY.
  FOG


RELATIVE HUMIDITY (PERCENT)
 HIGHEST   100          1200 AM
 LOWEST     47           300 PM
 AVERAGE    74

..........................................................


THE ST CLOUD MN CLIMATE NORMALS FOR TODAY
                         NORMAL    RECORD    YEAR
 MAXIMUM TEMPERATURE (F)   45        79      1946
 MINIMUM TEMPERATURE (F)   25        -4      1969


SUNRISE AND SUNSET
MARCH 28 2017.........SUNRISE   704 AM CDT   SUNSET   740 PM CDT
MARCH 29 2017.........SUNRISE   702 AM CDT   SUNSET   741 PM CDT


-  INDICATES NEGATIVE NUMBERS.
R  INDICATES RECORD WAS SET OR TIED.
MM INDICATES DATA IS MISSING.
T  INDICATES TRACE AMOUNT.




$$
