000
CDUS43 KMPX 280648
CLISTC


CLIMATE REPORT
NATIONAL WEATHER SERVICE CHANHASSEN MN
148 AM CDT THU JUL 28 2016


...................................

...THE ST CLOUD MN CLIMATE SUMMARY FOR JULY 27 2016...

CLIMATE NORMAL PERIOD 1981 TO 2010
CLIMATE RECORD PERIOD 1893 TO 2016


WEATHER ITEM   OBSERVED TIME   RECORD YEAR NORMAL DEPARTURE LAST
                VALUE   (LST)  VALUE       VALUE  FROM      YEAR
                                                  NORMAL
..................................................................
TEMPERATURE (F)
 YESTERDAY
  MAXIMUM         78    403 PM 102    1931  82     -4       88
  MINIMUM         61   1159 PM  44    1981  58      3       68
  AVERAGE         70                        70      0       78

PRECIPITATION (IN)
  YESTERDAY        0.08          1.60 1903   0.10  -0.02     0.00
  MONTH TO DATE    6.74                      2.90   3.84     6.10
  SINCE JUN 1     10.11                      7.07   3.04    10.76
  SINCE JAN 1     16.46                     15.38   1.08    19.43

SNOWFALL (IN)
  YESTERDAY        0.0           0.0    MM   0.0    0.0      0.0
  MONTH TO DATE    0.0                       0.0    0.0      0.0
  SINCE JUN 1      0.0                       0.0    0.0      0.0
  SINCE JUL 1      0.0                       0.0    0.0      0.0
  SNOW DEPTH       0

DEGREE DAYS
 HEATING
  YESTERDAY        0                         0      0        0
  MONTH TO DATE    7                        13     -6       12
  SINCE JUN 1     40                        91    -51       40
  SINCE JUL 1      7                        13     -6       12

 COOLING
  YESTERDAY        5                         6     -1       13
  MONTH TO DATE  171                       161     10      164
  SINCE JUN 1    279                       256     23      236
  SINCE JAN 1    310                       281     29      241
..................................................................


WIND (MPH)
  HIGHEST WIND SPEED    15   HIGHEST WIND DIRECTION     N (350)
  HIGHEST GUST SPEED    20   HIGHEST GUST DIRECTION    NW (330)
  AVERAGE WIND SPEED     5.3


SKY COVER
  POSSIBLE SUNSHINE  MM
  AVERAGE SKY COVER 0.6


WEATHER CONDITIONS
 THE FOLLOWING WEATHER WAS RECORDED YESTERDAY.
  THUNDERSTORM
  LIGHT RAIN
  FOG


RELATIVE HUMIDITY (PERCENT)
 HIGHEST   100          1200 AM
 LOWEST     69           300 PM
 AVERAGE    85

..........................................................


THE ST CLOUD MN CLIMATE NORMALS FOR TODAY
                         NORMAL    RECORD    YEAR
 MAXIMUM TEMPERATURE (F)   82       100      1917
 MINIMUM TEMPERATURE (F)   58        43      2013


SUNRISE AND SUNSET
JULY 28 2016..........SUNRISE   556 AM CDT   SUNSET   849 PM CDT
JULY 29 2016..........SUNRISE   557 AM CDT   SUNSET   847 PM CDT


-  INDICATES NEGATIVE NUMBERS.
R  INDICATES RECORD WAS SET OR TIED.
MM INDICATES DATA IS MISSING.
T  INDICATES TRACE AMOUNT.




$$
