000
CDUS43 KMPX 200630
CLISTC


CLIMATE REPORT
NATIONAL WEATHER SERVICE CHANHASSEN MN
1229 AM CST MON NOV 20 2017


...................................

...THE ST CLOUD MN CLIMATE SUMMARY FOR NOVEMBER 19 2017...

CLIMATE NORMAL PERIOD 1981 TO 2010
CLIMATE RECORD PERIOD 1893 TO 2017


WEATHER ITEM   OBSERVED TIME   RECORD YEAR NORMAL DEPARTURE LAST
                VALUE   (LST)  VALUE       VALUE  FROM      YEAR
                                                  NORMAL
..................................................................
TEMPERATURE (F)
 YESTERDAY
  MAXIMUM         40    339 PM  59    1924  37      3       30
  MINIMUM         13    723 AM  -6    1911  20     -7       14
  AVERAGE         27                        28     -1       22

PRECIPITATION (IN)
  YESTERDAY        0.00          0.96 1930   0.05  -0.05      T
  MONTH TO DATE    0.82                      0.93  -0.11     0.67
  SINCE SEP 1      8.83                      6.88   1.95     6.43
  SINCE JAN 1     29.76                     26.46   3.30    31.25

SNOWFALL (IN)
  YESTERDAY        0.0           3.8  2011   0.4   -0.4       T
  MONTH TO DATE    5.7                       4.5    1.2      4.1
  SINCE SEP 1      7.1                       5.3    1.8      4.1
  SINCE JUL 1      7.1                       5.3    1.8      4.1
  SNOW DEPTH       0

DEGREE DAYS
 HEATING
  YESTERDAY       38                        37      1       43
  MONTH TO DATE  691                       597     94      384
  SINCE SEP 1   1373                      1424    -51      994
  SINCE JUL 1   1413                      1482    -69     1016

 COOLING
  YESTERDAY        0                         0      0        0
  MONTH TO DATE    0                         0      0        0
  SINCE SEP 1     71                        36     35       28
  SINCE JAN 1    361                       465   -104      506
..................................................................


WIND (MPH)
  HIGHEST WIND SPEED    16   HIGHEST WIND DIRECTION    SW (210)
  HIGHEST GUST SPEED    20   HIGHEST GUST DIRECTION    SW (210)
  AVERAGE WIND SPEED     5.6


SKY COVER
  POSSIBLE SUNSHINE  MM
  AVERAGE SKY COVER 0.1


WEATHER CONDITIONS
 THE FOLLOWING WEATHER WAS RECORDED YESTERDAY.
  NO SIGNIFICANT WEATHER WAS OBSERVED.


RELATIVE HUMIDITY (PERCENT)
 HIGHEST    96          1000 PM
 LOWEST     50           200 PM
 AVERAGE    73

..........................................................


THE ST CLOUD MN CLIMATE NORMALS FOR TODAY
                         NORMAL    RECORD    YEAR
 MAXIMUM TEMPERATURE (F)   36        64      1962
 MINIMUM TEMPERATURE (F)   19       -18      1921


SUNRISE AND SUNSET
NOVEMBER 20 2017......SUNRISE   723 AM CST   SUNSET   441 PM CST
NOVEMBER 21 2017......SUNRISE   724 AM CST   SUNSET   440 PM CST


-  INDICATES NEGATIVE NUMBERS.
R  INDICATES RECORD WAS SET OR TIED.
MM INDICATES DATA IS MISSING.
T  INDICATES TRACE AMOUNT.




$$
